INSERT INTO `activity_log` (`id`, `log_name`, `description`, `subject_type`, `event`, `subject_id`, `causer_type`, `causer_id`, `properties`, `batch_uuid`, `created_at`, `updated_at`) VALUES
(10083, 'default', 'created', 'App\\Models\\SalaryImportDataModel', 'created', 200, 'App\\Models\\User', 2, '{\"attributes\":{\"id\":200,\"uuid\":\"d57ec776-b8ce-417e-a219-28e84f0a55b8\",\"salary_import_id\":57,\"esi_number\":\"123659694\",\"uan_number\":\"458964790\",\"emp_id\":\"150\",\"emp_code\":\"EMP7\",\"emp_name\":\"Mr. P VELUMANI\",\"emp_ctc\":null,\"emp_gross_salary\":null,\"emp_basic_salary\":null,\"emp_hra\":null,\"emp_da\":null,\"emp_per_day_salary\":null,\"emp_per_hour_salary\":null,\"total_working_days\":\"25\",\"total_working_hours\":null,\"total_present_days\":\"25\",\"total_present_hours\":null,\"total_absent_days\":\"0.5\",\"total_absent_hours\":null,\"total_ot_hours\":null,\"salary_component_id\":null,\"salary\":null,\"status\":1,\"created_by\":2,\"updated_by\":2,\"created_at\":\"2025-09-05T09:08:05.000000Z\",\"updated_at\":\"2025-09-05T09:08:05.000000Z\"}}', NULL, '2025-09-05 09:08:05', '2025-09-05 09:08:05'),
(10084, 'default', 'created', 'App\\Models\\SalaryImportDataComponentModel', 'created', 1503, 'App\\Models\\User', 2, '{\"attributes\":{\"id\":1503,\"uuid\":\"287f8aba-4df3-473b-bfbf-37cce552536b\",\"salary_import_data_id\":200,\"salary_component_id\":27,\"salary_type_id\":\"1\",\"salary_type_name\":\"basic\",\"amount\":\"14643\",\"status\":1,\"created_by\":2,\"updated_by\":2,\"created_at\":\"2025-09-05T09:08:05.000000Z\",\"updated_at\":\"2025-09-05T09:08:05.000000Z\"}}', NULL, '2025-09-05 09:08:05', '2025-09-05 09:08:05'),
(10085, 'default', 'created', 'App\\Models\\SalaryImportDataComponentModel', 'created', 1504, 'App\\Models\\User', 2, '{\"attributes\":{\"id\":1504,\"uuid\":\"d210f4a7-ae14-4c5c-bbcf-ae06dec36960\",\"salary_import_data_id\":200,\"salary_component_id\":31,\"salary_type_id\":\"4\",\"salary_type_name\":\"da\",\"amount\":\"1562\",\"status\":1,\"created_by\":2,\"updated_by\":2,\"created_at\":\"2025-09-05T09:08:05.000000Z\",\"updated_at\":\"2025-09-05T09:08:05.000000Z\"}}', NULL, '2025-09-05 09:08:05', '2025-09-05 09:08:05'),
(10086, 'default', 'created', 'App\\Models\\SalaryImportDataComponentModel', 'created', 1505, 'App\\Models\\User', 2, '{\"attributes\":{\"id\":1505,\"uuid\":\"500d6338-4bd1-47a6-a801-0a58d5f08677\",\"salary_import_data_id\":200,\"salary_component_id\":32,\"salary_type_id\":\"6\",\"salary_type_name\":\"hra\",\"amount\":\"4919\",\"status\":1,\"created_by\":2,\"updated_by\":2,\"created_at\":\"2025-09-05T09:08:05.000000Z\",\"updated_at\":\"2025-09-05T09:08:05.000000Z\"}}', NULL, '2025-09-05 09:08:05', '2025-09-05 09:08:05'),
(10087, 'default', 'created', 'App\\Models\\SalaryImportDataComponentModel', 'created', 1506, 'App\\Models\\User', 2, '{\"attributes\":{\"id\":1506,\"uuid\":\"41cd79b8-f6bd-4b07-9106-358519117769\",\"salary_import_data_id\":200,\"salary_component_id\":33,\"salary_type_id\":\"15\",\"salary_type_name\":\"gross\",\"amount\":\"19524\",\"status\":1,\"created_by\":2,\"updated_by\":2,\"created_at\":\"2025-09-05T09:08:05.000000Z\",\"updated_at\":\"2025-09-05T09:08:05.000000Z\"}}', NULL, '2025-09-05 09:08:05', '2025-09-05 09:08:05'),
(10088, 'default', 'created', 'App\\Models\\SalaryImportDataComponentModel', 'created', 1507, 'App\\Models\\User', 2, '{\"attributes\":{\"id\":1507,\"uuid\":\"4b6216c9-9f65-4ab2-a079-031559973f57\",\"salary_import_data_id\":200,\"salary_component_id\":34,\"salary_type_id\":\"5\",\"salary_type_name\":\"fda\",\"amount\":\"0\",\"status\":1,\"created_by\":2,\"updated_by\":2,\"created_at\":\"2025-09-05T09:08:05.000000Z\",\"updated_at\":\"2025-09-05T09:08:05.000000Z\"}}', NULL, '2025-09-05 09:08:05', '2025-09-05 09:08:05'),
(10089, 'default', 'created', 'App\\Models\\SalaryImportDataComponentModel', 'created', 1508, 'App\\Models\\User', 2, '{\"attributes\":{\"id\":1508,\"uuid\":\"0d68b222-7a84-4d06-9ebd-c9b62e78f37b\",\"salary_import_data_id\":200,\"salary_component_id\":35,\"salary_type_id\":\"10\",\"salary_type_name\":\"oa\",\"amount\":\"4919\",\"status\":1,\"created_by\":2,\"updated_by\":2,\"created_at\":\"2025-09-05T09:08:05.000000Z\",\"updated_at\":\"2025-09-05T09:08:05.000000Z\"}}', NULL, '2025-09-05 09:08:05', '2025-09-05 09:08:05'),
(10090, 'default', 'created', 'App\\Models\\SalaryImportDataComponentModel', 'created', 1509, 'App\\Models\\User', 2, '{\"attributes\":{\"id\":1509,\"uuid\":\"10f9c532-f1db-463e-b35e-1991a9f61b4c\",\"salary_import_data_id\":200,\"salary_component_id\":36,\"salary_type_id\":\"21\",\"salary_type_name\":\"esi\",\"amount\":\"201\",\"status\":1,\"created_by\":2,\"updated_by\":2,\"created_at\":\"2025-09-05T09:08:05.000000Z\",\"updated_at\":\"2025-09-05T09:08:05.000000Z\"}}', NULL, '2025-09-05 09:08:05', '2025-09-05 09:08:05'),
(10091, 'default', 'created', 'App\\Models\\SalaryImportDataComponentModel', 'created', 1510, 'App\\Models\\User', 2, '{\"attributes\":{\"id\":1510,\"uuid\":\"7e8de974-e6ba-4d36-b3d1-736784c0a039\",\"salary_import_data_id\":200,\"salary_component_id\":37,\"salary_type_id\":\"22\",\"salary_type_name\":\"pf\",\"amount\":\"1800\",\"status\":1,\"created_by\":2,\"updated_by\":2,\"created_at\":\"2025-09-05T09:08:05.000000Z\",\"updated_at\":\"2025-09-05T09:08:05.000000Z\"}}', NULL, '2025-09-05 09:08:05', '2025-09-05 09:08:05'),
(10092, 'default', 'updated', 'App\\Models\\SalaryImportDataModel', 'updated', 200, 'App\\Models\\User', 2, '{\"attributes\":{\"salary\":\"24042\",\"status\":1},\"old\":{\"salary\":null,\"status\":null}}', NULL, '2025-09-05 09:08:05', '2025-09-05 09:08:05'),
(10093, 'default', 'created', 'App\\Models\\SalaryImportDataModel', 'created', 201, 'App\\Models\\User', 2, '{\"attributes\":{\"id\":201,\"uuid\":\"b70abdb4-3c41-45d9-b751-d3da45f9d5a0\",\"salary_import_id\":57,\"esi_number\":\"123659695\",\"uan_number\":\"458964791\",\"emp_id\":\"151\",\"emp_code\":\"EMP8\",\"emp_name\":\"Ms. AMUTHA SELVI VARATHAN\",\"emp_ctc\":null,\"emp_gross_salary\":null,\"emp_basic_salary\":null,\"emp_hra\":null,\"emp_da\":null,\"emp_per_day_salary\":null,\"emp_per_hour_salary\":null,\"total_working_days\":\"25\",\"total_working_hours\":null,\"total_present_days\":\"25\",\"total_present_hours\":null,\"total_absent_days\":\"0.5\",\"total_absent_hours\":null,\"total_ot_hours\":null,\"salary_component_id\":null,\"salary\":null,\"status\":1,\"created_by\":2,\"updated_by\":2,\"created_at\":\"2025-09-05T09:08:05.000000Z\",\"updated_at\":\"2025-09-05T09:08:05.000000Z\"}}', NULL, '2025-09-05 09:08:05', '2025-09-05 09:08:05'),
(10094, 'default', 'created', 'App\\Models\\SalaryImportDataComponentModel', 'created', 1511, 'App\\Models\\User', 2, '{\"attributes\":{\"id\":1511,\"uuid\":\"dfedcb6c-186f-4e4a-a783-63cd48ce685a\",\"salary_import_data_id\":201,\"salary_component_id\":27,\"salary_type_id\":\"1\",\"salary_type_name\":\"basic\",\"amount\":\"22160\",\"status\":1,\"created_by\":2,\"updated_by\":2,\"created_at\":\"2025-09-05T09:08:05.000000Z\",\"updated_at\":\"2025-09-05T09:08:05.000000Z\"}}', NULL, '2025-09-05 09:08:05', '2025-09-05 09:08:05'),
(10095, 'default', 'created', 'App\\Models\\SalaryImportDataComponentModel', 'created', 1512, 'App\\Models\\User', 2, '{\"attributes\":{\"id\":1512,\"uuid\":\"0f840c87-2652-42b1-ab6c-7bcb153a1343\",\"salary_import_data_id\":201,\"salary_component_id\":31,\"salary_type_id\":\"4\",\"salary_type_name\":\"da\",\"amount\":\"1562\",\"status\":1,\"created_by\":2,\"updated_by\":2,\"created_at\":\"2025-09-05T09:08:05.000000Z\",\"updated_at\":\"2025-09-05T09:08:05.000000Z\"}}', NULL, '2025-09-05 09:08:05', '2025-09-05 09:08:05'),
(10096, 'default', 'created', 'App\\Models\\SalaryImportDataComponentModel', 'created', 1513, 'App\\Models\\User', 2, '{\"attributes\":{\"id\":1513,\"uuid\":\"282c8cbb-2815-462f-8fd9-7ccaf1b6bfde\",\"salary_import_data_id\":201,\"salary_component_id\":32,\"salary_type_id\":\"6\",\"salary_type_name\":\"hra\",\"amount\":\"4919\",\"status\":1,\"created_by\":2,\"updated_by\":2,\"created_at\":\"2025-09-05T09:08:05.000000Z\",\"updated_at\":\"2025-09-05T09:08:05.000000Z\"}}', NULL, '2025-09-05 09:08:05', '2025-09-05 09:08:05'),
(10097, 'default', 'created', 'App\\Models\\SalaryImportDataComponentModel', 'created', 1514, 'App\\Models\\User', 2, '{\"attributes\":{\"id\":1514,\"uuid\":\"33ebf280-d9f2-4bea-934e-416bfe402864\",\"salary_import_data_id\":201,\"salary_component_id\":33,\"salary_type_id\":\"15\",\"salary_type_name\":\"gross\",\"amount\":\"33648\",\"status\":1,\"created_by\":2,\"updated_by\":2,\"created_at\":\"2025-09-05T09:08:05.000000Z\",\"updated_at\":\"2025-09-05T09:08:05.000000Z\"}}', NULL, '2025-09-05 09:08:05', '2025-09-05 09:08:05'),
(10098, 'default', 'created', 'App\\Models\\SalaryImportDataComponentModel', 'created', 1515, 'App\\Models\\User', 2, '{\"attributes\":{\"id\":1515,\"uuid\":\"9bc16c39-775f-4741-bb32-25044e16428e\",\"salary_import_data_id\":201,\"salary_component_id\":34,\"salary_type_id\":\"5\",\"salary_type_name\":\"fda\",\"amount\":\"0\",\"status\":1,\"created_by\":2,\"updated_by\":2,\"created_at\":\"2025-09-05T09:08:05.000000Z\",\"updated_at\":\"2025-09-05T09:08:05.000000Z\"}}', NULL, '2025-09-05 09:08:05', '2025-09-05 09:08:05'),
(10099, 'default', 'created', 'App\\Models\\SalaryImportDataComponentModel', 'created', 1516, 'App\\Models\\User', 2, '{\"attributes\":{\"id\":1516,\"uuid\":\"cf79bf78-45ad-4130-853c-694100e5a27f\",\"salary_import_data_id\":201,\"salary_component_id\":35,\"salary_type_id\":\"10\",\"salary_type_name\":\"oa\",\"amount\":\"4919\",\"status\":1,\"created_by\":2,\"updated_by\":2,\"created_at\":\"2025-09-05T09:08:05.000000Z\",\"updated_at\":\"2025-09-05T09:08:05.000000Z\"}}', NULL, '2025-09-05 09:08:05', '2025-09-05 09:08:05'),
(10100, 'default', 'created', 'App\\Models\\SalaryImportDataComponentModel', 'created', 1517, 'App\\Models\\User', 2, '{\"attributes\":{\"id\":1517,\"uuid\":\"d66bf7d8-e50f-4bec-a7eb-831d72f43d85\",\"salary_import_data_id\":201,\"salary_component_id\":36,\"salary_type_id\":\"21\",\"salary_type_name\":\"esi\",\"amount\":\"0\",\"status\":1,\"created_by\":2,\"updated_by\":2,\"created_at\":\"2025-09-05T09:08:05.000000Z\",\"updated_at\":\"2025-09-05T09:08:05.000000Z\"}}', NULL, '2025-09-05 09:08:05', '2025-09-05 09:08:05'),
(10101, 'default', 'created', 'App\\Models\\SalaryImportDataComponentModel', 'created', 1518, 'App\\Models\\User', 2, '{\"attributes\":{\"id\":1518,\"uuid\":\"7ed76ed5-ffde-4d7e-898f-e89f52185066\",\"salary_import_data_id\":201,\"salary_component_id\":37,\"salary_type_id\":\"22\",\"salary_type_name\":\"pf\",\"amount\":\"1800\",\"status\":1,\"created_by\":2,\"updated_by\":2,\"created_at\":\"2025-09-05T09:08:05.000000Z\",\"updated_at\":\"2025-09-05T09:08:05.000000Z\"}}', NULL, '2025-09-05 09:08:05', '2025-09-05 09:08:05'),
(10102, 'default', 'updated', 'App\\Models\\SalaryImportDataModel', 'updated', 201, 'App\\Models\\User', 2, '{\"attributes\":{\"salary\":\"31760\",\"status\":1},\"old\":{\"salary\":null,\"status\":null}}', NULL, '2025-09-05 09:08:05', '2025-09-05 09:08:05'),
(10103, 'default', 'created', 'App\\Models\\SalaryImportDataModel', 'created', 202, 'App\\Models\\User', 2, '{\"attributes\":{\"id\":202,\"uuid\":\"85133d7d-9fdb-47d7-a463-ad45b68a19b5\",\"salary_import_id\":57,\"esi_number\":\"123659696\",\"uan_number\":\"458964792\",\"emp_id\":\"152\",\"emp_code\":\"EMP9\",\"emp_name\":\"Mr. GOGULNATH\",\"emp_ctc\":null,\"emp_gross_salary\":null,\"emp_basic_salary\":null,\"emp_hra\":null,\"emp_da\":null,\"emp_per_day_salary\":null,\"emp_per_hour_salary\":null,\"total_working_days\":\"25\",\"total_working_hours\":null,\"total_present_days\":\"25\",\"total_present_hours\":null,\"total_absent_days\":\"1\",\"total_absent_hours\":null,\"total_ot_hours\":null,\"salary_component_id\":null,\"salary\":null,\"status\":1,\"created_by\":2,\"updated_by\":2,\"created_at\":\"2025-09-05T09:08:05.000000Z\",\"updated_at\":\"2025-09-05T09:08:05.000000Z\"}}', NULL, '2025-09-05 09:08:05', '2025-09-05 09:08:05'),
(10104, 'default', 'created', 'App\\Models\\SalaryImportDataComponentModel', 'created', 1519, 'App\\Models\\User', 2, '{\"attributes\":{\"id\":1519,\"uuid\":\"5646f8d5-232c-425d-860a-2a864eb79c61\",\"salary_import_data_id\":202,\"salary_component_id\":27,\"salary_type_id\":\"1\",\"salary_type_name\":\"basic\",\"amount\":\"21827\",\"status\":1,\"created_by\":2,\"updated_by\":2,\"created_at\":\"2025-09-05T09:08:05.000000Z\",\"updated_at\":\"2025-09-05T09:08:05.000000Z\"}}', NULL, '2025-09-05 09:08:05', '2025-09-05 09:08:05'),
(10105, 'default', 'created', 'App\\Models\\SalaryImportDataComponentModel', 'created', 1520, 'App\\Models\\User', 2, '{\"attributes\":{\"id\":1520,\"uuid\":\"aacfb17f-3087-4012-800c-6501f22fa660\",\"salary_import_data_id\":202,\"salary_component_id\":31,\"salary_type_id\":\"4\",\"salary_type_name\":\"da\",\"amount\":\"1538\",\"status\":1,\"created_by\":2,\"updated_by\":2,\"created_at\":\"2025-09-05T09:08:05.000000Z\",\"updated_at\":\"2025-09-05T09:08:05.000000Z\"}}', NULL, '2025-09-05 09:08:05', '2025-09-05 09:08:05'),
(10106, 'default', 'created', 'App\\Models\\SalaryImportDataComponentModel', 'created', 1521, 'App\\Models\\User', 2, '{\"attributes\":{\"id\":1521,\"uuid\":\"d8aa1c1f-ed05-41b4-975d-0d743cfd7293\",\"salary_import_data_id\":202,\"salary_component_id\":32,\"salary_type_id\":\"6\",\"salary_type_name\":\"hra\",\"amount\":\"4845\",\"status\":1,\"created_by\":2,\"updated_by\":2,\"created_at\":\"2025-09-05T09:08:05.000000Z\",\"updated_at\":\"2025-09-05T09:08:05.000000Z\"}}', NULL, '2025-09-05 09:08:05', '2025-09-05 09:08:05'),
(10107, 'default', 'created', 'App\\Models\\SalaryImportDataComponentModel', 'created', 1522, 'App\\Models\\User', 2, '{\"attributes\":{\"id\":1522,\"uuid\":\"ede72b6d-203b-43fa-9940-2f29efc18e6e\",\"salary_import_data_id\":202,\"salary_component_id\":33,\"salary_type_id\":\"15\",\"salary_type_name\":\"gross\",\"amount\":\"33143\",\"status\":1,\"created_by\":2,\"updated_by\":2,\"created_at\":\"2025-09-05T09:08:05.000000Z\",\"updated_at\":\"2025-09-05T09:08:05.000000Z\"}}', NULL, '2025-09-05 09:08:05', '2025-09-05 09:08:05'),
(10108, 'default', 'created', 'App\\Models\\SalaryImportDataComponentModel', 'created', 1523, 'App\\Models\\User', 2, '{\"attributes\":{\"id\":1523,\"uuid\":\"97ce6d0c-2e9f-47a5-8bac-aafb27e4d243\",\"salary_import_data_id\":202,\"salary_component_id\":34,\"salary_type_id\":\"5\",\"salary_type_name\":\"fda\",\"amount\":\"0\",\"status\":1,\"created_by\":2,\"updated_by\":2,\"created_at\":\"2025-09-05T09:08:05.000000Z\",\"updated_at\":\"2025-09-05T09:08:05.000000Z\"}}', NULL, '2025-09-05 09:08:05', '2025-09-05 09:08:05'),
(10109, 'default', 'created', 'App\\Models\\SalaryImportDataComponentModel', 'created', 1524, 'App\\Models\\User', 2, '{\"attributes\":{\"id\":1524,\"uuid\":\"84ad97d4-94b3-4ea5-9d68-537f6d7e1d30\",\"salary_import_data_id\":202,\"salary_component_id\":35,\"salary_type_id\":\"10\",\"salary_type_name\":\"oa\",\"amount\":\"4845\",\"status\":1,\"created_by\":2,\"updated_by\":2,\"created_at\":\"2025-09-05T09:08:05.000000Z\",\"updated_at\":\"2025-09-05T09:08:05.000000Z\"}}', NULL, '2025-09-05 09:08:05', '2025-09-05 09:08:05'),
(10110, 'default', 'created', 'App\\Models\\SalaryImportDataComponentModel', 'created', 1525, 'App\\Models\\User', 2, '{\"attributes\":{\"id\":1525,\"uuid\":\"4f2dd1b2-cc5c-4cb3-a6d9-d9ed81092870\",\"salary_import_data_id\":202,\"salary_component_id\":36,\"salary_type_id\":\"21\",\"salary_type_name\":\"esi\",\"amount\":\"0\",\"status\":1,\"created_by\":2,\"updated_by\":2,\"created_at\":\"2025-09-05T09:08:05.000000Z\",\"updated_at\":\"2025-09-05T09:08:05.000000Z\"}}', NULL, '2025-09-05 09:08:05', '2025-09-05 09:08:05'),
(10111, 'default', 'created', 'App\\Models\\SalaryImportDataComponentModel', 'created', 1526, 'App\\Models\\User', 2, '{\"attributes\":{\"id\":1526,\"uuid\":\"07d595d8-e13a-4c04-9a02-f498fdd2aa49\",\"salary_import_data_id\":202,\"salary_component_id\":37,\"salary_type_id\":\"22\",\"salary_type_name\":\"pf\",\"amount\":\"1800\",\"status\":1,\"created_by\":2,\"updated_by\":2,\"created_at\":\"2025-09-05T09:08:05.000000Z\",\"updated_at\":\"2025-09-05T09:08:05.000000Z\"}}', NULL, '2025-09-05 09:08:05', '2025-09-05 09:08:05'),
(10112, 'default', 'updated', 'App\\Models\\SalaryImportDataModel', 'updated', 202, 'App\\Models\\User', 2, '{\"attributes\":{\"salary\":\"31255\",\"status\":1},\"old\":{\"salary\":null,\"status\":null}}', NULL, '2025-09-05 09:08:05', '2025-09-05 09:08:05'),
(10113, 'default', 'created', 'App\\Models\\SalaryImportDataModel', 'created', 203, 'App\\Models\\User', 2, '{\"attributes\":{\"id\":203,\"uuid\":\"d845c1fb-c0cd-4d52-bfb2-b90405c8bd58\",\"salary_import_id\":57,\"esi_number\":\"123659697\",\"uan_number\":\"458964793\",\"emp_id\":\"153\",\"emp_code\":\"EMP10\",\"emp_name\":\"Mr. ARAVINDASAMY R\",\"emp_ctc\":null,\"emp_gross_salary\":null,\"emp_basic_salary\":null,\"emp_hra\":null,\"emp_da\":null,\"emp_per_day_salary\":null,\"emp_per_hour_salary\":null,\"total_working_days\":\"25\",\"total_working_hours\":null,\"total_present_days\":\"25\",\"total_present_hours\":null,\"total_absent_days\":\"2.5\",\"total_absent_hours\":null,\"total_ot_hours\":null,\"salary_component_id\":null,\"salary\":null,\"status\":1,\"created_by\":2,\"updated_by\":2,\"created_at\":\"2025-09-05T09:08:05.000000Z\",\"updated_at\":\"2025-09-05T09:08:05.000000Z\"}}', NULL, '2025-09-05 09:08:05', '2025-09-05 09:08:05'),
(10114, 'default', 'created', 'App\\Models\\SalaryImportDataComponentModel', 'created', 1527, 'App\\Models\\User', 2, '{\"attributes\":{\"id\":1527,\"uuid\":\"c698f27a-db31-43e1-9c37-bf4da9974f6e\",\"salary_import_data_id\":203,\"salary_component_id\":27,\"salary_type_id\":\"1\",\"salary_type_name\":\"basic\",\"amount\":\"20517\",\"status\":1,\"created_by\":2,\"updated_by\":2,\"created_at\":\"2025-09-05T09:08:05.000000Z\",\"updated_at\":\"2025-09-05T09:08:05.000000Z\"}}', NULL, '2025-09-05 09:08:05', '2025-09-05 09:08:05'),
(10115, 'default', 'created', 'App\\Models\\SalaryImportDataComponentModel', 'created', 1528, 'App\\Models\\User', 2, '{\"attributes\":{\"id\":1528,\"uuid\":\"7a14c48e-a195-4b85-8014-4aad14ce5b0d\",\"salary_import_data_id\":203,\"salary_component_id\":31,\"salary_type_id\":\"4\",\"salary_type_name\":\"da\",\"amount\":\"1446\",\"status\":1,\"created_by\":2,\"updated_by\":2,\"created_at\":\"2025-09-05T09:08:05.000000Z\",\"updated_at\":\"2025-09-05T09:08:05.000000Z\"}}', NULL, '2025-09-05 09:08:05', '2025-09-05 09:08:05'),
(10116, 'default', 'created', 'App\\Models\\SalaryImportDataComponentModel', 'created', 1529, 'App\\Models\\User', 2, '{\"attributes\":{\"id\":1529,\"uuid\":\"d35eec65-532f-40b6-9741-64920ae5b3ed\",\"salary_import_data_id\":203,\"salary_component_id\":32,\"salary_type_id\":\"6\",\"salary_type_name\":\"hra\",\"amount\":\"4554\",\"status\":1,\"created_by\":2,\"updated_by\":2,\"created_at\":\"2025-09-05T09:08:05.000000Z\",\"updated_at\":\"2025-09-05T09:08:05.000000Z\"}}', NULL, '2025-09-05 09:08:05', '2025-09-05 09:08:05'),
(10117, 'default', 'created', 'App\\Models\\SalaryImportDataComponentModel', 'created', 1530, 'App\\Models\\User', 2, '{\"attributes\":{\"id\":1530,\"uuid\":\"3020e560-4ca5-4900-9668-cd8078fed29e\",\"salary_import_data_id\":203,\"salary_component_id\":33,\"salary_type_id\":\"15\",\"salary_type_name\":\"gross\",\"amount\":\"31155\",\"status\":1,\"created_by\":2,\"updated_by\":2,\"created_at\":\"2025-09-05T09:08:05.000000Z\",\"updated_at\":\"2025-09-05T09:08:05.000000Z\"}}', NULL, '2025-09-05 09:08:05', '2025-09-05 09:08:05'),
(10118, 'default', 'created', 'App\\Models\\SalaryImportDataComponentModel', 'created', 1531, 'App\\Models\\User', 2, '{\"attributes\":{\"id\":1531,\"uuid\":\"d5368732-7b0f-40be-9992-9e7ff42b4dd4\",\"salary_import_data_id\":203,\"salary_component_id\":34,\"salary_type_id\":\"5\",\"salary_type_name\":\"fda\",\"amount\":\"0\",\"status\":1,\"created_by\":2,\"updated_by\":2,\"created_at\":\"2025-09-05T09:08:05.000000Z\",\"updated_at\":\"2025-09-05T09:08:05.000000Z\"}}', NULL, '2025-09-05 09:08:05', '2025-09-05 09:08:05'),
(10119, 'default', 'created', 'App\\Models\\SalaryImportDataComponentModel', 'created', 1532, 'App\\Models\\User', 2, '{\"attributes\":{\"id\":1532,\"uuid\":\"d06b2628-c8f5-44ef-8e05-4165b7435ddb\",\"salary_import_data_id\":203,\"salary_component_id\":35,\"salary_type_id\":\"10\",\"salary_type_name\":\"oa\",\"amount\":\"4554\",\"status\":1,\"created_by\":2,\"updated_by\":2,\"created_at\":\"2025-09-05T09:08:05.000000Z\",\"updated_at\":\"2025-09-05T09:08:05.000000Z\"}}', NULL, '2025-09-05 09:08:05', '2025-09-05 09:08:05'),
(10120, 'default', 'created', 'App\\Models\\SalaryImportDataComponentModel', 'created', 1533, 'App\\Models\\User', 2, '{\"attributes\":{\"id\":1533,\"uuid\":\"d67b2d91-43eb-44ae-8821-6dd80cc0973a\",\"salary_import_data_id\":203,\"salary_component_id\":36,\"salary_type_id\":\"21\",\"salary_type_name\":\"esi\",\"amount\":\"0\",\"status\":1,\"created_by\":2,\"updated_by\":2,\"created_at\":\"2025-09-05T09:08:05.000000Z\",\"updated_at\":\"2025-09-05T09:08:05.000000Z\"}}', NULL, '2025-09-05 09:08:05', '2025-09-05 09:08:05'),
(10121, 'default', 'created', 'App\\Models\\SalaryImportDataComponentModel', 'created', 1534, 'App\\Models\\User', 2, '{\"attributes\":{\"id\":1534,\"uuid\":\"f003a18a-8124-4f63-8912-8e7d649be78f\",\"salary_import_data_id\":203,\"salary_component_id\":37,\"salary_type_id\":\"22\",\"salary_type_name\":\"pf\",\"amount\":\"1800\",\"status\":1,\"created_by\":2,\"updated_by\":2,\"created_at\":\"2025-09-05T09:08:05.000000Z\",\"updated_at\":\"2025-09-05T09:08:05.000000Z\"}}', NULL, '2025-09-05 09:08:05', '2025-09-05 09:08:05'),
(10122, 'default', 'updated', 'App\\Models\\SalaryImportDataModel', 'updated', 203, 'App\\Models\\User', 2, '{\"attributes\":{\"salary\":\"29271\",\"status\":1},\"old\":{\"salary\":null,\"status\":null}}', NULL, '2025-09-05 09:08:05', '2025-09-05 09:08:05'),
(10123, 'default', 'created', 'App\\Models\\SalaryImport', 'created', 58, 'App\\Models\\User', 2, '{\"attributes\":{\"id\":58,\"uuid\":\"cf62abdf-8632-4127-bec6-a2b2c3da35ed\",\"client_id\":8,\"location_id\":11,\"file_path\":\"uploads\\/salaryimports\\/salary_import_20250905_145135.csv\",\"client_name\":\"Ocean Park\",\"location_name\":\"Kilpauk,chennai\",\"month\":\"6\",\"year\":\"2025\",\"status\":1,\"is_generated\":0,\"is_esi_pf_generated\":\"0\",\"created_by\":2,\"updated_by\":2,\"created_at\":\"2025-09-05T09:21:35.000000Z\",\"updated_at\":\"2025-09-05T09:21:35.000000Z\"}}', NULL, '2025-09-05 09:21:35', '2025-09-05 09:21:35'),
(10124, 'default', 'created', 'App\\Models\\SalaryImportDataModel', 'created', 204, 'App\\Models\\User', 2, '{\"attributes\":{\"id\":204,\"uuid\":\"b18f7a33-ca83-4a5a-98ca-017c615225fa\",\"salary_import_id\":58,\"esi_number\":\"123659689\",\"uan_number\":\"458964785\",\"emp_id\":\"145\",\"emp_code\":\"EMP2\",\"emp_name\":\"Mr. MANIKANDAN DEVENDRAN\",\"emp_ctc\":null,\"emp_gross_salary\":null,\"emp_basic_salary\":null,\"emp_hra\":null,\"emp_da\":null,\"emp_per_day_salary\":null,\"emp_per_hour_salary\":null,\"total_working_days\":\"25\",\"total_working_hours\":null,\"total_present_days\":\"24.5\",\"total_present_hours\":null,\"total_absent_days\":\"0.5\",\"total_absent_hours\":null,\"total_ot_hours\":null,\"salary_component_id\":null,\"salary\":null,\"status\":1,\"created_by\":2,\"updated_by\":2,\"created_at\":\"2025-09-05T09:21:35.000000Z\",\"updated_at\":\"2025-09-05T09:21:35.000000Z\"}}', NULL, '2025-09-05 09:21:35', '2025-09-05 09:21:35'),
(10125, 'default', 'created', 'App\\Models\\SalaryImportDataComponentModel', 'created', 1535, 'App\\Models\\User', 2, '{\"attributes\":{\"id\":1535,\"uuid\":\"a48c9411-e98b-461d-8a62-6d36cf254170\",\"salary_import_data_id\":204,\"salary_component_id\":27,\"salary_type_id\":\"1\",\"salary_type_name\":\"basic\",\"amount\":\"20107\",\"status\":1,\"created_by\":2,\"updated_by\":2,\"created_at\":\"2025-09-05T09:21:35.000000Z\",\"updated_at\":\"2025-09-05T09:21:35.000000Z\"}}', NULL, '2025-09-05 09:21:35', '2025-09-05 09:21:35'),
(10126, 'default', 'created', 'App\\Models\\SalaryImportDataComponentModel', 'created', 1536, 'App\\Models\\User', 2, '{\"attributes\":{\"id\":1536,\"uuid\":\"8ba869ca-c06d-4a94-bec6-57976c7d88d8\",\"salary_import_data_id\":204,\"salary_component_id\":31,\"salary_type_id\":\"4\",\"salary_type_name\":\"da\",\"amount\":\"1417\",\"status\":1,\"created_by\":2,\"updated_by\":2,\"created_at\":\"2025-09-05T09:21:35.000000Z\",\"updated_at\":\"2025-09-05T09:21:35.000000Z\"}}', NULL, '2025-09-05 09:21:35', '2025-09-05 09:21:35'),
(10127, 'default', 'created', 'App\\Models\\SalaryImportDataComponentModel', 'created', 1537, 'App\\Models\\User', 2, '{\"attributes\":{\"id\":1537,\"uuid\":\"b9854a3c-4220-47bd-aa49-c1d66f7fdd28\",\"salary_import_data_id\":204,\"salary_component_id\":32,\"salary_type_id\":\"6\",\"salary_type_name\":\"hra\",\"amount\":\"4463\",\"status\":1,\"created_by\":2,\"updated_by\":2,\"created_at\":\"2025-09-05T09:21:35.000000Z\",\"updated_at\":\"2025-09-05T09:21:35.000000Z\"}}', NULL, '2025-09-05 09:21:35', '2025-09-05 09:21:35'),
(10128, 'default', 'created', 'App\\Models\\SalaryImportDataComponentModel', 'created', 1538, 'App\\Models\\User', 2, '{\"attributes\":{\"id\":1538,\"uuid\":\"d966ad2e-10d8-44fa-b7cf-afd58403bf52\",\"salary_import_data_id\":204,\"salary_component_id\":33,\"salary_type_id\":\"15\",\"salary_type_name\":\"gross\",\"amount\":\"56519\",\"status\":1,\"created_by\":2,\"updated_by\":2,\"created_at\":\"2025-09-05T09:21:35.000000Z\",\"updated_at\":\"2025-09-05T09:21:35.000000Z\"}}', NULL, '2025-09-05 09:21:35', '2025-09-05 09:21:35'),
(10129, 'default', 'created', 'App\\Models\\SalaryImportDataComponentModel', 'created', 1539, 'App\\Models\\User', 2, '{\"attributes\":{\"id\":1539,\"uuid\":\"87a8280c-beb1-42eb-a415-cc7addcd912d\",\"salary_import_data_id\":204,\"salary_component_id\":34,\"salary_type_id\":\"5\",\"salary_type_name\":\"fda\",\"amount\":\"0\",\"status\":1,\"created_by\":2,\"updated_by\":2,\"created_at\":\"2025-09-05T09:21:35.000000Z\",\"updated_at\":\"2025-09-05T09:21:35.000000Z\"}}', NULL, '2025-09-05 09:21:35', '2025-09-05 09:21:35'),
(10130, 'default', 'created', 'App\\Models\\SalaryImportDataComponentModel', 'created', 1540, 'App\\Models\\User', 2, '{\"attributes\":{\"id\":1540,\"uuid\":\"437e8ecd-d35f-474b-8188-c9dd8d01a2d7\",\"salary_import_data_id\":204,\"salary_component_id\":35,\"salary_type_id\":\"10\",\"salary_type_name\":\"oa\",\"amount\":\"4463\",\"status\":1,\"created_by\":2,\"updated_by\":2,\"created_at\":\"2025-09-05T09:21:35.000000Z\",\"updated_at\":\"2025-09-05T09:21:35.000000Z\"}}', NULL, '2025-09-05 09:21:35', '2025-09-05 09:21:35'),
(10131, 'default', 'created', 'App\\Models\\SalaryImportDataComponentModel', 'created', 1541, 'App\\Models\\User', 2, '{\"attributes\":{\"id\":1541,\"uuid\":\"847ee1d9-927f-4d62-9225-15df88610bb7\",\"salary_import_data_id\":204,\"salary_component_id\":36,\"salary_type_id\":\"21\",\"salary_type_name\":\"esi\",\"amount\":\"0\",\"status\":1,\"created_by\":2,\"updated_by\":2,\"created_at\":\"2025-09-05T09:21:35.000000Z\",\"updated_at\":\"2025-09-05T09:21:35.000000Z\"}}', NULL, '2025-09-05 09:21:35', '2025-09-05 09:21:35'),
(10132, 'default', 'created', 'App\\Models\\SalaryImportDataComponentModel', 'created', 1542, 'App\\Models\\User', 2, '{\"attributes\":{\"id\":1542,\"uuid\":\"6f00bb4f-660e-4fb5-a8e3-de3b9be26c44\",\"salary_import_data_id\":204,\"salary_component_id\":37,\"salary_type_id\":\"22\",\"salary_type_name\":\"pf\",\"amount\":\"1800\",\"status\":1,\"created_by\":2,\"updated_by\":2,\"created_at\":\"2025-09-05T09:21:35.000000Z\",\"updated_at\":\"2025-09-05T09:21:35.000000Z\"}}', NULL, '2025-09-05 09:21:35', '2025-09-05 09:21:35'),
(10133, 'default', 'updated', 'App\\Models\\SalaryImportDataModel', 'updated', 204, 'App\\Models\\User', 2, '{\"attributes\":{\"salary\":\"28650\",\"status\":1},\"old\":{\"salary\":null,\"status\":null}}', NULL, '2025-09-05 09:21:35', '2025-09-05 09:21:35'),
(10134, 'default', 'created', 'App\\Models\\SalaryImportDataModel', 'created', 205, 'App\\Models\\User', 2, '{\"attributes\":{\"id\":205,\"uuid\":\"1e52c545-cd12-4c83-99ae-f92c2a8a7bcd\",\"salary_import_id\":58,\"esi_number\":\"123659690\",\"uan_number\":\"458964786\",\"emp_id\":\"146\",\"emp_code\":\"EMP3\",\"emp_name\":\"Mr. ABEY THOMAS\",\"emp_ctc\":null,\"emp_gross_salary\":null,\"emp_basic_salary\":null,\"emp_hra\":null,\"emp_da\":null,\"emp_per_day_salary\":null,\"emp_per_hour_salary\":null,\"total_working_days\":\"25\",\"total_working_hours\":null,\"total_present_days\":\"25\",\"total_present_hours\":null,\"total_absent_days\":\"0\",\"total_absent_hours\":null,\"total_ot_hours\":null,\"salary_component_id\":null,\"salary\":null,\"status\":1,\"created_by\":2,\"updated_by\":2,\"created_at\":\"2025-09-05T09:21:35.000000Z\",\"updated_at\":\"2025-09-05T09:21:35.000000Z\"}}', NULL, '2025-09-05 09:21:35', '2025-09-05 09:21:35'),
(10135, 'default', 'created', 'App\\Models\\SalaryImportDataComponentModel', 'created', 1543, 'App\\Models\\User', 2, '{\"attributes\":{\"id\":1543,\"uuid\":\"8a46dda5-a719-4b05-b49e-bf7667badaa4\",\"salary_import_data_id\":205,\"salary_component_id\":27,\"salary_type_id\":\"1\",\"salary_type_name\":\"basic\",\"amount\":\"5448\",\"status\":1,\"created_by\":2,\"updated_by\":2,\"created_at\":\"2025-09-05T09:21:35.000000Z\",\"updated_at\":\"2025-09-05T09:21:35.000000Z\"}}', NULL, '2025-09-05 09:21:35', '2025-09-05 09:21:35'),
(10136, 'default', 'created', 'App\\Models\\SalaryImportDataComponentModel', 'created', 1544, 'App\\Models\\User', 2, '{\"attributes\":{\"id\":1544,\"uuid\":\"c0d9ec96-bd96-4a49-9163-4f69b3227a05\",\"salary_import_data_id\":205,\"salary_component_id\":31,\"salary_type_id\":\"4\",\"salary_type_name\":\"da\",\"amount\":\"1600\",\"status\":1,\"created_by\":2,\"updated_by\":2,\"created_at\":\"2025-09-05T09:21:35.000000Z\",\"updated_at\":\"2025-09-05T09:21:35.000000Z\"}}', NULL, '2025-09-05 09:21:35', '2025-09-05 09:21:35'),
(10137, 'default', 'created', 'App\\Models\\SalaryImportDataComponentModel', 'created', 1545, 'App\\Models\\User', 2, '{\"attributes\":{\"id\":1545,\"uuid\":\"877b5267-3de2-4b47-823a-f8211a840e03\",\"salary_import_data_id\":205,\"salary_component_id\":32,\"salary_type_id\":\"6\",\"salary_type_name\":\"hra\",\"amount\":\"5039\",\"status\":1,\"created_by\":2,\"updated_by\":2,\"created_at\":\"2025-09-05T09:21:35.000000Z\",\"updated_at\":\"2025-09-05T09:21:35.000000Z\"}}', NULL, '2025-09-05 09:21:35', '2025-09-05 09:21:35'),
(10138, 'default', 'created', 'App\\Models\\SalaryImportDataComponentModel', 'created', 1546, 'App\\Models\\User', 2, '{\"attributes\":{\"id\":1546,\"uuid\":\"4be91a70-8889-44bc-801f-2fb648f55b05\",\"salary_import_data_id\":205,\"salary_component_id\":33,\"salary_type_id\":\"15\",\"salary_type_name\":\"gross\",\"amount\":\"54470\",\"status\":1,\"created_by\":2,\"updated_by\":2,\"created_at\":\"2025-09-05T09:21:35.000000Z\",\"updated_at\":\"2025-09-05T09:21:35.000000Z\"}}', NULL, '2025-09-05 09:21:35', '2025-09-05 09:21:35'),
(10139, 'default', 'created', 'App\\Models\\SalaryImportDataComponentModel', 'created', 1547, 'App\\Models\\User', 2, '{\"attributes\":{\"id\":1547,\"uuid\":\"dc1eac75-75a8-4a9a-86ee-f34a631b9cc6\",\"salary_import_data_id\":205,\"salary_component_id\":34,\"salary_type_id\":\"5\",\"salary_type_name\":\"fda\",\"amount\":\"0\",\"status\":1,\"created_by\":2,\"updated_by\":2,\"created_at\":\"2025-09-05T09:21:35.000000Z\",\"updated_at\":\"2025-09-05T09:21:35.000000Z\"}}', NULL, '2025-09-05 09:21:35', '2025-09-05 09:21:35'),
(10140, 'default', 'created', 'App\\Models\\SalaryImportDataComponentModel', 'created', 1548, 'App\\Models\\User', 2, '{\"attributes\":{\"id\":1548,\"uuid\":\"4a66de08-cdb7-4cd8-966a-b5ef82ced4fe\",\"salary_import_data_id\":205,\"salary_component_id\":35,\"salary_type_id\":\"10\",\"salary_type_name\":\"oa\",\"amount\":\"1500\",\"status\":1,\"created_by\":2,\"updated_by\":2,\"created_at\":\"2025-09-05T09:21:35.000000Z\",\"updated_at\":\"2025-09-05T09:21:35.000000Z\"}}', NULL, '2025-09-05 09:21:35', '2025-09-05 09:21:35'),
(10141, 'default', 'created', 'App\\Models\\SalaryImportDataComponentModel', 'created', 1549, 'App\\Models\\User', 2, '{\"attributes\":{\"id\":1549,\"uuid\":\"6e635fa3-5a91-4f2b-9424-503b97e91ba7\",\"salary_import_data_id\":205,\"salary_component_id\":36,\"salary_type_id\":\"21\",\"salary_type_name\":\"esi\",\"amount\":\"0\",\"status\":1,\"created_by\":2,\"updated_by\":2,\"created_at\":\"2025-09-05T09:21:35.000000Z\",\"updated_at\":\"2025-09-05T09:21:35.000000Z\"}}', NULL, '2025-09-05 09:21:35', '2025-09-05 09:21:35'),
(10142, 'default', 'created', 'App\\Models\\SalaryImportDataComponentModel', 'created', 1550, 'App\\Models\\User', 2, '{\"attributes\":{\"id\":1550,\"uuid\":\"dc68776b-98fb-4799-95bb-63f8fcc3a84f\",\"salary_import_data_id\":205,\"salary_component_id\":37,\"salary_type_id\":\"22\",\"salary_type_name\":\"pf\",\"amount\":\"846\",\"status\":1,\"created_by\":2,\"updated_by\":2,\"created_at\":\"2025-09-05T09:21:35.000000Z\",\"updated_at\":\"2025-09-05T09:21:35.000000Z\"}}', NULL, '2025-09-05 09:21:35', '2025-09-05 09:21:35'),
(10143, 'default', 'updated', 'App\\Models\\SalaryImportDataModel', 'updated', 205, 'App\\Models\\User', 2, '{\"attributes\":{\"salary\":\"12741\",\"status\":1},\"old\":{\"salary\":null,\"status\":null}}', NULL, '2025-09-05 09:21:35', '2025-09-05 09:21:35'),
(10144, 'default', 'created', 'App\\Models\\SalaryImportDataModel', 'created', 206, 'App\\Models\\User', 2, '{\"attributes\":{\"id\":206,\"uuid\":\"18b6efc6-219d-4c82-959b-c8ce61d44e93\",\"salary_import_id\":58,\"esi_number\":\"123659691\",\"uan_number\":\"458964787\",\"emp_id\":\"147\",\"emp_code\":\"EMP4\",\"emp_name\":\"Mr. PARTHASARATHY J\",\"emp_ctc\":null,\"emp_gross_salary\":null,\"emp_basic_salary\":null,\"emp_hra\":null,\"emp_da\":null,\"emp_per_day_salary\":null,\"emp_per_hour_salary\":null,\"total_working_days\":\"23\",\"total_working_hours\":null,\"total_present_days\":\"23\",\"total_present_hours\":null,\"total_absent_days\":\"2\",\"total_absent_hours\":null,\"total_ot_hours\":null,\"salary_component_id\":null,\"salary\":null,\"status\":1,\"created_by\":2,\"updated_by\":2,\"created_at\":\"2025-09-05T09:21:35.000000Z\",\"updated_at\":\"2025-09-05T09:21:35.000000Z\"}}', NULL, '2025-09-05 09:21:35', '2025-09-05 09:21:35'),
(10145, 'default', 'created', 'App\\Models\\SalaryImportDataComponentModel', 'created', 1551, 'App\\Models\\User', 2, '{\"attributes\":{\"id\":1551,\"uuid\":\"e150b268-434b-4113-9882-496af1b09f82\",\"salary_import_data_id\":206,\"salary_component_id\":27,\"salary_type_id\":\"1\",\"salary_type_name\":\"basic\",\"amount\":\"5013\",\"status\":1,\"created_by\":2,\"updated_by\":2,\"created_at\":\"2025-09-05T09:21:35.000000Z\",\"updated_at\":\"2025-09-05T09:21:35.000000Z\"}}', NULL, '2025-09-05 09:21:35', '2025-09-05 09:21:35'),
(10146, 'default', 'created', 'App\\Models\\SalaryImportDataComponentModel', 'created', 1552, 'App\\Models\\User', 2, '{\"attributes\":{\"id\":1552,\"uuid\":\"86d532b8-e59a-46a9-83b0-c9895fb3eae7\",\"salary_import_data_id\":206,\"salary_component_id\":31,\"salary_type_id\":\"4\",\"salary_type_name\":\"da\",\"amount\":\"1472\",\"status\":1,\"created_by\":2,\"updated_by\":2,\"created_at\":\"2025-09-05T09:21:35.000000Z\",\"updated_at\":\"2025-09-05T09:21:35.000000Z\"}}', NULL, '2025-09-05 09:21:35', '2025-09-05 09:21:35'),
(10147, 'default', 'created', 'App\\Models\\SalaryImportDataComponentModel', 'created', 1553, 'App\\Models\\User', 2, '{\"attributes\":{\"id\":1553,\"uuid\":\"207f8966-15d4-4050-8ac4-9321062add5f\",\"salary_import_data_id\":206,\"salary_component_id\":32,\"salary_type_id\":\"6\",\"salary_type_name\":\"hra\",\"amount\":\"4636\",\"status\":1,\"created_by\":2,\"updated_by\":2,\"created_at\":\"2025-09-05T09:21:35.000000Z\",\"updated_at\":\"2025-09-05T09:21:35.000000Z\"}}', NULL, '2025-09-05 09:21:35', '2025-09-05 09:21:35'),
(10148, 'default', 'created', 'App\\Models\\SalaryImportDataComponentModel', 'created', 1554, 'App\\Models\\User', 2, '{\"attributes\":{\"id\":1554,\"uuid\":\"b97ba2f1-f005-4bf0-958b-7e0938e71929\",\"salary_import_data_id\":206,\"salary_component_id\":33,\"salary_type_id\":\"15\",\"salary_type_name\":\"gross\",\"amount\":\"50113\",\"status\":1,\"created_by\":2,\"updated_by\":2,\"created_at\":\"2025-09-05T09:21:35.000000Z\",\"updated_at\":\"2025-09-05T09:21:35.000000Z\"}}', NULL, '2025-09-05 09:21:35', '2025-09-05 09:21:35'),
(10149, 'default', 'created', 'App\\Models\\SalaryImportDataComponentModel', 'created', 1555, 'App\\Models\\User', 2, '{\"attributes\":{\"id\":1555,\"uuid\":\"1118a108-499d-4251-98a5-2a35c4252f91\",\"salary_import_data_id\":206,\"salary_component_id\":34,\"salary_type_id\":\"5\",\"salary_type_name\":\"fda\",\"amount\":\"0\",\"status\":1,\"created_by\":2,\"updated_by\":2,\"created_at\":\"2025-09-05T09:21:35.000000Z\",\"updated_at\":\"2025-09-05T09:21:35.000000Z\"}}', NULL, '2025-09-05 09:21:35', '2025-09-05 09:21:35'),
(10150, 'default', 'created', 'App\\Models\\SalaryImportDataComponentModel', 'created', 1556, 'App\\Models\\User', 2, '{\"attributes\":{\"id\":1556,\"uuid\":\"f849b9f6-108f-4804-9423-e1c9e9e4234d\",\"salary_import_data_id\":206,\"salary_component_id\":35,\"salary_type_id\":\"10\",\"salary_type_name\":\"oa\",\"amount\":\"1380\",\"status\":1,\"created_by\":2,\"updated_by\":2,\"created_at\":\"2025-09-05T09:21:35.000000Z\",\"updated_at\":\"2025-09-05T09:21:35.000000Z\"}}', NULL, '2025-09-05 09:21:35', '2025-09-05 09:21:35'),
(10151, 'default', 'created', 'App\\Models\\SalaryImportDataComponentModel', 'created', 1557, 'App\\Models\\User', 2, '{\"attributes\":{\"id\":1557,\"uuid\":\"54c6206c-414d-4e42-8423-0a0fc7c76408\",\"salary_import_data_id\":206,\"salary_component_id\":36,\"salary_type_id\":\"21\",\"salary_type_name\":\"esi\",\"amount\":\"0\",\"status\":1,\"created_by\":2,\"updated_by\":2,\"created_at\":\"2025-09-05T09:21:35.000000Z\",\"updated_at\":\"2025-09-05T09:21:35.000000Z\"}}', NULL, '2025-09-05 09:21:35', '2025-09-05 09:21:35'),
(10152, 'default', 'created', 'App\\Models\\SalaryImportDataComponentModel', 'created', 1558, 'App\\Models\\User', 2, '{\"attributes\":{\"id\":1558,\"uuid\":\"cb2a6a86-8682-4dff-b3aa-30f99cfcb5ef\",\"salary_import_data_id\":206,\"salary_component_id\":37,\"salary_type_id\":\"22\",\"salary_type_name\":\"pf\",\"amount\":\"846\",\"status\":1,\"created_by\":2,\"updated_by\":2,\"created_at\":\"2025-09-05T09:21:35.000000Z\",\"updated_at\":\"2025-09-05T09:21:35.000000Z\"}}', NULL, '2025-09-05 09:21:35', '2025-09-05 09:21:35'),
(10153, 'default', 'updated', 'App\\Models\\SalaryImportDataModel', 'updated', 206, 'App\\Models\\User', 2, '{\"attributes\":{\"salary\":\"11655\",\"status\":1},\"old\":{\"salary\":null,\"status\":null}}', NULL, '2025-09-05 09:21:35', '2025-09-05 09:21:35'),
(10154, 'default', 'created', 'App\\Models\\SalaryImportDataModel', 'created', 207, 'App\\Models\\User', 2, '{\"attributes\":{\"id\":207,\"uuid\":\"bfc325f4-0b27-422f-9ac7-b622b0d9351d\",\"salary_import_id\":58,\"esi_number\":\"123659692\",\"uan_number\":\"458964788\",\"emp_id\":\"148\",\"emp_code\":\"EMP5\",\"emp_name\":\"Mr. SEENIVASAGAM GANESAN\",\"emp_ctc\":null,\"emp_gross_salary\":null,\"emp_basic_salary\":null,\"emp_hra\":null,\"emp_da\":null,\"emp_per_day_salary\":null,\"emp_per_hour_salary\":null,\"total_working_days\":\"25\",\"total_working_hours\":null,\"total_present_days\":\"25\",\"total_present_hours\":null,\"total_absent_days\":\"0\",\"total_absent_hours\":null,\"total_ot_hours\":null,\"salary_component_id\":null,\"salary\":null,\"status\":1,\"created_by\":2,\"updated_by\":2,\"created_at\":\"2025-09-05T09:21:35.000000Z\",\"updated_at\":\"2025-09-05T09:21:35.000000Z\"}}', NULL, '2025-09-05 09:21:35', '2025-09-05 09:21:35'),
(10155, 'default', 'created', 'App\\Models\\SalaryImportDataComponentModel', 'created', 1559, 'App\\Models\\User', 2, '{\"attributes\":{\"id\":1559,\"uuid\":\"8e51cb7b-aec6-44c1-a6c0-178378851ed5\",\"salary_import_data_id\":207,\"salary_component_id\":27,\"salary_type_id\":\"1\",\"salary_type_name\":\"basic\",\"amount\":\"5450\",\"status\":1,\"created_by\":2,\"updated_by\":2,\"created_at\":\"2025-09-05T09:21:35.000000Z\",\"updated_at\":\"2025-09-05T09:21:35.000000Z\"}}', NULL, '2025-09-05 09:21:35', '2025-09-05 09:21:35'),
(10156, 'default', 'created', 'App\\Models\\SalaryImportDataComponentModel', 'created', 1560, 'App\\Models\\User', 2, '{\"attributes\":{\"id\":1560,\"uuid\":\"e0d6f685-96cc-4637-8278-ec287d8a79ac\",\"salary_import_data_id\":207,\"salary_component_id\":31,\"salary_type_id\":\"4\",\"salary_type_name\":\"da\",\"amount\":\"1600\",\"status\":1,\"created_by\":2,\"updated_by\":2,\"created_at\":\"2025-09-05T09:21:35.000000Z\",\"updated_at\":\"2025-09-05T09:21:35.000000Z\"}}', NULL, '2025-09-05 09:21:35', '2025-09-05 09:21:35'),
(10157, 'default', 'created', 'App\\Models\\SalaryImportDataComponentModel', 'created', 1561, 'App\\Models\\User', 2, '{\"attributes\":{\"id\":1561,\"uuid\":\"1d5caf0e-160f-4211-a121-ab0082e3b831\",\"salary_import_data_id\":207,\"salary_component_id\":32,\"salary_type_id\":\"6\",\"salary_type_name\":\"hra\",\"amount\":\"5039\",\"status\":1,\"created_by\":2,\"updated_by\":2,\"created_at\":\"2025-09-05T09:21:35.000000Z\",\"updated_at\":\"2025-09-05T09:21:35.000000Z\"}}', NULL, '2025-09-05 09:21:35', '2025-09-05 09:21:35'),
(10158, 'default', 'created', 'App\\Models\\SalaryImportDataComponentModel', 'created', 1562, 'App\\Models\\User', 2, '{\"attributes\":{\"id\":1562,\"uuid\":\"6c509b8d-00f3-4332-846b-2856f8523eb1\",\"salary_import_data_id\":207,\"salary_component_id\":33,\"salary_type_id\":\"15\",\"salary_type_name\":\"gross\",\"amount\":\"54472\",\"status\":1,\"created_by\":2,\"updated_by\":2,\"created_at\":\"2025-09-05T09:21:35.000000Z\",\"updated_at\":\"2025-09-05T09:21:35.000000Z\"}}', NULL, '2025-09-05 09:21:35', '2025-09-05 09:21:35'),
(10159, 'default', 'created', 'App\\Models\\SalaryImportDataComponentModel', 'created', 1563, 'App\\Models\\User', 2, '{\"attributes\":{\"id\":1563,\"uuid\":\"3e8ca403-a85b-4533-8342-279c4f483075\",\"salary_import_data_id\":207,\"salary_component_id\":34,\"salary_type_id\":\"5\",\"salary_type_name\":\"fda\",\"amount\":\"0\",\"status\":1,\"created_by\":2,\"updated_by\":2,\"created_at\":\"2025-09-05T09:21:35.000000Z\",\"updated_at\":\"2025-09-05T09:21:35.000000Z\"}}', NULL, '2025-09-05 09:21:35', '2025-09-05 09:21:35'),
(10160, 'default', 'created', 'App\\Models\\SalaryImportDataComponentModel', 'created', 1564, 'App\\Models\\User', 2, '{\"attributes\":{\"id\":1564,\"uuid\":\"13d8415a-cc72-4828-97d3-48e9ee1c9b70\",\"salary_import_data_id\":207,\"salary_component_id\":35,\"salary_type_id\":\"10\",\"salary_type_name\":\"oa\",\"amount\":\"1500\",\"status\":1,\"created_by\":2,\"updated_by\":2,\"created_at\":\"2025-09-05T09:21:35.000000Z\",\"updated_at\":\"2025-09-05T09:21:35.000000Z\"}}', NULL, '2025-09-05 09:21:35', '2025-09-05 09:21:35'),
(10161, 'default', 'created', 'App\\Models\\SalaryImportDataComponentModel', 'created', 1565, 'App\\Models\\User', 2, '{\"attributes\":{\"id\":1565,\"uuid\":\"a67a9f18-61e9-4ee0-9c6f-bb1346dcbf8d\",\"salary_import_data_id\":207,\"salary_component_id\":36,\"salary_type_id\":\"21\",\"salary_type_name\":\"esi\",\"amount\":\"0\",\"status\":1,\"created_by\":2,\"updated_by\":2,\"created_at\":\"2025-09-05T09:21:35.000000Z\",\"updated_at\":\"2025-09-05T09:21:35.000000Z\"}}', NULL, '2025-09-05 09:21:35', '2025-09-05 09:21:35'),
(10162, 'default', 'created', 'App\\Models\\SalaryImportDataComponentModel', 'created', 1566, 'App\\Models\\User', 2, '{\"attributes\":{\"id\":1566,\"uuid\":\"ad9381a1-d489-4864-a356-69aab9caf7e4\",\"salary_import_data_id\":207,\"salary_component_id\":37,\"salary_type_id\":\"22\",\"salary_type_name\":\"pf\",\"amount\":\"846\",\"status\":1,\"created_by\":2,\"updated_by\":2,\"created_at\":\"2025-09-05T09:21:35.000000Z\",\"updated_at\":\"2025-09-05T09:21:35.000000Z\"}}', NULL, '2025-09-05 09:21:35', '2025-09-05 09:21:35'),
(10163, 'default', 'updated', 'App\\Models\\SalaryImportDataModel', 'updated', 207, 'App\\Models\\User', 2, '{\"attributes\":{\"salary\":\"12743\",\"status\":1},\"old\":{\"salary\":null,\"status\":null}}', NULL, '2025-09-05 09:21:35', '2025-09-05 09:21:35'),
(10164, 'default', 'created', 'App\\Models\\SalaryImportDataModel', 'created', 208, 'App\\Models\\User', 2, '{\"attributes\":{\"id\":208,\"uuid\":\"dd95e29f-6522-4fb3-ab5b-f90d3c7efe9e\",\"salary_import_id\":58,\"esi_number\":\"123659693\",\"uan_number\":\"458964789\",\"emp_id\":\"149\",\"emp_code\":\"EMP6\",\"emp_name\":\"Mrs. AMUL MUNIYAN\",\"emp_ctc\":null,\"emp_gross_salary\":null,\"emp_basic_salary\":null,\"emp_hra\":null,\"emp_da\":null,\"emp_per_day_salary\":null,\"emp_per_hour_salary\":null,\"total_working_days\":\"25\",\"total_working_hours\":null,\"total_present_days\":\"25\",\"total_present_hours\":null,\"total_absent_days\":\"0\",\"total_absent_hours\":null,\"total_ot_hours\":null,\"salary_component_id\":null,\"salary\":null,\"status\":1,\"created_by\":2,\"updated_by\":2,\"created_at\":\"2025-09-05T09:21:35.000000Z\",\"updated_at\":\"2025-09-05T09:21:35.000000Z\"}}', NULL, '2025-09-05 09:21:35', '2025-09-05 09:21:35'),
(10165, 'default', 'created', 'App\\Models\\SalaryImportDataComponentModel', 'created', 1567, 'App\\Models\\User', 2, '{\"attributes\":{\"id\":1567,\"uuid\":\"52eb3b72-2342-47b3-a4e9-02694f07ae58\",\"salary_import_data_id\":208,\"salary_component_id\":27,\"salary_type_id\":\"1\",\"salary_type_name\":\"basic\",\"amount\":\"5451\",\"status\":1,\"created_by\":2,\"updated_by\":2,\"created_at\":\"2025-09-05T09:21:35.000000Z\",\"updated_at\":\"2025-09-05T09:21:35.000000Z\"}}', NULL, '2025-09-05 09:21:35', '2025-09-05 09:21:35'),
(10166, 'default', 'created', 'App\\Models\\SalaryImportDataComponentModel', 'created', 1568, 'App\\Models\\User', 2, '{\"attributes\":{\"id\":1568,\"uuid\":\"ab8b1215-147b-4f40-bce3-bcb41726e394\",\"salary_import_data_id\":208,\"salary_component_id\":31,\"salary_type_id\":\"4\",\"salary_type_name\":\"da\",\"amount\":\"1600\",\"status\":1,\"created_by\":2,\"updated_by\":2,\"created_at\":\"2025-09-05T09:21:35.000000Z\",\"updated_at\":\"2025-09-05T09:21:35.000000Z\"}}', NULL, '2025-09-05 09:21:35', '2025-09-05 09:21:35'),
(10167, 'default', 'created', 'App\\Models\\SalaryImportDataComponentModel', 'created', 1569, 'App\\Models\\User', 2, '{\"attributes\":{\"id\":1569,\"uuid\":\"3bcf396a-aabc-433c-af55-b5f427b7d410\",\"salary_import_data_id\":208,\"salary_component_id\":32,\"salary_type_id\":\"6\",\"salary_type_name\":\"hra\",\"amount\":\"5039\",\"status\":1,\"created_by\":2,\"updated_by\":2,\"created_at\":\"2025-09-05T09:21:35.000000Z\",\"updated_at\":\"2025-09-05T09:21:35.000000Z\"}}', NULL, '2025-09-05 09:21:35', '2025-09-05 09:21:35'),
(10168, 'default', 'created', 'App\\Models\\SalaryImportDataComponentModel', 'created', 1570, 'App\\Models\\User', 2, '{\"attributes\":{\"id\":1570,\"uuid\":\"f22cc7ed-daa8-43b9-8557-90feb6aa9fa1\",\"salary_import_data_id\":208,\"salary_component_id\":33,\"salary_type_id\":\"15\",\"salary_type_name\":\"gross\",\"amount\":\"54473\",\"status\":1,\"created_by\":2,\"updated_by\":2,\"created_at\":\"2025-09-05T09:21:35.000000Z\",\"updated_at\":\"2025-09-05T09:21:35.000000Z\"}}', NULL, '2025-09-05 09:21:35', '2025-09-05 09:21:35'),
(10169, 'default', 'created', 'App\\Models\\SalaryImportDataComponentModel', 'created', 1571, 'App\\Models\\User', 2, '{\"attributes\":{\"id\":1571,\"uuid\":\"843a4b90-96df-4fa5-82ad-45ec2a924103\",\"salary_import_data_id\":208,\"salary_component_id\":34,\"salary_type_id\":\"5\",\"salary_type_name\":\"fda\",\"amount\":\"0\",\"status\":1,\"created_by\":2,\"updated_by\":2,\"created_at\":\"2025-09-05T09:21:35.000000Z\",\"updated_at\":\"2025-09-05T09:21:35.000000Z\"}}', NULL, '2025-09-05 09:21:35', '2025-09-05 09:21:35'),
(10170, 'default', 'created', 'App\\Models\\SalaryImportDataComponentModel', 'created', 1572, 'App\\Models\\User', 2, '{\"attributes\":{\"id\":1572,\"uuid\":\"78308575-88a7-43e0-8d72-6c351aeb2ff3\",\"salary_import_data_id\":208,\"salary_component_id\":35,\"salary_type_id\":\"10\",\"salary_type_name\":\"oa\",\"amount\":\"1500\",\"status\":1,\"created_by\":2,\"updated_by\":2,\"created_at\":\"2025-09-05T09:21:35.000000Z\",\"updated_at\":\"2025-09-05T09:21:35.000000Z\"}}', NULL, '2025-09-05 09:21:35', '2025-09-05 09:21:35'),
(10171, 'default', 'created', 'App\\Models\\SalaryImportDataComponentModel', 'created', 1573, 'App\\Models\\User', 2, '{\"attributes\":{\"id\":1573,\"uuid\":\"57c52f5e-dbc8-4670-a9fd-ec75663d5fbb\",\"salary_import_data_id\":208,\"salary_component_id\":36,\"salary_type_id\":\"21\",\"salary_type_name\":\"esi\",\"amount\":\"0\",\"status\":1,\"created_by\":2,\"updated_by\":2,\"created_at\":\"2025-09-05T09:21:35.000000Z\",\"updated_at\":\"2025-09-05T09:21:35.000000Z\"}}', NULL, '2025-09-05 09:21:35', '2025-09-05 09:21:35'),
(10172, 'default', 'created', 'App\\Models\\SalaryImportDataComponentModel', 'created', 1574, 'App\\Models\\User', 2, '{\"attributes\":{\"id\":1574,\"uuid\":\"f43a233d-4284-4233-8e87-62832aaec96b\",\"salary_import_data_id\":208,\"salary_component_id\":37,\"salary_type_id\":\"22\",\"salary_type_name\":\"pf\",\"amount\":\"846\",\"status\":1,\"created_by\":2,\"updated_by\":2,\"created_at\":\"2025-09-05T09:21:35.000000Z\",\"updated_at\":\"2025-09-05T09:21:35.000000Z\"}}', NULL, '2025-09-05 09:21:35', '2025-09-05 09:21:35'),
(10173, 'default', 'updated', 'App\\Models\\SalaryImportDataModel', 'updated', 208, 'App\\Models\\User', 2, '{\"attributes\":{\"salary\":\"12744\",\"status\":1},\"old\":{\"salary\":null,\"status\":null}}', NULL, '2025-09-05 09:21:35', '2025-09-05 09:21:35');
INSERT INTO `activity_log` (`id`, `log_name`, `description`, `subject_type`, `event`, `subject_id`, `causer_type`, `causer_id`, `properties`, `batch_uuid`, `created_at`, `updated_at`) VALUES
(10174, 'default', 'created', 'App\\Models\\SalaryImportDataModel', 'created', 209, 'App\\Models\\User', 2, '{\"attributes\":{\"id\":209,\"uuid\":\"7dda181d-9562-4810-914f-628982547035\",\"salary_import_id\":58,\"esi_number\":\"123659694\",\"uan_number\":\"458964790\",\"emp_id\":\"150\",\"emp_code\":\"EMP7\",\"emp_name\":\"Mr. P VELUMANI\",\"emp_ctc\":null,\"emp_gross_salary\":null,\"emp_basic_salary\":null,\"emp_hra\":null,\"emp_da\":null,\"emp_per_day_salary\":null,\"emp_per_hour_salary\":null,\"total_working_days\":\"25\",\"total_working_hours\":null,\"total_present_days\":\"25\",\"total_present_hours\":null,\"total_absent_days\":\"0\",\"total_absent_hours\":null,\"total_ot_hours\":null,\"salary_component_id\":null,\"salary\":null,\"status\":1,\"created_by\":2,\"updated_by\":2,\"created_at\":\"2025-09-05T09:21:35.000000Z\",\"updated_at\":\"2025-09-05T09:21:35.000000Z\"}}', NULL, '2025-09-05 09:21:35', '2025-09-05 09:21:35'),
(10175, 'default', 'created', 'App\\Models\\SalaryImportDataComponentModel', 'created', 1575, 'App\\Models\\User', 2, '{\"attributes\":{\"id\":1575,\"uuid\":\"8852cc95-6e7d-432f-9364-caf01de27021\",\"salary_import_data_id\":209,\"salary_component_id\":27,\"salary_type_id\":\"1\",\"salary_type_name\":\"basic\",\"amount\":\"5452\",\"status\":1,\"created_by\":2,\"updated_by\":2,\"created_at\":\"2025-09-05T09:21:35.000000Z\",\"updated_at\":\"2025-09-05T09:21:35.000000Z\"}}', NULL, '2025-09-05 09:21:35', '2025-09-05 09:21:35'),
(10176, 'default', 'created', 'App\\Models\\SalaryImportDataComponentModel', 'created', 1576, 'App\\Models\\User', 2, '{\"attributes\":{\"id\":1576,\"uuid\":\"5aeaed54-ec87-44b8-a4ef-c64bb6909855\",\"salary_import_data_id\":209,\"salary_component_id\":31,\"salary_type_id\":\"4\",\"salary_type_name\":\"da\",\"amount\":\"1600\",\"status\":1,\"created_by\":2,\"updated_by\":2,\"created_at\":\"2025-09-05T09:21:35.000000Z\",\"updated_at\":\"2025-09-05T09:21:35.000000Z\"}}', NULL, '2025-09-05 09:21:35', '2025-09-05 09:21:35'),
(10177, 'default', 'created', 'App\\Models\\SalaryImportDataComponentModel', 'created', 1577, 'App\\Models\\User', 2, '{\"attributes\":{\"id\":1577,\"uuid\":\"37cd0a6a-4e0d-455b-9517-997e9637f01f\",\"salary_import_data_id\":209,\"salary_component_id\":32,\"salary_type_id\":\"6\",\"salary_type_name\":\"hra\",\"amount\":\"5039\",\"status\":1,\"created_by\":2,\"updated_by\":2,\"created_at\":\"2025-09-05T09:21:35.000000Z\",\"updated_at\":\"2025-09-05T09:21:35.000000Z\"}}', NULL, '2025-09-05 09:21:35', '2025-09-05 09:21:35'),
(10178, 'default', 'created', 'App\\Models\\SalaryImportDataComponentModel', 'created', 1578, 'App\\Models\\User', 2, '{\"attributes\":{\"id\":1578,\"uuid\":\"69823e6e-19bb-4dfd-a7f2-04a926157903\",\"salary_import_data_id\":209,\"salary_component_id\":33,\"salary_type_id\":\"15\",\"salary_type_name\":\"gross\",\"amount\":\"54474\",\"status\":1,\"created_by\":2,\"updated_by\":2,\"created_at\":\"2025-09-05T09:21:35.000000Z\",\"updated_at\":\"2025-09-05T09:21:35.000000Z\"}}', NULL, '2025-09-05 09:21:35', '2025-09-05 09:21:35'),
(10179, 'default', 'created', 'App\\Models\\SalaryImportDataComponentModel', 'created', 1579, 'App\\Models\\User', 2, '{\"attributes\":{\"id\":1579,\"uuid\":\"c12f8d5f-ef30-44e8-bb7f-d212e1c18ff3\",\"salary_import_data_id\":209,\"salary_component_id\":34,\"salary_type_id\":\"5\",\"salary_type_name\":\"fda\",\"amount\":\"0\",\"status\":1,\"created_by\":2,\"updated_by\":2,\"created_at\":\"2025-09-05T09:21:35.000000Z\",\"updated_at\":\"2025-09-05T09:21:35.000000Z\"}}', NULL, '2025-09-05 09:21:35', '2025-09-05 09:21:35'),
(10180, 'default', 'created', 'App\\Models\\SalaryImportDataComponentModel', 'created', 1580, 'App\\Models\\User', 2, '{\"attributes\":{\"id\":1580,\"uuid\":\"f800fda3-4880-4767-99af-647b10517523\",\"salary_import_data_id\":209,\"salary_component_id\":35,\"salary_type_id\":\"10\",\"salary_type_name\":\"oa\",\"amount\":\"1500\",\"status\":1,\"created_by\":2,\"updated_by\":2,\"created_at\":\"2025-09-05T09:21:35.000000Z\",\"updated_at\":\"2025-09-05T09:21:35.000000Z\"}}', NULL, '2025-09-05 09:21:35', '2025-09-05 09:21:35'),
(10181, 'default', 'created', 'App\\Models\\SalaryImportDataComponentModel', 'created', 1581, 'App\\Models\\User', 2, '{\"attributes\":{\"id\":1581,\"uuid\":\"e8431ae5-12f1-4aa8-a182-9b6d2263cce6\",\"salary_import_data_id\":209,\"salary_component_id\":36,\"salary_type_id\":\"21\",\"salary_type_name\":\"esi\",\"amount\":\"201\",\"status\":1,\"created_by\":2,\"updated_by\":2,\"created_at\":\"2025-09-05T09:21:35.000000Z\",\"updated_at\":\"2025-09-05T09:21:35.000000Z\"}}', NULL, '2025-09-05 09:21:35', '2025-09-05 09:21:35'),
(10182, 'default', 'created', 'App\\Models\\SalaryImportDataComponentModel', 'created', 1582, 'App\\Models\\User', 2, '{\"attributes\":{\"id\":1582,\"uuid\":\"c344b973-5251-4e86-bb5e-a788177cf58e\",\"salary_import_data_id\":209,\"salary_component_id\":37,\"salary_type_id\":\"22\",\"salary_type_name\":\"pf\",\"amount\":\"846\",\"status\":1,\"created_by\":2,\"updated_by\":2,\"created_at\":\"2025-09-05T09:21:35.000000Z\",\"updated_at\":\"2025-09-05T09:21:35.000000Z\"}}', NULL, '2025-09-05 09:21:35', '2025-09-05 09:21:35'),
(10183, 'default', 'updated', 'App\\Models\\SalaryImportDataModel', 'updated', 209, 'App\\Models\\User', 2, '{\"attributes\":{\"salary\":\"12544\",\"status\":1},\"old\":{\"salary\":null,\"status\":null}}', NULL, '2025-09-05 09:21:35', '2025-09-05 09:21:35'),
(10184, 'default', 'created', 'App\\Models\\SalaryImportDataModel', 'created', 210, 'App\\Models\\User', 2, '{\"attributes\":{\"id\":210,\"uuid\":\"2b97ef81-bedd-4172-8132-8ce369c16e00\",\"salary_import_id\":58,\"esi_number\":\"123659695\",\"uan_number\":\"458964791\",\"emp_id\":\"151\",\"emp_code\":\"EMP8\",\"emp_name\":\"Ms. AMUTHA SELVI VARATHAN\",\"emp_ctc\":null,\"emp_gross_salary\":null,\"emp_basic_salary\":null,\"emp_hra\":null,\"emp_da\":null,\"emp_per_day_salary\":null,\"emp_per_hour_salary\":null,\"total_working_days\":\"25\",\"total_working_hours\":null,\"total_present_days\":\"25\",\"total_present_hours\":null,\"total_absent_days\":\"0\",\"total_absent_hours\":null,\"total_ot_hours\":null,\"salary_component_id\":null,\"salary\":null,\"status\":1,\"created_by\":2,\"updated_by\":2,\"created_at\":\"2025-09-05T09:21:35.000000Z\",\"updated_at\":\"2025-09-05T09:21:35.000000Z\"}}', NULL, '2025-09-05 09:21:35', '2025-09-05 09:21:35'),
(10185, 'default', 'created', 'App\\Models\\SalaryImportDataComponentModel', 'created', 1583, 'App\\Models\\User', 2, '{\"attributes\":{\"id\":1583,\"uuid\":\"90c0cbd7-c6f0-4444-a913-987868911658\",\"salary_import_data_id\":210,\"salary_component_id\":27,\"salary_type_id\":\"1\",\"salary_type_name\":\"basic\",\"amount\":\"5453\",\"status\":1,\"created_by\":2,\"updated_by\":2,\"created_at\":\"2025-09-05T09:21:35.000000Z\",\"updated_at\":\"2025-09-05T09:21:35.000000Z\"}}', NULL, '2025-09-05 09:21:35', '2025-09-05 09:21:35'),
(10186, 'default', 'created', 'App\\Models\\SalaryImportDataComponentModel', 'created', 1584, 'App\\Models\\User', 2, '{\"attributes\":{\"id\":1584,\"uuid\":\"7a27bd35-c4bb-4198-b557-f8c212571710\",\"salary_import_data_id\":210,\"salary_component_id\":31,\"salary_type_id\":\"4\",\"salary_type_name\":\"da\",\"amount\":\"1600\",\"status\":1,\"created_by\":2,\"updated_by\":2,\"created_at\":\"2025-09-05T09:21:35.000000Z\",\"updated_at\":\"2025-09-05T09:21:35.000000Z\"}}', NULL, '2025-09-05 09:21:35', '2025-09-05 09:21:35'),
(10187, 'default', 'created', 'App\\Models\\SalaryImportDataComponentModel', 'created', 1585, 'App\\Models\\User', 2, '{\"attributes\":{\"id\":1585,\"uuid\":\"6ab7dc54-a286-422d-a9c1-12f763f2876d\",\"salary_import_data_id\":210,\"salary_component_id\":32,\"salary_type_id\":\"6\",\"salary_type_name\":\"hra\",\"amount\":\"5039\",\"status\":1,\"created_by\":2,\"updated_by\":2,\"created_at\":\"2025-09-05T09:21:35.000000Z\",\"updated_at\":\"2025-09-05T09:21:35.000000Z\"}}', NULL, '2025-09-05 09:21:35', '2025-09-05 09:21:35'),
(10188, 'default', 'created', 'App\\Models\\SalaryImportDataComponentModel', 'created', 1586, 'App\\Models\\User', 2, '{\"attributes\":{\"id\":1586,\"uuid\":\"41221261-85dd-42d3-a6e2-d3494045def6\",\"salary_import_data_id\":210,\"salary_component_id\":33,\"salary_type_id\":\"15\",\"salary_type_name\":\"gross\",\"amount\":\"54475\",\"status\":1,\"created_by\":2,\"updated_by\":2,\"created_at\":\"2025-09-05T09:21:35.000000Z\",\"updated_at\":\"2025-09-05T09:21:35.000000Z\"}}', NULL, '2025-09-05 09:21:35', '2025-09-05 09:21:35'),
(10189, 'default', 'created', 'App\\Models\\SalaryImportDataComponentModel', 'created', 1587, 'App\\Models\\User', 2, '{\"attributes\":{\"id\":1587,\"uuid\":\"f0ff38ad-e518-40af-9693-7d984e67398b\",\"salary_import_data_id\":210,\"salary_component_id\":34,\"salary_type_id\":\"5\",\"salary_type_name\":\"fda\",\"amount\":\"0\",\"status\":1,\"created_by\":2,\"updated_by\":2,\"created_at\":\"2025-09-05T09:21:35.000000Z\",\"updated_at\":\"2025-09-05T09:21:35.000000Z\"}}', NULL, '2025-09-05 09:21:35', '2025-09-05 09:21:35'),
(10190, 'default', 'created', 'App\\Models\\SalaryImportDataComponentModel', 'created', 1588, 'App\\Models\\User', 2, '{\"attributes\":{\"id\":1588,\"uuid\":\"269af964-0937-4345-bfea-0bf17e5b319f\",\"salary_import_data_id\":210,\"salary_component_id\":35,\"salary_type_id\":\"10\",\"salary_type_name\":\"oa\",\"amount\":\"1500\",\"status\":1,\"created_by\":2,\"updated_by\":2,\"created_at\":\"2025-09-05T09:21:35.000000Z\",\"updated_at\":\"2025-09-05T09:21:35.000000Z\"}}', NULL, '2025-09-05 09:21:35', '2025-09-05 09:21:35'),
(10191, 'default', 'created', 'App\\Models\\SalaryImportDataComponentModel', 'created', 1589, 'App\\Models\\User', 2, '{\"attributes\":{\"id\":1589,\"uuid\":\"1e8b43c1-67e6-45e5-8d2e-c4185afa6b10\",\"salary_import_data_id\":210,\"salary_component_id\":36,\"salary_type_id\":\"21\",\"salary_type_name\":\"esi\",\"amount\":\"0\",\"status\":1,\"created_by\":2,\"updated_by\":2,\"created_at\":\"2025-09-05T09:21:35.000000Z\",\"updated_at\":\"2025-09-05T09:21:35.000000Z\"}}', NULL, '2025-09-05 09:21:35', '2025-09-05 09:21:35'),
(10192, 'default', 'created', 'App\\Models\\SalaryImportDataComponentModel', 'created', 1590, 'App\\Models\\User', 2, '{\"attributes\":{\"id\":1590,\"uuid\":\"f3601aee-c053-401e-9467-900eaa223ad7\",\"salary_import_data_id\":210,\"salary_component_id\":37,\"salary_type_id\":\"22\",\"salary_type_name\":\"pf\",\"amount\":\"846\",\"status\":1,\"created_by\":2,\"updated_by\":2,\"created_at\":\"2025-09-05T09:21:35.000000Z\",\"updated_at\":\"2025-09-05T09:21:35.000000Z\"}}', NULL, '2025-09-05 09:21:35', '2025-09-05 09:21:35'),
(10193, 'default', 'updated', 'App\\Models\\SalaryImportDataModel', 'updated', 210, 'App\\Models\\User', 2, '{\"attributes\":{\"salary\":\"12746\",\"status\":1},\"old\":{\"salary\":null,\"status\":null}}', NULL, '2025-09-05 09:21:35', '2025-09-05 09:21:35'),
(10194, 'default', 'created', 'App\\Models\\SalaryImportDataModel', 'created', 211, 'App\\Models\\User', 2, '{\"attributes\":{\"id\":211,\"uuid\":\"356f9f30-f5d3-47cc-90f3-0fc71447cc59\",\"salary_import_id\":58,\"esi_number\":\"123659696\",\"uan_number\":\"458964792\",\"emp_id\":\"152\",\"emp_code\":\"EMP9\",\"emp_name\":\"Mr. GOGULNATH\",\"emp_ctc\":null,\"emp_gross_salary\":null,\"emp_basic_salary\":null,\"emp_hra\":null,\"emp_da\":null,\"emp_per_day_salary\":null,\"emp_per_hour_salary\":null,\"total_working_days\":\"25\",\"total_working_hours\":null,\"total_present_days\":\"25\",\"total_present_hours\":null,\"total_absent_days\":\"0\",\"total_absent_hours\":null,\"total_ot_hours\":null,\"salary_component_id\":null,\"salary\":null,\"status\":1,\"created_by\":2,\"updated_by\":2,\"created_at\":\"2025-09-05T09:21:35.000000Z\",\"updated_at\":\"2025-09-05T09:21:35.000000Z\"}}', NULL, '2025-09-05 09:21:35', '2025-09-05 09:21:35'),
(10195, 'default', 'created', 'App\\Models\\SalaryImportDataComponentModel', 'created', 1591, 'App\\Models\\User', 2, '{\"attributes\":{\"id\":1591,\"uuid\":\"a3ec6310-cd2a-4edc-870c-ad173b9ac9ba\",\"salary_import_data_id\":211,\"salary_component_id\":27,\"salary_type_id\":\"1\",\"salary_type_name\":\"basic\",\"amount\":\"5454\",\"status\":1,\"created_by\":2,\"updated_by\":2,\"created_at\":\"2025-09-05T09:21:35.000000Z\",\"updated_at\":\"2025-09-05T09:21:35.000000Z\"}}', NULL, '2025-09-05 09:21:35', '2025-09-05 09:21:35'),
(10196, 'default', 'created', 'App\\Models\\SalaryImportDataComponentModel', 'created', 1592, 'App\\Models\\User', 2, '{\"attributes\":{\"id\":1592,\"uuid\":\"644a2076-5e7a-42e3-9d65-f60b0bb73bf0\",\"salary_import_data_id\":211,\"salary_component_id\":31,\"salary_type_id\":\"4\",\"salary_type_name\":\"da\",\"amount\":\"1600\",\"status\":1,\"created_by\":2,\"updated_by\":2,\"created_at\":\"2025-09-05T09:21:35.000000Z\",\"updated_at\":\"2025-09-05T09:21:35.000000Z\"}}', NULL, '2025-09-05 09:21:35', '2025-09-05 09:21:35'),
(10197, 'default', 'created', 'App\\Models\\SalaryImportDataComponentModel', 'created', 1593, 'App\\Models\\User', 2, '{\"attributes\":{\"id\":1593,\"uuid\":\"c2f76c3c-e054-4a8a-b364-3db8cb76a37f\",\"salary_import_data_id\":211,\"salary_component_id\":32,\"salary_type_id\":\"6\",\"salary_type_name\":\"hra\",\"amount\":\"5039\",\"status\":1,\"created_by\":2,\"updated_by\":2,\"created_at\":\"2025-09-05T09:21:35.000000Z\",\"updated_at\":\"2025-09-05T09:21:35.000000Z\"}}', NULL, '2025-09-05 09:21:35', '2025-09-05 09:21:35'),
(10198, 'default', 'created', 'App\\Models\\SalaryImportDataComponentModel', 'created', 1594, 'App\\Models\\User', 2, '{\"attributes\":{\"id\":1594,\"uuid\":\"0011daa1-3f1e-46f5-8878-0d3bfeb9eae8\",\"salary_import_data_id\":211,\"salary_component_id\":33,\"salary_type_id\":\"15\",\"salary_type_name\":\"gross\",\"amount\":\"54476\",\"status\":1,\"created_by\":2,\"updated_by\":2,\"created_at\":\"2025-09-05T09:21:35.000000Z\",\"updated_at\":\"2025-09-05T09:21:35.000000Z\"}}', NULL, '2025-09-05 09:21:35', '2025-09-05 09:21:35'),
(10199, 'default', 'created', 'App\\Models\\SalaryImportDataComponentModel', 'created', 1595, 'App\\Models\\User', 2, '{\"attributes\":{\"id\":1595,\"uuid\":\"fc9ace7c-f3a8-4284-93f6-cc0c1b65c931\",\"salary_import_data_id\":211,\"salary_component_id\":34,\"salary_type_id\":\"5\",\"salary_type_name\":\"fda\",\"amount\":\"0\",\"status\":1,\"created_by\":2,\"updated_by\":2,\"created_at\":\"2025-09-05T09:21:35.000000Z\",\"updated_at\":\"2025-09-05T09:21:35.000000Z\"}}', NULL, '2025-09-05 09:21:35', '2025-09-05 09:21:35'),
(10200, 'default', 'created', 'App\\Models\\SalaryImportDataComponentModel', 'created', 1596, 'App\\Models\\User', 2, '{\"attributes\":{\"id\":1596,\"uuid\":\"309f6fe1-a931-421f-9687-624883c2109b\",\"salary_import_data_id\":211,\"salary_component_id\":35,\"salary_type_id\":\"10\",\"salary_type_name\":\"oa\",\"amount\":\"1500\",\"status\":1,\"created_by\":2,\"updated_by\":2,\"created_at\":\"2025-09-05T09:21:35.000000Z\",\"updated_at\":\"2025-09-05T09:21:35.000000Z\"}}', NULL, '2025-09-05 09:21:35', '2025-09-05 09:21:35'),
(10201, 'default', 'created', 'App\\Models\\SalaryImportDataComponentModel', 'created', 1597, 'App\\Models\\User', 2, '{\"attributes\":{\"id\":1597,\"uuid\":\"77dedee9-f507-4803-bba8-0e94cc5349df\",\"salary_import_data_id\":211,\"salary_component_id\":36,\"salary_type_id\":\"21\",\"salary_type_name\":\"esi\",\"amount\":\"0\",\"status\":1,\"created_by\":2,\"updated_by\":2,\"created_at\":\"2025-09-05T09:21:35.000000Z\",\"updated_at\":\"2025-09-05T09:21:35.000000Z\"}}', NULL, '2025-09-05 09:21:35', '2025-09-05 09:21:35'),
(10202, 'default', 'created', 'App\\Models\\SalaryImportDataComponentModel', 'created', 1598, 'App\\Models\\User', 2, '{\"attributes\":{\"id\":1598,\"uuid\":\"475fcade-2054-479b-895b-17cf0b44a53c\",\"salary_import_data_id\":211,\"salary_component_id\":37,\"salary_type_id\":\"22\",\"salary_type_name\":\"pf\",\"amount\":\"847\",\"status\":1,\"created_by\":2,\"updated_by\":2,\"created_at\":\"2025-09-05T09:21:35.000000Z\",\"updated_at\":\"2025-09-05T09:21:35.000000Z\"}}', NULL, '2025-09-05 09:21:35', '2025-09-05 09:21:35'),
(10203, 'default', 'updated', 'App\\Models\\SalaryImportDataModel', 'updated', 211, 'App\\Models\\User', 2, '{\"attributes\":{\"salary\":\"12746\",\"status\":1},\"old\":{\"salary\":null,\"status\":null}}', NULL, '2025-09-05 09:21:35', '2025-09-05 09:21:35'),
(10204, 'default', 'created', 'App\\Models\\SalaryImportDataModel', 'created', 212, 'App\\Models\\User', 2, '{\"attributes\":{\"id\":212,\"uuid\":\"c1d9df5b-4f60-4bbd-95e7-a836bb477d09\",\"salary_import_id\":58,\"esi_number\":\"123659697\",\"uan_number\":\"458964793\",\"emp_id\":\"153\",\"emp_code\":\"EMP10\",\"emp_name\":\"Mr. ARAVINDASAMY R\",\"emp_ctc\":null,\"emp_gross_salary\":null,\"emp_basic_salary\":null,\"emp_hra\":null,\"emp_da\":null,\"emp_per_day_salary\":null,\"emp_per_hour_salary\":null,\"total_working_days\":\"25\",\"total_working_hours\":null,\"total_present_days\":\"25\",\"total_present_hours\":null,\"total_absent_days\":\"0\",\"total_absent_hours\":null,\"total_ot_hours\":null,\"salary_component_id\":null,\"salary\":null,\"status\":1,\"created_by\":2,\"updated_by\":2,\"created_at\":\"2025-09-05T09:21:35.000000Z\",\"updated_at\":\"2025-09-05T09:21:35.000000Z\"}}', NULL, '2025-09-05 09:21:35', '2025-09-05 09:21:35'),
(10205, 'default', 'created', 'App\\Models\\SalaryImportDataComponentModel', 'created', 1599, 'App\\Models\\User', 2, '{\"attributes\":{\"id\":1599,\"uuid\":\"1f2eb22c-9e84-4b04-bff6-dc40dac1f264\",\"salary_import_data_id\":212,\"salary_component_id\":27,\"salary_type_id\":\"1\",\"salary_type_name\":\"basic\",\"amount\":\"5455\",\"status\":1,\"created_by\":2,\"updated_by\":2,\"created_at\":\"2025-09-05T09:21:35.000000Z\",\"updated_at\":\"2025-09-05T09:21:35.000000Z\"}}', NULL, '2025-09-05 09:21:35', '2025-09-05 09:21:35'),
(10206, 'default', 'created', 'App\\Models\\SalaryImportDataComponentModel', 'created', 1600, 'App\\Models\\User', 2, '{\"attributes\":{\"id\":1600,\"uuid\":\"307f851b-d35e-4211-9437-d8be0c30f29e\",\"salary_import_data_id\":212,\"salary_component_id\":31,\"salary_type_id\":\"4\",\"salary_type_name\":\"da\",\"amount\":\"1600\",\"status\":1,\"created_by\":2,\"updated_by\":2,\"created_at\":\"2025-09-05T09:21:35.000000Z\",\"updated_at\":\"2025-09-05T09:21:35.000000Z\"}}', NULL, '2025-09-05 09:21:35', '2025-09-05 09:21:35'),
(10207, 'default', 'created', 'App\\Models\\SalaryImportDataComponentModel', 'created', 1601, 'App\\Models\\User', 2, '{\"attributes\":{\"id\":1601,\"uuid\":\"385505ab-9d12-4941-a194-3340c518fe77\",\"salary_import_data_id\":212,\"salary_component_id\":32,\"salary_type_id\":\"6\",\"salary_type_name\":\"hra\",\"amount\":\"5039\",\"status\":1,\"created_by\":2,\"updated_by\":2,\"created_at\":\"2025-09-05T09:21:35.000000Z\",\"updated_at\":\"2025-09-05T09:21:35.000000Z\"}}', NULL, '2025-09-05 09:21:35', '2025-09-05 09:21:35'),
(10208, 'default', 'created', 'App\\Models\\SalaryImportDataComponentModel', 'created', 1602, 'App\\Models\\User', 2, '{\"attributes\":{\"id\":1602,\"uuid\":\"84ad9c20-7e24-481b-ab6d-613490f55fb9\",\"salary_import_data_id\":212,\"salary_component_id\":33,\"salary_type_id\":\"15\",\"salary_type_name\":\"gross\",\"amount\":\"54477\",\"status\":1,\"created_by\":2,\"updated_by\":2,\"created_at\":\"2025-09-05T09:21:35.000000Z\",\"updated_at\":\"2025-09-05T09:21:35.000000Z\"}}', NULL, '2025-09-05 09:21:35', '2025-09-05 09:21:35'),
(10209, 'default', 'created', 'App\\Models\\SalaryImportDataComponentModel', 'created', 1603, 'App\\Models\\User', 2, '{\"attributes\":{\"id\":1603,\"uuid\":\"4bffb01b-f45c-4e55-aae6-b36254eeec94\",\"salary_import_data_id\":212,\"salary_component_id\":34,\"salary_type_id\":\"5\",\"salary_type_name\":\"fda\",\"amount\":\"0\",\"status\":1,\"created_by\":2,\"updated_by\":2,\"created_at\":\"2025-09-05T09:21:35.000000Z\",\"updated_at\":\"2025-09-05T09:21:35.000000Z\"}}', NULL, '2025-09-05 09:21:35', '2025-09-05 09:21:35'),
(10210, 'default', 'created', 'App\\Models\\SalaryImportDataComponentModel', 'created', 1604, 'App\\Models\\User', 2, '{\"attributes\":{\"id\":1604,\"uuid\":\"dbd15694-781f-4322-83ae-348841d3be04\",\"salary_import_data_id\":212,\"salary_component_id\":35,\"salary_type_id\":\"10\",\"salary_type_name\":\"oa\",\"amount\":\"1500\",\"status\":1,\"created_by\":2,\"updated_by\":2,\"created_at\":\"2025-09-05T09:21:35.000000Z\",\"updated_at\":\"2025-09-05T09:21:35.000000Z\"}}', NULL, '2025-09-05 09:21:35', '2025-09-05 09:21:35'),
(10211, 'default', 'created', 'App\\Models\\SalaryImportDataComponentModel', 'created', 1605, 'App\\Models\\User', 2, '{\"attributes\":{\"id\":1605,\"uuid\":\"0baaf3d3-e29a-4b86-8f72-72c5d43a6aa4\",\"salary_import_data_id\":212,\"salary_component_id\":36,\"salary_type_id\":\"21\",\"salary_type_name\":\"esi\",\"amount\":\"0\",\"status\":1,\"created_by\":2,\"updated_by\":2,\"created_at\":\"2025-09-05T09:21:36.000000Z\",\"updated_at\":\"2025-09-05T09:21:36.000000Z\"}}', NULL, '2025-09-05 09:21:36', '2025-09-05 09:21:36'),
(10212, 'default', 'created', 'App\\Models\\SalaryImportDataComponentModel', 'created', 1606, 'App\\Models\\User', 2, '{\"attributes\":{\"id\":1606,\"uuid\":\"3cc36d10-c95d-4a19-a3d1-6a112c341a83\",\"salary_import_data_id\":212,\"salary_component_id\":37,\"salary_type_id\":\"22\",\"salary_type_name\":\"pf\",\"amount\":\"847\",\"status\":1,\"created_by\":2,\"updated_by\":2,\"created_at\":\"2025-09-05T09:21:36.000000Z\",\"updated_at\":\"2025-09-05T09:21:36.000000Z\"}}', NULL, '2025-09-05 09:21:36', '2025-09-05 09:21:36'),
(10213, 'default', 'updated', 'App\\Models\\SalaryImportDataModel', 'updated', 212, 'App\\Models\\User', 2, '{\"attributes\":{\"salary\":\"12747\",\"status\":1,\"updated_at\":\"2025-09-05T09:21:36.000000Z\"},\"old\":{\"salary\":null,\"status\":null,\"updated_at\":\"2025-09-05T09:21:35.000000Z\"}}', NULL, '2025-09-05 09:21:36', '2025-09-05 09:21:36'),
(10214, 'default', 'created', 'App\\Models\\SalaryImport', 'created', 59, 'App\\Models\\User', 2, '{\"attributes\":{\"id\":59,\"uuid\":\"b28e4d55-2492-4ec6-8582-2ae512061178\",\"client_id\":8,\"location_id\":11,\"file_path\":\"uploads\\/salaryimports\\/salary_import_20250905_145234.csv\",\"client_name\":\"Ocean Park\",\"location_name\":\"Kilpauk,chennai\",\"month\":\"6\",\"year\":\"2025\",\"status\":1,\"is_generated\":0,\"is_esi_pf_generated\":\"0\",\"created_by\":2,\"updated_by\":2,\"created_at\":\"2025-09-05T09:22:34.000000Z\",\"updated_at\":\"2025-09-05T09:22:34.000000Z\"}}', NULL, '2025-09-05 09:22:34', '2025-09-05 09:22:34'),
(10215, 'default', 'created', 'App\\Models\\SalaryImportDataModel', 'created', 213, 'App\\Models\\User', 2, '{\"attributes\":{\"id\":213,\"uuid\":\"af22da20-5ee8-4c71-a7c1-6d6ccd983448\",\"salary_import_id\":59,\"esi_number\":\"123659689\",\"uan_number\":\"458964785\",\"emp_id\":\"145\",\"emp_code\":\"EMP2\",\"emp_name\":\"Mr. MANIKANDAN DEVENDRAN\",\"emp_ctc\":null,\"emp_gross_salary\":null,\"emp_basic_salary\":null,\"emp_hra\":null,\"emp_da\":null,\"emp_per_day_salary\":null,\"emp_per_hour_salary\":null,\"total_working_days\":\"25\",\"total_working_hours\":null,\"total_present_days\":\"24.5\",\"total_present_hours\":null,\"total_absent_days\":\"0.5\",\"total_absent_hours\":null,\"total_ot_hours\":null,\"salary_component_id\":null,\"salary\":null,\"status\":1,\"created_by\":2,\"updated_by\":2,\"created_at\":\"2025-09-05T09:22:34.000000Z\",\"updated_at\":\"2025-09-05T09:22:34.000000Z\"}}', NULL, '2025-09-05 09:22:34', '2025-09-05 09:22:34'),
(10216, 'default', 'created', 'App\\Models\\SalaryImportDataComponentModel', 'created', 1607, 'App\\Models\\User', 2, '{\"attributes\":{\"id\":1607,\"uuid\":\"b3023931-6727-4ebd-8ef5-b5c823555a32\",\"salary_import_data_id\":213,\"salary_component_id\":27,\"salary_type_id\":\"1\",\"salary_type_name\":\"basic\",\"amount\":\"20107\",\"status\":1,\"created_by\":2,\"updated_by\":2,\"created_at\":\"2025-09-05T09:22:34.000000Z\",\"updated_at\":\"2025-09-05T09:22:34.000000Z\"}}', NULL, '2025-09-05 09:22:34', '2025-09-05 09:22:34'),
(10217, 'default', 'created', 'App\\Models\\SalaryImportDataComponentModel', 'created', 1608, 'App\\Models\\User', 2, '{\"attributes\":{\"id\":1608,\"uuid\":\"9370f581-f635-4f72-bd4f-efe81080d1a0\",\"salary_import_data_id\":213,\"salary_component_id\":31,\"salary_type_id\":\"4\",\"salary_type_name\":\"da\",\"amount\":\"1417\",\"status\":1,\"created_by\":2,\"updated_by\":2,\"created_at\":\"2025-09-05T09:22:34.000000Z\",\"updated_at\":\"2025-09-05T09:22:34.000000Z\"}}', NULL, '2025-09-05 09:22:34', '2025-09-05 09:22:34'),
(10218, 'default', 'created', 'App\\Models\\SalaryImportDataComponentModel', 'created', 1609, 'App\\Models\\User', 2, '{\"attributes\":{\"id\":1609,\"uuid\":\"2fff8d60-dda8-4c7b-af3e-2868c4f2d437\",\"salary_import_data_id\":213,\"salary_component_id\":32,\"salary_type_id\":\"6\",\"salary_type_name\":\"hra\",\"amount\":\"4463\",\"status\":1,\"created_by\":2,\"updated_by\":2,\"created_at\":\"2025-09-05T09:22:34.000000Z\",\"updated_at\":\"2025-09-05T09:22:34.000000Z\"}}', NULL, '2025-09-05 09:22:34', '2025-09-05 09:22:34'),
(10219, 'default', 'created', 'App\\Models\\SalaryImportDataComponentModel', 'created', 1610, 'App\\Models\\User', 2, '{\"attributes\":{\"id\":1610,\"uuid\":\"ec165fbc-2f9c-40c4-bb88-fb60019bd101\",\"salary_import_data_id\":213,\"salary_component_id\":33,\"salary_type_id\":\"15\",\"salary_type_name\":\"gross\",\"amount\":\"56519\",\"status\":1,\"created_by\":2,\"updated_by\":2,\"created_at\":\"2025-09-05T09:22:34.000000Z\",\"updated_at\":\"2025-09-05T09:22:34.000000Z\"}}', NULL, '2025-09-05 09:22:34', '2025-09-05 09:22:34'),
(10220, 'default', 'created', 'App\\Models\\SalaryImportDataComponentModel', 'created', 1611, 'App\\Models\\User', 2, '{\"attributes\":{\"id\":1611,\"uuid\":\"c2dd201e-e409-422a-bf2d-2ba15b4cf627\",\"salary_import_data_id\":213,\"salary_component_id\":34,\"salary_type_id\":\"5\",\"salary_type_name\":\"fda\",\"amount\":\"0\",\"status\":1,\"created_by\":2,\"updated_by\":2,\"created_at\":\"2025-09-05T09:22:34.000000Z\",\"updated_at\":\"2025-09-05T09:22:34.000000Z\"}}', NULL, '2025-09-05 09:22:34', '2025-09-05 09:22:34'),
(10221, 'default', 'created', 'App\\Models\\SalaryImportDataComponentModel', 'created', 1612, 'App\\Models\\User', 2, '{\"attributes\":{\"id\":1612,\"uuid\":\"c66c935a-f063-4c72-ad95-c3780000530d\",\"salary_import_data_id\":213,\"salary_component_id\":35,\"salary_type_id\":\"10\",\"salary_type_name\":\"oa\",\"amount\":\"4463\",\"status\":1,\"created_by\":2,\"updated_by\":2,\"created_at\":\"2025-09-05T09:22:34.000000Z\",\"updated_at\":\"2025-09-05T09:22:34.000000Z\"}}', NULL, '2025-09-05 09:22:34', '2025-09-05 09:22:34'),
(10222, 'default', 'created', 'App\\Models\\SalaryImportDataComponentModel', 'created', 1613, 'App\\Models\\User', 2, '{\"attributes\":{\"id\":1613,\"uuid\":\"6279aab4-bc94-4596-86a8-21ecea917bca\",\"salary_import_data_id\":213,\"salary_component_id\":36,\"salary_type_id\":\"21\",\"salary_type_name\":\"esi\",\"amount\":\"0\",\"status\":1,\"created_by\":2,\"updated_by\":2,\"created_at\":\"2025-09-05T09:22:34.000000Z\",\"updated_at\":\"2025-09-05T09:22:34.000000Z\"}}', NULL, '2025-09-05 09:22:34', '2025-09-05 09:22:34'),
(10223, 'default', 'created', 'App\\Models\\SalaryImportDataComponentModel', 'created', 1614, 'App\\Models\\User', 2, '{\"attributes\":{\"id\":1614,\"uuid\":\"8b176865-a794-4062-8211-8b281aedd264\",\"salary_import_data_id\":213,\"salary_component_id\":37,\"salary_type_id\":\"22\",\"salary_type_name\":\"pf\",\"amount\":\"1800\",\"status\":1,\"created_by\":2,\"updated_by\":2,\"created_at\":\"2025-09-05T09:22:34.000000Z\",\"updated_at\":\"2025-09-05T09:22:34.000000Z\"}}', NULL, '2025-09-05 09:22:34', '2025-09-05 09:22:34'),
(10224, 'default', 'updated', 'App\\Models\\SalaryImportDataModel', 'updated', 213, 'App\\Models\\User', 2, '{\"attributes\":{\"salary\":\"28650\",\"status\":1},\"old\":{\"salary\":null,\"status\":null}}', NULL, '2025-09-05 09:22:34', '2025-09-05 09:22:34'),
(10225, 'default', 'created', 'App\\Models\\SalaryImportDataModel', 'created', 214, 'App\\Models\\User', 2, '{\"attributes\":{\"id\":214,\"uuid\":\"294328db-a84e-4356-841a-7673a179ebb1\",\"salary_import_id\":59,\"esi_number\":\"123659690\",\"uan_number\":\"458964786\",\"emp_id\":\"146\",\"emp_code\":\"EMP3\",\"emp_name\":\"Mr. ABEY THOMAS\",\"emp_ctc\":null,\"emp_gross_salary\":null,\"emp_basic_salary\":null,\"emp_hra\":null,\"emp_da\":null,\"emp_per_day_salary\":null,\"emp_per_hour_salary\":null,\"total_working_days\":\"25\",\"total_working_hours\":null,\"total_present_days\":\"25\",\"total_present_hours\":null,\"total_absent_days\":\"0\",\"total_absent_hours\":null,\"total_ot_hours\":null,\"salary_component_id\":null,\"salary\":null,\"status\":1,\"created_by\":2,\"updated_by\":2,\"created_at\":\"2025-09-05T09:22:34.000000Z\",\"updated_at\":\"2025-09-05T09:22:34.000000Z\"}}', NULL, '2025-09-05 09:22:34', '2025-09-05 09:22:34'),
(10226, 'default', 'created', 'App\\Models\\SalaryImportDataComponentModel', 'created', 1615, 'App\\Models\\User', 2, '{\"attributes\":{\"id\":1615,\"uuid\":\"6e69d692-0daf-4767-a4b8-33e63b51a9d0\",\"salary_import_data_id\":214,\"salary_component_id\":27,\"salary_type_id\":\"1\",\"salary_type_name\":\"basic\",\"amount\":\"5448\",\"status\":1,\"created_by\":2,\"updated_by\":2,\"created_at\":\"2025-09-05T09:22:34.000000Z\",\"updated_at\":\"2025-09-05T09:22:34.000000Z\"}}', NULL, '2025-09-05 09:22:34', '2025-09-05 09:22:34'),
(10227, 'default', 'created', 'App\\Models\\SalaryImportDataComponentModel', 'created', 1616, 'App\\Models\\User', 2, '{\"attributes\":{\"id\":1616,\"uuid\":\"30838d54-383d-4c5b-bdf0-e9486a244a5f\",\"salary_import_data_id\":214,\"salary_component_id\":31,\"salary_type_id\":\"4\",\"salary_type_name\":\"da\",\"amount\":\"1600\",\"status\":1,\"created_by\":2,\"updated_by\":2,\"created_at\":\"2025-09-05T09:22:34.000000Z\",\"updated_at\":\"2025-09-05T09:22:34.000000Z\"}}', NULL, '2025-09-05 09:22:34', '2025-09-05 09:22:34'),
(10228, 'default', 'created', 'App\\Models\\SalaryImportDataComponentModel', 'created', 1617, 'App\\Models\\User', 2, '{\"attributes\":{\"id\":1617,\"uuid\":\"1ae2dd90-0de9-4e9b-a565-d691cda942c6\",\"salary_import_data_id\":214,\"salary_component_id\":32,\"salary_type_id\":\"6\",\"salary_type_name\":\"hra\",\"amount\":\"5039\",\"status\":1,\"created_by\":2,\"updated_by\":2,\"created_at\":\"2025-09-05T09:22:34.000000Z\",\"updated_at\":\"2025-09-05T09:22:34.000000Z\"}}', NULL, '2025-09-05 09:22:34', '2025-09-05 09:22:34'),
(10229, 'default', 'created', 'App\\Models\\SalaryImportDataComponentModel', 'created', 1618, 'App\\Models\\User', 2, '{\"attributes\":{\"id\":1618,\"uuid\":\"d5be8c3b-d79c-4ae7-b410-4d9a6a89fe70\",\"salary_import_data_id\":214,\"salary_component_id\":33,\"salary_type_id\":\"15\",\"salary_type_name\":\"gross\",\"amount\":\"54470\",\"status\":1,\"created_by\":2,\"updated_by\":2,\"created_at\":\"2025-09-05T09:22:34.000000Z\",\"updated_at\":\"2025-09-05T09:22:34.000000Z\"}}', NULL, '2025-09-05 09:22:34', '2025-09-05 09:22:34'),
(10230, 'default', 'created', 'App\\Models\\SalaryImportDataComponentModel', 'created', 1619, 'App\\Models\\User', 2, '{\"attributes\":{\"id\":1619,\"uuid\":\"19151df9-1a86-474a-a998-d6814765618c\",\"salary_import_data_id\":214,\"salary_component_id\":34,\"salary_type_id\":\"5\",\"salary_type_name\":\"fda\",\"amount\":\"0\",\"status\":1,\"created_by\":2,\"updated_by\":2,\"created_at\":\"2025-09-05T09:22:34.000000Z\",\"updated_at\":\"2025-09-05T09:22:34.000000Z\"}}', NULL, '2025-09-05 09:22:34', '2025-09-05 09:22:34'),
(10231, 'default', 'created', 'App\\Models\\SalaryImportDataComponentModel', 'created', 1620, 'App\\Models\\User', 2, '{\"attributes\":{\"id\":1620,\"uuid\":\"b1021bfe-920b-4828-ba42-788f0bdf6d83\",\"salary_import_data_id\":214,\"salary_component_id\":35,\"salary_type_id\":\"10\",\"salary_type_name\":\"oa\",\"amount\":\"1500\",\"status\":1,\"created_by\":2,\"updated_by\":2,\"created_at\":\"2025-09-05T09:22:34.000000Z\",\"updated_at\":\"2025-09-05T09:22:34.000000Z\"}}', NULL, '2025-09-05 09:22:34', '2025-09-05 09:22:34'),
(10232, 'default', 'created', 'App\\Models\\SalaryImportDataComponentModel', 'created', 1621, 'App\\Models\\User', 2, '{\"attributes\":{\"id\":1621,\"uuid\":\"0054e090-e422-4a88-bfb9-ca1032b04f7b\",\"salary_import_data_id\":214,\"salary_component_id\":36,\"salary_type_id\":\"21\",\"salary_type_name\":\"esi\",\"amount\":\"0\",\"status\":1,\"created_by\":2,\"updated_by\":2,\"created_at\":\"2025-09-05T09:22:34.000000Z\",\"updated_at\":\"2025-09-05T09:22:34.000000Z\"}}', NULL, '2025-09-05 09:22:34', '2025-09-05 09:22:34'),
(10233, 'default', 'created', 'App\\Models\\SalaryImportDataComponentModel', 'created', 1622, 'App\\Models\\User', 2, '{\"attributes\":{\"id\":1622,\"uuid\":\"f55c7174-6e1f-46c9-ba1d-cab31b563266\",\"salary_import_data_id\":214,\"salary_component_id\":37,\"salary_type_id\":\"22\",\"salary_type_name\":\"pf\",\"amount\":\"846\",\"status\":1,\"created_by\":2,\"updated_by\":2,\"created_at\":\"2025-09-05T09:22:34.000000Z\",\"updated_at\":\"2025-09-05T09:22:34.000000Z\"}}', NULL, '2025-09-05 09:22:34', '2025-09-05 09:22:34'),
(10234, 'default', 'updated', 'App\\Models\\SalaryImportDataModel', 'updated', 214, 'App\\Models\\User', 2, '{\"attributes\":{\"salary\":\"12741\",\"status\":1},\"old\":{\"salary\":null,\"status\":null}}', NULL, '2025-09-05 09:22:34', '2025-09-05 09:22:34'),
(10235, 'default', 'created', 'App\\Models\\SalaryImportDataModel', 'created', 215, 'App\\Models\\User', 2, '{\"attributes\":{\"id\":215,\"uuid\":\"9aa6ad8d-0d5b-4d12-b2c4-3f21599fb18a\",\"salary_import_id\":59,\"esi_number\":\"123659691\",\"uan_number\":\"458964787\",\"emp_id\":\"147\",\"emp_code\":\"EMP4\",\"emp_name\":\"Mr. PARTHASARATHY J\",\"emp_ctc\":null,\"emp_gross_salary\":null,\"emp_basic_salary\":null,\"emp_hra\":null,\"emp_da\":null,\"emp_per_day_salary\":null,\"emp_per_hour_salary\":null,\"total_working_days\":\"25\",\"total_working_hours\":null,\"total_present_days\":\"23\",\"total_present_hours\":null,\"total_absent_days\":\"2\",\"total_absent_hours\":null,\"total_ot_hours\":null,\"salary_component_id\":null,\"salary\":null,\"status\":1,\"created_by\":2,\"updated_by\":2,\"created_at\":\"2025-09-05T09:22:34.000000Z\",\"updated_at\":\"2025-09-05T09:22:34.000000Z\"}}', NULL, '2025-09-05 09:22:34', '2025-09-05 09:22:34'),
(10236, 'default', 'created', 'App\\Models\\SalaryImportDataComponentModel', 'created', 1623, 'App\\Models\\User', 2, '{\"attributes\":{\"id\":1623,\"uuid\":\"98426570-4c5a-41cb-9f13-5f6f5c2feb2f\",\"salary_import_data_id\":215,\"salary_component_id\":27,\"salary_type_id\":\"1\",\"salary_type_name\":\"basic\",\"amount\":\"5013\",\"status\":1,\"created_by\":2,\"updated_by\":2,\"created_at\":\"2025-09-05T09:22:34.000000Z\",\"updated_at\":\"2025-09-05T09:22:34.000000Z\"}}', NULL, '2025-09-05 09:22:34', '2025-09-05 09:22:34'),
(10237, 'default', 'created', 'App\\Models\\SalaryImportDataComponentModel', 'created', 1624, 'App\\Models\\User', 2, '{\"attributes\":{\"id\":1624,\"uuid\":\"178a23f9-3b2b-4b76-9b6f-063cccff80b9\",\"salary_import_data_id\":215,\"salary_component_id\":31,\"salary_type_id\":\"4\",\"salary_type_name\":\"da\",\"amount\":\"1472\",\"status\":1,\"created_by\":2,\"updated_by\":2,\"created_at\":\"2025-09-05T09:22:34.000000Z\",\"updated_at\":\"2025-09-05T09:22:34.000000Z\"}}', NULL, '2025-09-05 09:22:34', '2025-09-05 09:22:34'),
(10238, 'default', 'created', 'App\\Models\\SalaryImportDataComponentModel', 'created', 1625, 'App\\Models\\User', 2, '{\"attributes\":{\"id\":1625,\"uuid\":\"1329477c-0051-4958-b0ac-73b2484819a9\",\"salary_import_data_id\":215,\"salary_component_id\":32,\"salary_type_id\":\"6\",\"salary_type_name\":\"hra\",\"amount\":\"4636\",\"status\":1,\"created_by\":2,\"updated_by\":2,\"created_at\":\"2025-09-05T09:22:34.000000Z\",\"updated_at\":\"2025-09-05T09:22:34.000000Z\"}}', NULL, '2025-09-05 09:22:34', '2025-09-05 09:22:34'),
(10239, 'default', 'created', 'App\\Models\\SalaryImportDataComponentModel', 'created', 1626, 'App\\Models\\User', 2, '{\"attributes\":{\"id\":1626,\"uuid\":\"11fdd879-4267-4c1f-8833-059074d67b81\",\"salary_import_data_id\":215,\"salary_component_id\":33,\"salary_type_id\":\"15\",\"salary_type_name\":\"gross\",\"amount\":\"50113\",\"status\":1,\"created_by\":2,\"updated_by\":2,\"created_at\":\"2025-09-05T09:22:34.000000Z\",\"updated_at\":\"2025-09-05T09:22:34.000000Z\"}}', NULL, '2025-09-05 09:22:34', '2025-09-05 09:22:34'),
(10240, 'default', 'created', 'App\\Models\\SalaryImportDataComponentModel', 'created', 1627, 'App\\Models\\User', 2, '{\"attributes\":{\"id\":1627,\"uuid\":\"16c7abdb-8b6d-45c6-b05a-79d2108dc897\",\"salary_import_data_id\":215,\"salary_component_id\":34,\"salary_type_id\":\"5\",\"salary_type_name\":\"fda\",\"amount\":\"0\",\"status\":1,\"created_by\":2,\"updated_by\":2,\"created_at\":\"2025-09-05T09:22:34.000000Z\",\"updated_at\":\"2025-09-05T09:22:34.000000Z\"}}', NULL, '2025-09-05 09:22:34', '2025-09-05 09:22:34'),
(10241, 'default', 'created', 'App\\Models\\SalaryImportDataComponentModel', 'created', 1628, 'App\\Models\\User', 2, '{\"attributes\":{\"id\":1628,\"uuid\":\"75491753-530e-42b4-99ff-be55f804cc4e\",\"salary_import_data_id\":215,\"salary_component_id\":35,\"salary_type_id\":\"10\",\"salary_type_name\":\"oa\",\"amount\":\"1380\",\"status\":1,\"created_by\":2,\"updated_by\":2,\"created_at\":\"2025-09-05T09:22:34.000000Z\",\"updated_at\":\"2025-09-05T09:22:34.000000Z\"}}', NULL, '2025-09-05 09:22:34', '2025-09-05 09:22:34'),
(10242, 'default', 'created', 'App\\Models\\SalaryImportDataComponentModel', 'created', 1629, 'App\\Models\\User', 2, '{\"attributes\":{\"id\":1629,\"uuid\":\"a0359108-2300-4b09-87a1-b2e03296e5da\",\"salary_import_data_id\":215,\"salary_component_id\":36,\"salary_type_id\":\"21\",\"salary_type_name\":\"esi\",\"amount\":\"0\",\"status\":1,\"created_by\":2,\"updated_by\":2,\"created_at\":\"2025-09-05T09:22:34.000000Z\",\"updated_at\":\"2025-09-05T09:22:34.000000Z\"}}', NULL, '2025-09-05 09:22:34', '2025-09-05 09:22:34'),
(10243, 'default', 'created', 'App\\Models\\SalaryImportDataComponentModel', 'created', 1630, 'App\\Models\\User', 2, '{\"attributes\":{\"id\":1630,\"uuid\":\"ec9e6219-4a06-48be-99bc-e4f808984f2b\",\"salary_import_data_id\":215,\"salary_component_id\":37,\"salary_type_id\":\"22\",\"salary_type_name\":\"pf\",\"amount\":\"846\",\"status\":1,\"created_by\":2,\"updated_by\":2,\"created_at\":\"2025-09-05T09:22:34.000000Z\",\"updated_at\":\"2025-09-05T09:22:34.000000Z\"}}', NULL, '2025-09-05 09:22:34', '2025-09-05 09:22:34'),
(10244, 'default', 'updated', 'App\\Models\\SalaryImportDataModel', 'updated', 215, 'App\\Models\\User', 2, '{\"attributes\":{\"salary\":\"11655\",\"status\":1},\"old\":{\"salary\":null,\"status\":null}}', NULL, '2025-09-05 09:22:34', '2025-09-05 09:22:34'),
(10245, 'default', 'created', 'App\\Models\\SalaryImportDataModel', 'created', 216, 'App\\Models\\User', 2, '{\"attributes\":{\"id\":216,\"uuid\":\"30fea34d-f9ab-4c33-8fcc-b36a03a5d590\",\"salary_import_id\":59,\"esi_number\":\"123659692\",\"uan_number\":\"458964788\",\"emp_id\":\"148\",\"emp_code\":\"EMP5\",\"emp_name\":\"Mr. SEENIVASAGAM GANESAN\",\"emp_ctc\":null,\"emp_gross_salary\":null,\"emp_basic_salary\":null,\"emp_hra\":null,\"emp_da\":null,\"emp_per_day_salary\":null,\"emp_per_hour_salary\":null,\"total_working_days\":\"25\",\"total_working_hours\":null,\"total_present_days\":\"25\",\"total_present_hours\":null,\"total_absent_days\":\"0\",\"total_absent_hours\":null,\"total_ot_hours\":null,\"salary_component_id\":null,\"salary\":null,\"status\":1,\"created_by\":2,\"updated_by\":2,\"created_at\":\"2025-09-05T09:22:34.000000Z\",\"updated_at\":\"2025-09-05T09:22:34.000000Z\"}}', NULL, '2025-09-05 09:22:34', '2025-09-05 09:22:34'),
(10246, 'default', 'created', 'App\\Models\\SalaryImportDataComponentModel', 'created', 1631, 'App\\Models\\User', 2, '{\"attributes\":{\"id\":1631,\"uuid\":\"313b0d4f-cf39-443e-8b55-ffd1152fd624\",\"salary_import_data_id\":216,\"salary_component_id\":27,\"salary_type_id\":\"1\",\"salary_type_name\":\"basic\",\"amount\":\"5450\",\"status\":1,\"created_by\":2,\"updated_by\":2,\"created_at\":\"2025-09-05T09:22:34.000000Z\",\"updated_at\":\"2025-09-05T09:22:34.000000Z\"}}', NULL, '2025-09-05 09:22:34', '2025-09-05 09:22:34'),
(10247, 'default', 'created', 'App\\Models\\SalaryImportDataComponentModel', 'created', 1632, 'App\\Models\\User', 2, '{\"attributes\":{\"id\":1632,\"uuid\":\"92f92c70-5d6d-4b26-85b5-c70869fe3bc6\",\"salary_import_data_id\":216,\"salary_component_id\":31,\"salary_type_id\":\"4\",\"salary_type_name\":\"da\",\"amount\":\"1600\",\"status\":1,\"created_by\":2,\"updated_by\":2,\"created_at\":\"2025-09-05T09:22:34.000000Z\",\"updated_at\":\"2025-09-05T09:22:34.000000Z\"}}', NULL, '2025-09-05 09:22:34', '2025-09-05 09:22:34'),
(10248, 'default', 'created', 'App\\Models\\SalaryImportDataComponentModel', 'created', 1633, 'App\\Models\\User', 2, '{\"attributes\":{\"id\":1633,\"uuid\":\"1dc2e71c-a7f3-4a6c-8e59-098b5955cb7b\",\"salary_import_data_id\":216,\"salary_component_id\":32,\"salary_type_id\":\"6\",\"salary_type_name\":\"hra\",\"amount\":\"5039\",\"status\":1,\"created_by\":2,\"updated_by\":2,\"created_at\":\"2025-09-05T09:22:34.000000Z\",\"updated_at\":\"2025-09-05T09:22:34.000000Z\"}}', NULL, '2025-09-05 09:22:34', '2025-09-05 09:22:34'),
(10249, 'default', 'created', 'App\\Models\\SalaryImportDataComponentModel', 'created', 1634, 'App\\Models\\User', 2, '{\"attributes\":{\"id\":1634,\"uuid\":\"d9007f4c-3df7-4f2e-83f5-d9a2f576e075\",\"salary_import_data_id\":216,\"salary_component_id\":33,\"salary_type_id\":\"15\",\"salary_type_name\":\"gross\",\"amount\":\"54472\",\"status\":1,\"created_by\":2,\"updated_by\":2,\"created_at\":\"2025-09-05T09:22:34.000000Z\",\"updated_at\":\"2025-09-05T09:22:34.000000Z\"}}', NULL, '2025-09-05 09:22:34', '2025-09-05 09:22:34'),
(10250, 'default', 'created', 'App\\Models\\SalaryImportDataComponentModel', 'created', 1635, 'App\\Models\\User', 2, '{\"attributes\":{\"id\":1635,\"uuid\":\"fa18e30b-8eea-439e-85c6-b118555baeb7\",\"salary_import_data_id\":216,\"salary_component_id\":34,\"salary_type_id\":\"5\",\"salary_type_name\":\"fda\",\"amount\":\"0\",\"status\":1,\"created_by\":2,\"updated_by\":2,\"created_at\":\"2025-09-05T09:22:34.000000Z\",\"updated_at\":\"2025-09-05T09:22:34.000000Z\"}}', NULL, '2025-09-05 09:22:34', '2025-09-05 09:22:34'),
(10251, 'default', 'created', 'App\\Models\\SalaryImportDataComponentModel', 'created', 1636, 'App\\Models\\User', 2, '{\"attributes\":{\"id\":1636,\"uuid\":\"de2570b7-d3e8-4113-bfb5-afd9df88875b\",\"salary_import_data_id\":216,\"salary_component_id\":35,\"salary_type_id\":\"10\",\"salary_type_name\":\"oa\",\"amount\":\"1500\",\"status\":1,\"created_by\":2,\"updated_by\":2,\"created_at\":\"2025-09-05T09:22:34.000000Z\",\"updated_at\":\"2025-09-05T09:22:34.000000Z\"}}', NULL, '2025-09-05 09:22:34', '2025-09-05 09:22:34'),
(10252, 'default', 'created', 'App\\Models\\SalaryImportDataComponentModel', 'created', 1637, 'App\\Models\\User', 2, '{\"attributes\":{\"id\":1637,\"uuid\":\"59c21d59-9c97-44d6-9ad6-eba4a7baf72d\",\"salary_import_data_id\":216,\"salary_component_id\":36,\"salary_type_id\":\"21\",\"salary_type_name\":\"esi\",\"amount\":\"0\",\"status\":1,\"created_by\":2,\"updated_by\":2,\"created_at\":\"2025-09-05T09:22:34.000000Z\",\"updated_at\":\"2025-09-05T09:22:34.000000Z\"}}', NULL, '2025-09-05 09:22:34', '2025-09-05 09:22:34'),
(10253, 'default', 'created', 'App\\Models\\SalaryImportDataComponentModel', 'created', 1638, 'App\\Models\\User', 2, '{\"attributes\":{\"id\":1638,\"uuid\":\"6157b255-ce81-4951-a242-313ce401f9f0\",\"salary_import_data_id\":216,\"salary_component_id\":37,\"salary_type_id\":\"22\",\"salary_type_name\":\"pf\",\"amount\":\"846\",\"status\":1,\"created_by\":2,\"updated_by\":2,\"created_at\":\"2025-09-05T09:22:34.000000Z\",\"updated_at\":\"2025-09-05T09:22:34.000000Z\"}}', NULL, '2025-09-05 09:22:34', '2025-09-05 09:22:34'),
(10254, 'default', 'updated', 'App\\Models\\SalaryImportDataModel', 'updated', 216, 'App\\Models\\User', 2, '{\"attributes\":{\"salary\":\"12743\",\"status\":1},\"old\":{\"salary\":null,\"status\":null}}', NULL, '2025-09-05 09:22:34', '2025-09-05 09:22:34'),
(10255, 'default', 'created', 'App\\Models\\SalaryImportDataModel', 'created', 217, 'App\\Models\\User', 2, '{\"attributes\":{\"id\":217,\"uuid\":\"5adbd16d-6a6c-4c45-a195-6a9f41b6de9a\",\"salary_import_id\":59,\"esi_number\":\"123659693\",\"uan_number\":\"458964789\",\"emp_id\":\"149\",\"emp_code\":\"EMP6\",\"emp_name\":\"Mrs. AMUL MUNIYAN\",\"emp_ctc\":null,\"emp_gross_salary\":null,\"emp_basic_salary\":null,\"emp_hra\":null,\"emp_da\":null,\"emp_per_day_salary\":null,\"emp_per_hour_salary\":null,\"total_working_days\":\"25\",\"total_working_hours\":null,\"total_present_days\":\"25\",\"total_present_hours\":null,\"total_absent_days\":\"0\",\"total_absent_hours\":null,\"total_ot_hours\":null,\"salary_component_id\":null,\"salary\":null,\"status\":1,\"created_by\":2,\"updated_by\":2,\"created_at\":\"2025-09-05T09:22:34.000000Z\",\"updated_at\":\"2025-09-05T09:22:34.000000Z\"}}', NULL, '2025-09-05 09:22:34', '2025-09-05 09:22:34'),
(10256, 'default', 'created', 'App\\Models\\SalaryImportDataComponentModel', 'created', 1639, 'App\\Models\\User', 2, '{\"attributes\":{\"id\":1639,\"uuid\":\"f3560cee-4065-40ab-b1f9-8f770069dadc\",\"salary_import_data_id\":217,\"salary_component_id\":27,\"salary_type_id\":\"1\",\"salary_type_name\":\"basic\",\"amount\":\"5451\",\"status\":1,\"created_by\":2,\"updated_by\":2,\"created_at\":\"2025-09-05T09:22:34.000000Z\",\"updated_at\":\"2025-09-05T09:22:34.000000Z\"}}', NULL, '2025-09-05 09:22:34', '2025-09-05 09:22:34'),
(10257, 'default', 'created', 'App\\Models\\SalaryImportDataComponentModel', 'created', 1640, 'App\\Models\\User', 2, '{\"attributes\":{\"id\":1640,\"uuid\":\"5dd0c6c7-1599-42f3-a1fd-d21403edbbf4\",\"salary_import_data_id\":217,\"salary_component_id\":31,\"salary_type_id\":\"4\",\"salary_type_name\":\"da\",\"amount\":\"1600\",\"status\":1,\"created_by\":2,\"updated_by\":2,\"created_at\":\"2025-09-05T09:22:34.000000Z\",\"updated_at\":\"2025-09-05T09:22:34.000000Z\"}}', NULL, '2025-09-05 09:22:34', '2025-09-05 09:22:34'),
(10258, 'default', 'created', 'App\\Models\\SalaryImportDataComponentModel', 'created', 1641, 'App\\Models\\User', 2, '{\"attributes\":{\"id\":1641,\"uuid\":\"33b4dd05-8595-42ff-8105-4981640f1ebe\",\"salary_import_data_id\":217,\"salary_component_id\":32,\"salary_type_id\":\"6\",\"salary_type_name\":\"hra\",\"amount\":\"5039\",\"status\":1,\"created_by\":2,\"updated_by\":2,\"created_at\":\"2025-09-05T09:22:34.000000Z\",\"updated_at\":\"2025-09-05T09:22:34.000000Z\"}}', NULL, '2025-09-05 09:22:34', '2025-09-05 09:22:34'),
(10259, 'default', 'created', 'App\\Models\\SalaryImportDataComponentModel', 'created', 1642, 'App\\Models\\User', 2, '{\"attributes\":{\"id\":1642,\"uuid\":\"33f66160-c7cc-467c-8618-ffbd855000c1\",\"salary_import_data_id\":217,\"salary_component_id\":33,\"salary_type_id\":\"15\",\"salary_type_name\":\"gross\",\"amount\":\"54473\",\"status\":1,\"created_by\":2,\"updated_by\":2,\"created_at\":\"2025-09-05T09:22:34.000000Z\",\"updated_at\":\"2025-09-05T09:22:34.000000Z\"}}', NULL, '2025-09-05 09:22:34', '2025-09-05 09:22:34'),
(10260, 'default', 'created', 'App\\Models\\SalaryImportDataComponentModel', 'created', 1643, 'App\\Models\\User', 2, '{\"attributes\":{\"id\":1643,\"uuid\":\"1b77b203-c047-4597-8911-f4898a78344b\",\"salary_import_data_id\":217,\"salary_component_id\":34,\"salary_type_id\":\"5\",\"salary_type_name\":\"fda\",\"amount\":\"0\",\"status\":1,\"created_by\":2,\"updated_by\":2,\"created_at\":\"2025-09-05T09:22:34.000000Z\",\"updated_at\":\"2025-09-05T09:22:34.000000Z\"}}', NULL, '2025-09-05 09:22:34', '2025-09-05 09:22:34'),
(10261, 'default', 'created', 'App\\Models\\SalaryImportDataComponentModel', 'created', 1644, 'App\\Models\\User', 2, '{\"attributes\":{\"id\":1644,\"uuid\":\"1382c9fc-14eb-4378-ac42-8d1e217d4210\",\"salary_import_data_id\":217,\"salary_component_id\":35,\"salary_type_id\":\"10\",\"salary_type_name\":\"oa\",\"amount\":\"1500\",\"status\":1,\"created_by\":2,\"updated_by\":2,\"created_at\":\"2025-09-05T09:22:34.000000Z\",\"updated_at\":\"2025-09-05T09:22:34.000000Z\"}}', NULL, '2025-09-05 09:22:34', '2025-09-05 09:22:34'),
(10262, 'default', 'created', 'App\\Models\\SalaryImportDataComponentModel', 'created', 1645, 'App\\Models\\User', 2, '{\"attributes\":{\"id\":1645,\"uuid\":\"92efc16b-b2c1-4eb2-9fe7-28f0c2598354\",\"salary_import_data_id\":217,\"salary_component_id\":36,\"salary_type_id\":\"21\",\"salary_type_name\":\"esi\",\"amount\":\"0\",\"status\":1,\"created_by\":2,\"updated_by\":2,\"created_at\":\"2025-09-05T09:22:34.000000Z\",\"updated_at\":\"2025-09-05T09:22:34.000000Z\"}}', NULL, '2025-09-05 09:22:34', '2025-09-05 09:22:34'),
(10263, 'default', 'created', 'App\\Models\\SalaryImportDataComponentModel', 'created', 1646, 'App\\Models\\User', 2, '{\"attributes\":{\"id\":1646,\"uuid\":\"7c27e49a-12a1-4ab9-957c-b0a9bc395c5c\",\"salary_import_data_id\":217,\"salary_component_id\":37,\"salary_type_id\":\"22\",\"salary_type_name\":\"pf\",\"amount\":\"846\",\"status\":1,\"created_by\":2,\"updated_by\":2,\"created_at\":\"2025-09-05T09:22:34.000000Z\",\"updated_at\":\"2025-09-05T09:22:34.000000Z\"}}', NULL, '2025-09-05 09:22:34', '2025-09-05 09:22:34'),
(10264, 'default', 'updated', 'App\\Models\\SalaryImportDataModel', 'updated', 217, 'App\\Models\\User', 2, '{\"attributes\":{\"salary\":\"12744\",\"status\":1},\"old\":{\"salary\":null,\"status\":null}}', NULL, '2025-09-05 09:22:34', '2025-09-05 09:22:34');
INSERT INTO `activity_log` (`id`, `log_name`, `description`, `subject_type`, `event`, `subject_id`, `causer_type`, `causer_id`, `properties`, `batch_uuid`, `created_at`, `updated_at`) VALUES
(10265, 'default', 'created', 'App\\Models\\SalaryImportDataModel', 'created', 218, 'App\\Models\\User', 2, '{\"attributes\":{\"id\":218,\"uuid\":\"1c455f15-e224-46d0-aac6-79855706924d\",\"salary_import_id\":59,\"esi_number\":\"123659694\",\"uan_number\":\"458964790\",\"emp_id\":\"150\",\"emp_code\":\"EMP7\",\"emp_name\":\"Mr. P VELUMANI\",\"emp_ctc\":null,\"emp_gross_salary\":null,\"emp_basic_salary\":null,\"emp_hra\":null,\"emp_da\":null,\"emp_per_day_salary\":null,\"emp_per_hour_salary\":null,\"total_working_days\":\"25\",\"total_working_hours\":null,\"total_present_days\":\"25\",\"total_present_hours\":null,\"total_absent_days\":\"0\",\"total_absent_hours\":null,\"total_ot_hours\":null,\"salary_component_id\":null,\"salary\":null,\"status\":1,\"created_by\":2,\"updated_by\":2,\"created_at\":\"2025-09-05T09:22:34.000000Z\",\"updated_at\":\"2025-09-05T09:22:34.000000Z\"}}', NULL, '2025-09-05 09:22:34', '2025-09-05 09:22:34'),
(10266, 'default', 'created', 'App\\Models\\SalaryImportDataComponentModel', 'created', 1647, 'App\\Models\\User', 2, '{\"attributes\":{\"id\":1647,\"uuid\":\"192e908c-c97e-46b2-89b7-dfc1a6fd49a1\",\"salary_import_data_id\":218,\"salary_component_id\":27,\"salary_type_id\":\"1\",\"salary_type_name\":\"basic\",\"amount\":\"5452\",\"status\":1,\"created_by\":2,\"updated_by\":2,\"created_at\":\"2025-09-05T09:22:34.000000Z\",\"updated_at\":\"2025-09-05T09:22:34.000000Z\"}}', NULL, '2025-09-05 09:22:34', '2025-09-05 09:22:34'),
(10267, 'default', 'created', 'App\\Models\\SalaryImportDataComponentModel', 'created', 1648, 'App\\Models\\User', 2, '{\"attributes\":{\"id\":1648,\"uuid\":\"e3501058-1aa3-4f6a-a4d8-49ef05aed24e\",\"salary_import_data_id\":218,\"salary_component_id\":31,\"salary_type_id\":\"4\",\"salary_type_name\":\"da\",\"amount\":\"1600\",\"status\":1,\"created_by\":2,\"updated_by\":2,\"created_at\":\"2025-09-05T09:22:34.000000Z\",\"updated_at\":\"2025-09-05T09:22:34.000000Z\"}}', NULL, '2025-09-05 09:22:34', '2025-09-05 09:22:34'),
(10268, 'default', 'created', 'App\\Models\\SalaryImportDataComponentModel', 'created', 1649, 'App\\Models\\User', 2, '{\"attributes\":{\"id\":1649,\"uuid\":\"23c7f539-563b-4229-a5d0-82ef98f50fa5\",\"salary_import_data_id\":218,\"salary_component_id\":32,\"salary_type_id\":\"6\",\"salary_type_name\":\"hra\",\"amount\":\"5039\",\"status\":1,\"created_by\":2,\"updated_by\":2,\"created_at\":\"2025-09-05T09:22:34.000000Z\",\"updated_at\":\"2025-09-05T09:22:34.000000Z\"}}', NULL, '2025-09-05 09:22:34', '2025-09-05 09:22:34'),
(10269, 'default', 'created', 'App\\Models\\SalaryImportDataComponentModel', 'created', 1650, 'App\\Models\\User', 2, '{\"attributes\":{\"id\":1650,\"uuid\":\"1403cfac-a084-48d3-8232-78a9aef489c4\",\"salary_import_data_id\":218,\"salary_component_id\":33,\"salary_type_id\":\"15\",\"salary_type_name\":\"gross\",\"amount\":\"54474\",\"status\":1,\"created_by\":2,\"updated_by\":2,\"created_at\":\"2025-09-05T09:22:34.000000Z\",\"updated_at\":\"2025-09-05T09:22:34.000000Z\"}}', NULL, '2025-09-05 09:22:34', '2025-09-05 09:22:34'),
(10270, 'default', 'created', 'App\\Models\\SalaryImportDataComponentModel', 'created', 1651, 'App\\Models\\User', 2, '{\"attributes\":{\"id\":1651,\"uuid\":\"11579a1b-60ac-4594-9dbd-b8c4d00d6d33\",\"salary_import_data_id\":218,\"salary_component_id\":34,\"salary_type_id\":\"5\",\"salary_type_name\":\"fda\",\"amount\":\"0\",\"status\":1,\"created_by\":2,\"updated_by\":2,\"created_at\":\"2025-09-05T09:22:34.000000Z\",\"updated_at\":\"2025-09-05T09:22:34.000000Z\"}}', NULL, '2025-09-05 09:22:34', '2025-09-05 09:22:34'),
(10271, 'default', 'created', 'App\\Models\\SalaryImportDataComponentModel', 'created', 1652, 'App\\Models\\User', 2, '{\"attributes\":{\"id\":1652,\"uuid\":\"1352110f-9558-4e31-9b44-6f8d05418772\",\"salary_import_data_id\":218,\"salary_component_id\":35,\"salary_type_id\":\"10\",\"salary_type_name\":\"oa\",\"amount\":\"1500\",\"status\":1,\"created_by\":2,\"updated_by\":2,\"created_at\":\"2025-09-05T09:22:34.000000Z\",\"updated_at\":\"2025-09-05T09:22:34.000000Z\"}}', NULL, '2025-09-05 09:22:34', '2025-09-05 09:22:34'),
(10272, 'default', 'created', 'App\\Models\\SalaryImportDataComponentModel', 'created', 1653, 'App\\Models\\User', 2, '{\"attributes\":{\"id\":1653,\"uuid\":\"f9d83172-bd8d-46d8-ac9e-109a8cacfd97\",\"salary_import_data_id\":218,\"salary_component_id\":36,\"salary_type_id\":\"21\",\"salary_type_name\":\"esi\",\"amount\":\"0\",\"status\":1,\"created_by\":2,\"updated_by\":2,\"created_at\":\"2025-09-05T09:22:34.000000Z\",\"updated_at\":\"2025-09-05T09:22:34.000000Z\"}}', NULL, '2025-09-05 09:22:34', '2025-09-05 09:22:34'),
(10273, 'default', 'created', 'App\\Models\\SalaryImportDataComponentModel', 'created', 1654, 'App\\Models\\User', 2, '{\"attributes\":{\"id\":1654,\"uuid\":\"801d9c39-53a3-4c98-9685-2dfb43f23974\",\"salary_import_data_id\":218,\"salary_component_id\":37,\"salary_type_id\":\"22\",\"salary_type_name\":\"pf\",\"amount\":\"846\",\"status\":1,\"created_by\":2,\"updated_by\":2,\"created_at\":\"2025-09-05T09:22:34.000000Z\",\"updated_at\":\"2025-09-05T09:22:34.000000Z\"}}', NULL, '2025-09-05 09:22:34', '2025-09-05 09:22:34'),
(10274, 'default', 'updated', 'App\\Models\\SalaryImportDataModel', 'updated', 218, 'App\\Models\\User', 2, '{\"attributes\":{\"salary\":\"12745\",\"status\":1},\"old\":{\"salary\":null,\"status\":null}}', NULL, '2025-09-05 09:22:34', '2025-09-05 09:22:34'),
(10275, 'default', 'created', 'App\\Models\\SalaryImportDataModel', 'created', 219, 'App\\Models\\User', 2, '{\"attributes\":{\"id\":219,\"uuid\":\"e38528c6-faf6-4fec-9585-f94a701e390d\",\"salary_import_id\":59,\"esi_number\":\"123659695\",\"uan_number\":\"458964791\",\"emp_id\":\"151\",\"emp_code\":\"EMP8\",\"emp_name\":\"Ms. AMUTHA SELVI VARATHAN\",\"emp_ctc\":null,\"emp_gross_salary\":null,\"emp_basic_salary\":null,\"emp_hra\":null,\"emp_da\":null,\"emp_per_day_salary\":null,\"emp_per_hour_salary\":null,\"total_working_days\":\"25\",\"total_working_hours\":null,\"total_present_days\":\"25\",\"total_present_hours\":null,\"total_absent_days\":\"0\",\"total_absent_hours\":null,\"total_ot_hours\":null,\"salary_component_id\":null,\"salary\":null,\"status\":1,\"created_by\":2,\"updated_by\":2,\"created_at\":\"2025-09-05T09:22:34.000000Z\",\"updated_at\":\"2025-09-05T09:22:34.000000Z\"}}', NULL, '2025-09-05 09:22:34', '2025-09-05 09:22:34'),
(10276, 'default', 'created', 'App\\Models\\SalaryImportDataComponentModel', 'created', 1655, 'App\\Models\\User', 2, '{\"attributes\":{\"id\":1655,\"uuid\":\"01cd7997-e6ee-40cf-914a-727f153726a6\",\"salary_import_data_id\":219,\"salary_component_id\":27,\"salary_type_id\":\"1\",\"salary_type_name\":\"basic\",\"amount\":\"5453\",\"status\":1,\"created_by\":2,\"updated_by\":2,\"created_at\":\"2025-09-05T09:22:34.000000Z\",\"updated_at\":\"2025-09-05T09:22:34.000000Z\"}}', NULL, '2025-09-05 09:22:34', '2025-09-05 09:22:34'),
(10277, 'default', 'created', 'App\\Models\\SalaryImportDataComponentModel', 'created', 1656, 'App\\Models\\User', 2, '{\"attributes\":{\"id\":1656,\"uuid\":\"b4d26c29-2e7d-4af7-8ccc-65c64142bc84\",\"salary_import_data_id\":219,\"salary_component_id\":31,\"salary_type_id\":\"4\",\"salary_type_name\":\"da\",\"amount\":\"1600\",\"status\":1,\"created_by\":2,\"updated_by\":2,\"created_at\":\"2025-09-05T09:22:34.000000Z\",\"updated_at\":\"2025-09-05T09:22:34.000000Z\"}}', NULL, '2025-09-05 09:22:34', '2025-09-05 09:22:34'),
(10278, 'default', 'created', 'App\\Models\\SalaryImportDataComponentModel', 'created', 1657, 'App\\Models\\User', 2, '{\"attributes\":{\"id\":1657,\"uuid\":\"8b0f1bff-dab9-4a77-ad7d-4ac19810f4c7\",\"salary_import_data_id\":219,\"salary_component_id\":32,\"salary_type_id\":\"6\",\"salary_type_name\":\"hra\",\"amount\":\"5039\",\"status\":1,\"created_by\":2,\"updated_by\":2,\"created_at\":\"2025-09-05T09:22:34.000000Z\",\"updated_at\":\"2025-09-05T09:22:34.000000Z\"}}', NULL, '2025-09-05 09:22:34', '2025-09-05 09:22:34'),
(10279, 'default', 'created', 'App\\Models\\SalaryImportDataComponentModel', 'created', 1658, 'App\\Models\\User', 2, '{\"attributes\":{\"id\":1658,\"uuid\":\"39477e83-cb9d-4bcb-bb30-d098205aad60\",\"salary_import_data_id\":219,\"salary_component_id\":33,\"salary_type_id\":\"15\",\"salary_type_name\":\"gross\",\"amount\":\"54475\",\"status\":1,\"created_by\":2,\"updated_by\":2,\"created_at\":\"2025-09-05T09:22:34.000000Z\",\"updated_at\":\"2025-09-05T09:22:34.000000Z\"}}', NULL, '2025-09-05 09:22:34', '2025-09-05 09:22:34'),
(10280, 'default', 'created', 'App\\Models\\SalaryImportDataComponentModel', 'created', 1659, 'App\\Models\\User', 2, '{\"attributes\":{\"id\":1659,\"uuid\":\"b5f43fe4-6d22-469a-8020-ffdfa445320d\",\"salary_import_data_id\":219,\"salary_component_id\":34,\"salary_type_id\":\"5\",\"salary_type_name\":\"fda\",\"amount\":\"0\",\"status\":1,\"created_by\":2,\"updated_by\":2,\"created_at\":\"2025-09-05T09:22:34.000000Z\",\"updated_at\":\"2025-09-05T09:22:34.000000Z\"}}', NULL, '2025-09-05 09:22:34', '2025-09-05 09:22:34'),
(10281, 'default', 'created', 'App\\Models\\SalaryImportDataComponentModel', 'created', 1660, 'App\\Models\\User', 2, '{\"attributes\":{\"id\":1660,\"uuid\":\"951e6d4b-b078-48c9-8df2-063162079892\",\"salary_import_data_id\":219,\"salary_component_id\":35,\"salary_type_id\":\"10\",\"salary_type_name\":\"oa\",\"amount\":\"1500\",\"status\":1,\"created_by\":2,\"updated_by\":2,\"created_at\":\"2025-09-05T09:22:34.000000Z\",\"updated_at\":\"2025-09-05T09:22:34.000000Z\"}}', NULL, '2025-09-05 09:22:34', '2025-09-05 09:22:34'),
(10282, 'default', 'created', 'App\\Models\\SalaryImportDataComponentModel', 'created', 1661, 'App\\Models\\User', 2, '{\"attributes\":{\"id\":1661,\"uuid\":\"81017441-8b33-434b-8abb-8e654b489067\",\"salary_import_data_id\":219,\"salary_component_id\":36,\"salary_type_id\":\"21\",\"salary_type_name\":\"esi\",\"amount\":\"0\",\"status\":1,\"created_by\":2,\"updated_by\":2,\"created_at\":\"2025-09-05T09:22:34.000000Z\",\"updated_at\":\"2025-09-05T09:22:34.000000Z\"}}', NULL, '2025-09-05 09:22:34', '2025-09-05 09:22:34'),
(10283, 'default', 'created', 'App\\Models\\SalaryImportDataComponentModel', 'created', 1662, 'App\\Models\\User', 2, '{\"attributes\":{\"id\":1662,\"uuid\":\"9656d0fa-21ec-48bd-b8ed-9c0288b272eb\",\"salary_import_data_id\":219,\"salary_component_id\":37,\"salary_type_id\":\"22\",\"salary_type_name\":\"pf\",\"amount\":\"846\",\"status\":1,\"created_by\":2,\"updated_by\":2,\"created_at\":\"2025-09-05T09:22:34.000000Z\",\"updated_at\":\"2025-09-05T09:22:34.000000Z\"}}', NULL, '2025-09-05 09:22:34', '2025-09-05 09:22:34'),
(10284, 'default', 'updated', 'App\\Models\\SalaryImportDataModel', 'updated', 219, 'App\\Models\\User', 2, '{\"attributes\":{\"salary\":\"12746\",\"status\":1},\"old\":{\"salary\":null,\"status\":null}}', NULL, '2025-09-05 09:22:34', '2025-09-05 09:22:34'),
(10285, 'default', 'created', 'App\\Models\\SalaryImportDataModel', 'created', 220, 'App\\Models\\User', 2, '{\"attributes\":{\"id\":220,\"uuid\":\"c49cb561-d828-4da4-88a9-aa2b036b9257\",\"salary_import_id\":59,\"esi_number\":\"123659696\",\"uan_number\":\"458964792\",\"emp_id\":\"152\",\"emp_code\":\"EMP9\",\"emp_name\":\"Mr. GOGULNATH\",\"emp_ctc\":null,\"emp_gross_salary\":null,\"emp_basic_salary\":null,\"emp_hra\":null,\"emp_da\":null,\"emp_per_day_salary\":null,\"emp_per_hour_salary\":null,\"total_working_days\":\"25\",\"total_working_hours\":null,\"total_present_days\":\"25\",\"total_present_hours\":null,\"total_absent_days\":\"0\",\"total_absent_hours\":null,\"total_ot_hours\":null,\"salary_component_id\":null,\"salary\":null,\"status\":1,\"created_by\":2,\"updated_by\":2,\"created_at\":\"2025-09-05T09:22:34.000000Z\",\"updated_at\":\"2025-09-05T09:22:34.000000Z\"}}', NULL, '2025-09-05 09:22:34', '2025-09-05 09:22:34'),
(10286, 'default', 'created', 'App\\Models\\SalaryImportDataComponentModel', 'created', 1663, 'App\\Models\\User', 2, '{\"attributes\":{\"id\":1663,\"uuid\":\"a4b02d7a-4623-453f-8421-3121e55404d8\",\"salary_import_data_id\":220,\"salary_component_id\":27,\"salary_type_id\":\"1\",\"salary_type_name\":\"basic\",\"amount\":\"5454\",\"status\":1,\"created_by\":2,\"updated_by\":2,\"created_at\":\"2025-09-05T09:22:34.000000Z\",\"updated_at\":\"2025-09-05T09:22:34.000000Z\"}}', NULL, '2025-09-05 09:22:34', '2025-09-05 09:22:34'),
(10287, 'default', 'created', 'App\\Models\\SalaryImportDataComponentModel', 'created', 1664, 'App\\Models\\User', 2, '{\"attributes\":{\"id\":1664,\"uuid\":\"6b385fbf-6501-4ecb-bd4e-6d8687c78b8e\",\"salary_import_data_id\":220,\"salary_component_id\":31,\"salary_type_id\":\"4\",\"salary_type_name\":\"da\",\"amount\":\"1600\",\"status\":1,\"created_by\":2,\"updated_by\":2,\"created_at\":\"2025-09-05T09:22:34.000000Z\",\"updated_at\":\"2025-09-05T09:22:34.000000Z\"}}', NULL, '2025-09-05 09:22:34', '2025-09-05 09:22:34'),
(10288, 'default', 'created', 'App\\Models\\SalaryImportDataComponentModel', 'created', 1665, 'App\\Models\\User', 2, '{\"attributes\":{\"id\":1665,\"uuid\":\"9d5fa9ec-1a76-4635-a67a-4c61768d87d6\",\"salary_import_data_id\":220,\"salary_component_id\":32,\"salary_type_id\":\"6\",\"salary_type_name\":\"hra\",\"amount\":\"5039\",\"status\":1,\"created_by\":2,\"updated_by\":2,\"created_at\":\"2025-09-05T09:22:34.000000Z\",\"updated_at\":\"2025-09-05T09:22:34.000000Z\"}}', NULL, '2025-09-05 09:22:34', '2025-09-05 09:22:34'),
(10289, 'default', 'created', 'App\\Models\\SalaryImportDataComponentModel', 'created', 1666, 'App\\Models\\User', 2, '{\"attributes\":{\"id\":1666,\"uuid\":\"c7c0a0da-8182-41b8-9534-6ff3a736a58f\",\"salary_import_data_id\":220,\"salary_component_id\":33,\"salary_type_id\":\"15\",\"salary_type_name\":\"gross\",\"amount\":\"54476\",\"status\":1,\"created_by\":2,\"updated_by\":2,\"created_at\":\"2025-09-05T09:22:34.000000Z\",\"updated_at\":\"2025-09-05T09:22:34.000000Z\"}}', NULL, '2025-09-05 09:22:34', '2025-09-05 09:22:34'),
(10290, 'default', 'created', 'App\\Models\\SalaryImportDataComponentModel', 'created', 1667, 'App\\Models\\User', 2, '{\"attributes\":{\"id\":1667,\"uuid\":\"3faf20a9-e583-43ef-9a98-cb10c27557d5\",\"salary_import_data_id\":220,\"salary_component_id\":34,\"salary_type_id\":\"5\",\"salary_type_name\":\"fda\",\"amount\":\"0\",\"status\":1,\"created_by\":2,\"updated_by\":2,\"created_at\":\"2025-09-05T09:22:34.000000Z\",\"updated_at\":\"2025-09-05T09:22:34.000000Z\"}}', NULL, '2025-09-05 09:22:34', '2025-09-05 09:22:34'),
(10291, 'default', 'created', 'App\\Models\\SalaryImportDataComponentModel', 'created', 1668, 'App\\Models\\User', 2, '{\"attributes\":{\"id\":1668,\"uuid\":\"863419a4-1466-4d74-ae9b-f959d3a071ec\",\"salary_import_data_id\":220,\"salary_component_id\":35,\"salary_type_id\":\"10\",\"salary_type_name\":\"oa\",\"amount\":\"1500\",\"status\":1,\"created_by\":2,\"updated_by\":2,\"created_at\":\"2025-09-05T09:22:34.000000Z\",\"updated_at\":\"2025-09-05T09:22:34.000000Z\"}}', NULL, '2025-09-05 09:22:34', '2025-09-05 09:22:34'),
(10292, 'default', 'created', 'App\\Models\\SalaryImportDataComponentModel', 'created', 1669, 'App\\Models\\User', 2, '{\"attributes\":{\"id\":1669,\"uuid\":\"4650e8bb-1068-462d-9339-7cfd6e8effe1\",\"salary_import_data_id\":220,\"salary_component_id\":36,\"salary_type_id\":\"21\",\"salary_type_name\":\"esi\",\"amount\":\"0\",\"status\":1,\"created_by\":2,\"updated_by\":2,\"created_at\":\"2025-09-05T09:22:34.000000Z\",\"updated_at\":\"2025-09-05T09:22:34.000000Z\"}}', NULL, '2025-09-05 09:22:34', '2025-09-05 09:22:34'),
(10293, 'default', 'created', 'App\\Models\\SalaryImportDataComponentModel', 'created', 1670, 'App\\Models\\User', 2, '{\"attributes\":{\"id\":1670,\"uuid\":\"f30ad9fc-35d1-49e4-91a3-5969b3b7fcf9\",\"salary_import_data_id\":220,\"salary_component_id\":37,\"salary_type_id\":\"22\",\"salary_type_name\":\"pf\",\"amount\":\"847\",\"status\":1,\"created_by\":2,\"updated_by\":2,\"created_at\":\"2025-09-05T09:22:34.000000Z\",\"updated_at\":\"2025-09-05T09:22:34.000000Z\"}}', NULL, '2025-09-05 09:22:34', '2025-09-05 09:22:34'),
(10294, 'default', 'updated', 'App\\Models\\SalaryImportDataModel', 'updated', 220, 'App\\Models\\User', 2, '{\"attributes\":{\"salary\":\"12746\",\"status\":1},\"old\":{\"salary\":null,\"status\":null}}', NULL, '2025-09-05 09:22:34', '2025-09-05 09:22:34'),
(10295, 'default', 'created', 'App\\Models\\SalaryImportDataModel', 'created', 221, 'App\\Models\\User', 2, '{\"attributes\":{\"id\":221,\"uuid\":\"8228e119-e6bb-48ae-8ffd-4cf979eb2d5f\",\"salary_import_id\":59,\"esi_number\":\"123659697\",\"uan_number\":\"458964793\",\"emp_id\":\"153\",\"emp_code\":\"EMP10\",\"emp_name\":\"Mr. ARAVINDASAMY R\",\"emp_ctc\":null,\"emp_gross_salary\":null,\"emp_basic_salary\":null,\"emp_hra\":null,\"emp_da\":null,\"emp_per_day_salary\":null,\"emp_per_hour_salary\":null,\"total_working_days\":\"25\",\"total_working_hours\":null,\"total_present_days\":\"25\",\"total_present_hours\":null,\"total_absent_days\":\"0\",\"total_absent_hours\":null,\"total_ot_hours\":null,\"salary_component_id\":null,\"salary\":null,\"status\":1,\"created_by\":2,\"updated_by\":2,\"created_at\":\"2025-09-05T09:22:34.000000Z\",\"updated_at\":\"2025-09-05T09:22:34.000000Z\"}}', NULL, '2025-09-05 09:22:34', '2025-09-05 09:22:34'),
(10296, 'default', 'created', 'App\\Models\\SalaryImportDataComponentModel', 'created', 1671, 'App\\Models\\User', 2, '{\"attributes\":{\"id\":1671,\"uuid\":\"db018a72-eaa3-4801-a4fa-c1d8f1d37a1e\",\"salary_import_data_id\":221,\"salary_component_id\":27,\"salary_type_id\":\"1\",\"salary_type_name\":\"basic\",\"amount\":\"5455\",\"status\":1,\"created_by\":2,\"updated_by\":2,\"created_at\":\"2025-09-05T09:22:34.000000Z\",\"updated_at\":\"2025-09-05T09:22:34.000000Z\"}}', NULL, '2025-09-05 09:22:34', '2025-09-05 09:22:34'),
(10297, 'default', 'created', 'App\\Models\\SalaryImportDataComponentModel', 'created', 1672, 'App\\Models\\User', 2, '{\"attributes\":{\"id\":1672,\"uuid\":\"3465f85f-c849-4b3f-bcd4-a945e2ab4bad\",\"salary_import_data_id\":221,\"salary_component_id\":31,\"salary_type_id\":\"4\",\"salary_type_name\":\"da\",\"amount\":\"1600\",\"status\":1,\"created_by\":2,\"updated_by\":2,\"created_at\":\"2025-09-05T09:22:34.000000Z\",\"updated_at\":\"2025-09-05T09:22:34.000000Z\"}}', NULL, '2025-09-05 09:22:34', '2025-09-05 09:22:34'),
(10298, 'default', 'created', 'App\\Models\\SalaryImportDataComponentModel', 'created', 1673, 'App\\Models\\User', 2, '{\"attributes\":{\"id\":1673,\"uuid\":\"f0c700a6-ab1d-44f9-aaa3-3ece0c3702e3\",\"salary_import_data_id\":221,\"salary_component_id\":32,\"salary_type_id\":\"6\",\"salary_type_name\":\"hra\",\"amount\":\"5039\",\"status\":1,\"created_by\":2,\"updated_by\":2,\"created_at\":\"2025-09-05T09:22:34.000000Z\",\"updated_at\":\"2025-09-05T09:22:34.000000Z\"}}', NULL, '2025-09-05 09:22:34', '2025-09-05 09:22:34'),
(10299, 'default', 'created', 'App\\Models\\SalaryImportDataComponentModel', 'created', 1674, 'App\\Models\\User', 2, '{\"attributes\":{\"id\":1674,\"uuid\":\"65ed2f44-1f2f-4399-9fd4-7dc4c60b9c65\",\"salary_import_data_id\":221,\"salary_component_id\":33,\"salary_type_id\":\"15\",\"salary_type_name\":\"gross\",\"amount\":\"54477\",\"status\":1,\"created_by\":2,\"updated_by\":2,\"created_at\":\"2025-09-05T09:22:34.000000Z\",\"updated_at\":\"2025-09-05T09:22:34.000000Z\"}}', NULL, '2025-09-05 09:22:34', '2025-09-05 09:22:34'),
(10300, 'default', 'created', 'App\\Models\\SalaryImportDataComponentModel', 'created', 1675, 'App\\Models\\User', 2, '{\"attributes\":{\"id\":1675,\"uuid\":\"0da4f24f-8042-4a7a-ba25-bd8395a1b54f\",\"salary_import_data_id\":221,\"salary_component_id\":34,\"salary_type_id\":\"5\",\"salary_type_name\":\"fda\",\"amount\":\"0\",\"status\":1,\"created_by\":2,\"updated_by\":2,\"created_at\":\"2025-09-05T09:22:34.000000Z\",\"updated_at\":\"2025-09-05T09:22:34.000000Z\"}}', NULL, '2025-09-05 09:22:34', '2025-09-05 09:22:34'),
(10301, 'default', 'created', 'App\\Models\\SalaryImportDataComponentModel', 'created', 1676, 'App\\Models\\User', 2, '{\"attributes\":{\"id\":1676,\"uuid\":\"7b586eea-fe81-4212-877a-0e7edef4556c\",\"salary_import_data_id\":221,\"salary_component_id\":35,\"salary_type_id\":\"10\",\"salary_type_name\":\"oa\",\"amount\":\"1500\",\"status\":1,\"created_by\":2,\"updated_by\":2,\"created_at\":\"2025-09-05T09:22:34.000000Z\",\"updated_at\":\"2025-09-05T09:22:34.000000Z\"}}', NULL, '2025-09-05 09:22:34', '2025-09-05 09:22:34'),
(10302, 'default', 'created', 'App\\Models\\SalaryImportDataComponentModel', 'created', 1677, 'App\\Models\\User', 2, '{\"attributes\":{\"id\":1677,\"uuid\":\"5f55c898-8a95-49d6-a6c0-e1f313c4dcdd\",\"salary_import_data_id\":221,\"salary_component_id\":36,\"salary_type_id\":\"21\",\"salary_type_name\":\"esi\",\"amount\":\"0\",\"status\":1,\"created_by\":2,\"updated_by\":2,\"created_at\":\"2025-09-05T09:22:34.000000Z\",\"updated_at\":\"2025-09-05T09:22:34.000000Z\"}}', NULL, '2025-09-05 09:22:34', '2025-09-05 09:22:34'),
(10303, 'default', 'created', 'App\\Models\\SalaryImportDataComponentModel', 'created', 1678, 'App\\Models\\User', 2, '{\"attributes\":{\"id\":1678,\"uuid\":\"046b669c-7a4c-4a87-b54d-0cc93412d5b9\",\"salary_import_data_id\":221,\"salary_component_id\":37,\"salary_type_id\":\"22\",\"salary_type_name\":\"pf\",\"amount\":\"847\",\"status\":1,\"created_by\":2,\"updated_by\":2,\"created_at\":\"2025-09-05T09:22:34.000000Z\",\"updated_at\":\"2025-09-05T09:22:34.000000Z\"}}', NULL, '2025-09-05 09:22:34', '2025-09-05 09:22:34'),
(10304, 'default', 'updated', 'App\\Models\\SalaryImportDataModel', 'updated', 221, 'App\\Models\\User', 2, '{\"attributes\":{\"salary\":\"12747\",\"status\":1},\"old\":{\"salary\":null,\"status\":null}}', NULL, '2025-09-05 09:22:34', '2025-09-05 09:22:34'),
(10305, 'default', 'updated', 'App\\Models\\SalaryImport', 'updated', 59, 'App\\Models\\User', 2, '{\"attributes\":{\"is_generated\":1,\"updated_at\":\"2025-09-05T09:22:59.000000Z\"},\"old\":{\"is_generated\":0,\"updated_at\":\"2025-09-05T09:22:34.000000Z\"}}', NULL, '2025-09-05 09:22:59', '2025-09-05 09:22:59'),
(10306, 'default', 'updated', 'App\\Models\\SalaryImport', 'updated', 59, 'App\\Models\\User', 2, '{\"attributes\":{\"is_esi_pf_generated\":\"1\",\"updated_at\":\"2025-09-05T09:23:28.000000Z\"},\"old\":{\"is_esi_pf_generated\":\"0\",\"updated_at\":\"2025-09-05T09:22:59.000000Z\"}}', NULL, '2025-09-05 09:23:28', '2025-09-05 09:23:28'),
(10307, 'default', 'created', 'App\\Models\\Client_tab1', 'created', 9, 'App\\Models\\User', 2, '{\"attributes\":{\"id\":9,\"uuid\":\"6584924c-d892-4e4d-a618-c02274e73f49\",\"code\":\"009\",\"establishment_name\":\"Santhosh TEST\",\"business_commencement_dt\":\"2025-08-01\",\"address_of_establishment\":\"No:3\\/18,bharathimatha st,\",\"employer_name\":\"Santhosh kumar N\",\"employer_address\":\"No:3\\/18,bharathimatha st, bharathipuram chrompet chennai - 600044\",\"employer_signature\":\"Santhosh\",\"s2_code\":\"0\",\"pf_establish_no\":\"TBTAM006077600A\",\"edli_exemption\":\"YES and NO\",\"esi_establish_no\":\"5100000000000001\",\"proceedings_no\":\"TN\\/AIL\\/202501082025-S2\",\"proceedings_date\":\"2025-08-01\",\"mobile_no\":\"09962356584\",\"telephone_no1\":\"09962356584\",\"telephone_no2\":\"044-22650000\",\"telephone_no3\":\"044-22650001\",\"ownershiptype_id\":3,\"is_temp\":1,\"status\":1,\"created_by\":2,\"updated_by\":2,\"created_at\":\"2025-09-07T16:28:18.000000Z\",\"updated_at\":\"2025-09-07T16:28:18.000000Z\"}}', NULL, '2025-09-07 16:28:18', '2025-09-07 16:28:18'),
(10308, 'default', 'created', 'App\\Models\\Client_tab1', 'created', 10, 'App\\Models\\User', 2, '{\"attributes\":{\"id\":10,\"uuid\":\"6ced502a-929d-466e-9028-f8721430fc2c\",\"code\":\"009\",\"establishment_name\":\"Santhosh TEST\",\"business_commencement_dt\":\"2025-08-01\",\"address_of_establishment\":\"No:3\\/18,bharathimatha st,\",\"employer_name\":\"Santhosh kumar N\",\"employer_address\":\"No:3\\/18,bharathimatha st, bharathipuram chrompet chennai - 600044\",\"employer_signature\":\"Santhosh\",\"s2_code\":\"0\",\"pf_establish_no\":\"TBTAM006077600A\",\"edli_exemption\":\"YES and NO\",\"esi_establish_no\":\"5100000000000001\",\"proceedings_no\":\"TN\\/AIL\\/202501082025-S2\",\"proceedings_date\":\"2025-08-01\",\"mobile_no\":\"09962356584\",\"telephone_no1\":\"09962356584\",\"telephone_no2\":\"044-22650000\",\"telephone_no3\":\"044-22650001\",\"ownershiptype_id\":3,\"is_temp\":1,\"status\":1,\"created_by\":2,\"updated_by\":2,\"created_at\":\"2025-09-07T16:32:46.000000Z\",\"updated_at\":\"2025-09-07T16:32:46.000000Z\"}}', NULL, '2025-09-07 16:32:46', '2025-09-07 16:32:46'),
(10309, 'default', 'created', 'App\\Models\\Client_tab2', 'created', 8, 'App\\Models\\User', 2, '{\"attributes\":{\"id\":8,\"uuid\":\"84f493aa-771c-49f6-8054-c5012c650c22\",\"client_id\":10,\"fax_number\":\"044-22652222\",\"tollfree_number\":\"044-22652224\",\"email\":\"n.santhoshbalaji@gmail.com\",\"website_address\":\"www.s2hrsolutions.com\",\"client_location\":\"1\",\"pan_no\":\"ABCD1234E\",\"registration_number\":\"UC100000000000002025\",\"registration_date\":\"2025-08-01\",\"licence_no\":\"KMP12345\",\"obtaining_licence_date\":\"2025-08-01\",\"industry_type\":\"Software\",\"inception_date\":\"2025-08-20\",\"coverage_date\":\"2025-08-01\",\"esi_calculation_id\":1,\"pf_calculation_id\":1,\"pt_calculation_type\":\"Select option\",\"tnlwf_calculation_id\":1,\"localbody_id\":null,\"status\":1,\"created_by\":2,\"updated_by\":2,\"created_at\":\"2025-09-07T16:32:48.000000Z\",\"updated_at\":\"2025-09-07T16:32:48.000000Z\"}}', NULL, '2025-09-07 16:32:48', '2025-09-07 16:32:48'),
(10310, 'default', 'created', 'App\\Models\\Client_tab2', 'created', 9, 'App\\Models\\User', 2, '{\"attributes\":{\"id\":9,\"uuid\":\"debbd874-daf9-49ff-9143-4811ef706b88\",\"client_id\":10,\"fax_number\":\"044-22652222\",\"tollfree_number\":\"044-22652224\",\"email\":\"n.santhoshbalaji@gmail.com\",\"website_address\":\"www.s2hrsolutions.com\",\"client_location\":\"1\",\"pan_no\":\"ABCD1234E\",\"registration_number\":\"UC100000000000002025\",\"registration_date\":\"2025-08-01\",\"licence_no\":\"KMP12345\",\"obtaining_licence_date\":\"2025-08-01\",\"industry_type\":\"Software\",\"inception_date\":\"2025-08-20\",\"coverage_date\":\"2025-08-01\",\"esi_calculation_id\":1,\"pf_calculation_id\":1,\"pt_calculation_type\":\"Select option\",\"tnlwf_calculation_id\":1,\"localbody_id\":null,\"status\":1,\"created_by\":2,\"updated_by\":2,\"created_at\":\"2025-09-07T16:35:03.000000Z\",\"updated_at\":\"2025-09-07T16:35:03.000000Z\"}}', NULL, '2025-09-07 16:35:03', '2025-09-07 16:35:03'),
(10311, 'default', 'created', 'App\\Models\\Client_tab1', 'created', 11, 'App\\Models\\User', 2, '{\"attributes\":{\"id\":11,\"uuid\":\"cd21150c-02ff-4558-8358-3d9976ead67a\",\"code\":\"009\",\"establishment_name\":\"Santhosh TEST\",\"business_commencement_dt\":\"2025-08-01\",\"address_of_establishment\":\"No:3\\/18,bharathimatha st,\",\"employer_name\":\"Santhosh kumar N\",\"employer_address\":\"No:3\\/18,bharathimatha st, bharathipuram chrompet chennai - 600044\",\"employer_signature\":\"Santhosh\",\"s2_code\":\"0\",\"pf_establish_no\":\"TBTAM006077600A\",\"edli_exemption\":\"YES and NO\",\"esi_establish_no\":\"5100000000000001\",\"proceedings_no\":\"TN\\/AIL\\/202501082025-S2\",\"proceedings_date\":\"2025-08-01\",\"mobile_no\":\"09962356584\",\"telephone_no1\":\"09962356584\",\"telephone_no2\":\"044-22650000\",\"telephone_no3\":\"044-22650001\",\"ownershiptype_id\":3,\"is_temp\":1,\"status\":1,\"created_by\":2,\"updated_by\":2,\"created_at\":\"2025-09-07T16:47:18.000000Z\",\"updated_at\":\"2025-09-07T16:47:18.000000Z\"}}', NULL, '2025-09-07 16:47:18', '2025-09-07 16:47:18'),
(10312, 'default', 'updated', 'App\\Models\\Client_tab3', 'updated', 6, 'App\\Models\\User', 2, '{\"attributes\":{\"attendance_marking_id\":null,\"weeklyoff_markers\":null,\"pf_jurisdiction_id\":null,\"updated_at\":\"2025-09-08T05:45:36.000000Z\"},\"old\":{\"attendance_marking_id\":1,\"weeklyoff_markers\":\"remove the field\",\"pf_jurisdiction_id\":\"duplicate field\",\"updated_at\":\"2025-08-23T06:51:48.000000Z\"}}', NULL, '2025-09-08 05:45:36', '2025-09-08 05:45:36'),
(10313, 'default', 'updated', 'App\\Models\\Client_tab4', 'updated', 5, 'App\\Models\\User', 2, '{\"attributes\":{\"own_code\":null,\"mw_industry_id\":null,\"mw_zone_id\":null,\"nf_holiday\":null,\"updated_at\":\"2025-09-08T05:45:37.000000Z\"},\"old\":{\"own_code\":\"remove\",\"mw_industry_id\":1,\"mw_zone_id\":5,\"nf_holiday\":\"remove the field\",\"updated_at\":\"2025-08-23T06:54:33.000000Z\"}}', NULL, '2025-09-08 05:45:37', '2025-09-08 05:45:37'),
(10314, 'default', 'updated', 'App\\Models\\Client_tab5', 'updated', 5, 'App\\Models\\User', 2, '{\"attributes\":{\"fy_from\":null,\"fy_to\":null,\"updated_at\":\"2025-09-08T05:45:39.000000Z\"},\"old\":{\"fy_from\":\"date or characters\",\"fy_to\":\"date or characters\",\"updated_at\":\"2025-08-23T07:07:28.000000Z\"}}', NULL, '2025-09-08 05:45:39', '2025-09-08 05:45:39'),
(10315, 'default', 'updated', 'App\\Models\\ClientLocation_tab6', 'updated', 6, 'App\\Models\\User', 2, '{\"attributes\":{\"mw_industry_category\":null,\"mw_zone_classification\":null,\"manager_ipscode\":null,\"occupier_ipscode\":null,\"updated_at\":\"2025-09-08T05:45:54.000000Z\"},\"old\":{\"mw_industry_category\":\"Dropdown\",\"mw_zone_classification\":\"dropdown\",\"manager_ipscode\":45454545,\"occupier_ipscode\":4454545,\"updated_at\":\"2025-08-23T07:42:55.000000Z\"}}', NULL, '2025-09-08 05:45:54', '2025-09-08 05:45:54'),
(10316, 'default', 'updated', 'App\\Models\\EmployeeTab1', 'updated', 153, 'App\\Models\\User', 2, '{\"attributes\":{\"location_code\":null,\"updated_by\":2,\"updated_at\":\"2025-09-08T05:46:07.000000Z\"},\"old\":{\"location_code\":\"\",\"updated_by\":1,\"updated_at\":\"2025-09-05T05:26:00.000000Z\"}}', NULL, '2025-09-08 05:46:07', '2025-09-08 05:46:07'),
(10317, 'default', 'updated', 'App\\Models\\EmployeeTab2', 'updated', 153, 'App\\Models\\User', 2, '{\"attributes\":{\"expat\":\"1\",\"updated_by\":2,\"updated_at\":\"2025-09-08T05:46:08.000000Z\"},\"old\":{\"expat\":\"N\",\"updated_by\":1,\"updated_at\":\"2025-09-05T05:26:00.000000Z\"}}', NULL, '2025-09-08 05:46:08', '2025-09-08 05:46:08'),
(10318, 'default', 'updated', 'App\\Models\\EmployeeTab3', 'updated', 155, 'App\\Models\\User', 2, '{\"attributes\":{\"updated_by\":2,\"updated_at\":\"2025-09-08T05:46:09.000000Z\"},\"old\":{\"updated_by\":1,\"updated_at\":\"2025-09-05T05:26:00.000000Z\"}}', NULL, '2025-09-08 05:46:09', '2025-09-08 05:46:09'),
(10319, 'default', 'updated', 'App\\Models\\EmployeeTab4', 'updated', 155, 'App\\Models\\User', 2, '{\"attributes\":{\"bank_name\":null,\"bank_acc_num\":null,\"updated_by\":2,\"updated_at\":\"2025-09-08T05:46:11.000000Z\"},\"old\":{\"bank_name\":\"\",\"bank_acc_num\":\"\",\"updated_by\":1,\"updated_at\":\"2025-09-05T05:26:00.000000Z\"}}', NULL, '2025-09-08 05:46:11', '2025-09-08 05:46:11'),
(10320, 'default', 'updated', 'App\\Models\\EmployeeTab5', 'updated', 154, 'App\\Models\\User', 2, '{\"attributes\":{\"category\":null,\"woff\":null,\"woff_marker\":\"1\",\"woff_marker1\":\"1\",\"prv_emp_pfno\":null,\"pf_wages\":null,\"prv_emp_esino\":null,\"updated_by\":2,\"updated_at\":\"2025-09-08T05:46:12.000000Z\"},\"old\":{\"category\":\"\",\"woff\":\"Thursday\",\"woff_marker\":null,\"woff_marker1\":null,\"prv_emp_pfno\":\"\",\"pf_wages\":\"\",\"prv_emp_esino\":\"\",\"updated_by\":1,\"updated_at\":\"2025-09-05T05:26:00.000000Z\"}}', NULL, '2025-09-08 05:46:12', '2025-09-08 05:46:12'),
(10321, 'default', 'updated', 'App\\Models\\EmployeeTab6', 'updated', 156, 'App\\Models\\User', 2, '{\"attributes\":{\"dtoconf\":null,\"bank_branch\":null,\"bank_add\":null,\"ifsc_code\":null,\"updated_by\":2,\"updated_at\":\"2025-09-08T05:46:14.000000Z\"},\"old\":{\"dtoconf\":\"\",\"bank_branch\":\"\",\"bank_add\":\"\",\"ifsc_code\":\"\",\"updated_by\":1,\"updated_at\":\"2025-09-05T05:26:00.000000Z\"}}', NULL, '2025-09-08 05:46:14', '2025-09-08 05:46:14'),
(10322, 'default', 'updated', 'App\\Models\\EmployeeTab7', 'updated', 151, 'App\\Models\\User', 2, '{\"attributes\":{\"physically_challange\":\"yes\",\"physically_challange_category\":null,\"pension_eligibility\":\"yes\",\"aadhar_no\":null,\"driving_licence_number\":null,\"election_card_number\":null,\"ration_card_number\":null,\"passport_number\":null,\"first_time_employement\":\"yes\",\"previous_pf_settled\":\"yes\",\"previous_pension_settled\":\"yes\",\"expat_country\":null,\"updated_by\":2,\"updated_at\":\"2025-09-08T05:46:15.000000Z\"},\"old\":{\"physically_challange\":\"\",\"physically_challange_category\":\"\",\"pension_eligibility\":\"\",\"aadhar_no\":\"\",\"driving_licence_number\":\"\",\"election_card_number\":\"\",\"ration_card_number\":\"\",\"passport_number\":\"\",\"first_time_employement\":\"\",\"previous_pf_settled\":\"\",\"previous_pension_settled\":\"\",\"expat_country\":\"\",\"updated_by\":1,\"updated_at\":\"2025-09-05T05:26:00.000000Z\"}}', NULL, '2025-09-08 05:46:15', '2025-09-08 05:46:15'),
(10323, 'default', 'updated', 'App\\Models\\EmployeeTab8', 'updated', 151, 'App\\Models\\User', 2, '{\"attributes\":{\"name_aadhar\":null,\"name_pan\":null,\"name_bank\":null,\"name_passport\":null,\"name_driving_license\":null,\"name_vote_id\":null,\"father_aadhar\":null,\"mother_name\":null,\"mother_aadhar\":null,\"spouse_name\":null,\"spouse_aadhar\":null,\"child1_name\":null,\"child1_gender\":null,\"child1_aadhar\":null,\"child2_name\":null,\"child2_gender\":null,\"child2_aadhar\":null,\"nominee1_name\":null,\"nominee1_gender\":null,\"esi_gross\":null,\"updated_by\":2,\"updated_at\":\"2025-09-08T05:46:17.000000Z\"},\"old\":{\"name_aadhar\":\"\",\"name_pan\":\"\",\"name_bank\":\"\",\"name_passport\":\"\",\"name_driving_license\":\"\",\"name_vote_id\":\"\",\"father_aadhar\":\"\",\"mother_name\":\"\",\"mother_aadhar\":\"\",\"spouse_name\":\"\",\"spouse_aadhar\":\"\",\"child1_name\":\"\",\"child1_gender\":\"\",\"child1_aadhar\":\"\",\"child2_name\":\"\",\"child2_gender\":\"\",\"child2_aadhar\":\"\",\"nominee1_name\":\"\",\"nominee1_gender\":\"\",\"esi_gross\":\"\",\"updated_by\":1,\"updated_at\":\"2025-09-05T05:26:00.000000Z\"}}', NULL, '2025-09-08 05:46:17', '2025-09-08 05:46:17'),
(10324, 'default', 'created', 'App\\Models\\Client_tab1', 'created', 12, 'App\\Models\\User', 2, '{\"attributes\":{\"id\":12,\"uuid\":\"9fed05b2-5c4c-45f2-9477-75d3d94abdac\",\"code\":\"010\",\"establishment_name\":\"Santhosh TEST\",\"business_commencement_dt\":\"2025-08-01\",\"address_of_establishment\":\"No:3\\/18,bharathimatha st,\",\"employer_name\":\"Santhosh kumar N\",\"employer_address\":\"No:3\\/18,bharathimatha st,\",\"employer_signature\":\"Santhosh\",\"s2_code\":\"0\",\"pf_establish_no\":\"TBTAM006077600A\",\"edli_exemption\":\"YES and NO\",\"esi_establish_no\":\"5100000000000001\",\"proceedings_no\":\"TN\\/AIL\\/202501082025-S2\",\"proceedings_date\":\"2025-08-01\",\"mobile_no\":\"09962356584\",\"telephone_no1\":\"044-22650001\",\"telephone_no2\":\"044-22650002\",\"telephone_no3\":\"044-22650003\",\"ownershiptype_id\":3,\"is_temp\":1,\"status\":1,\"created_by\":2,\"updated_by\":2,\"created_at\":\"2025-09-09T03:20:50.000000Z\",\"updated_at\":\"2025-09-09T03:20:50.000000Z\"}}', NULL, '2025-09-09 03:20:50', '2025-09-09 03:20:50'),
(10325, 'default', 'created', 'App\\Models\\Client_tab1', 'created', 13, 'App\\Models\\User', 2, '{\"attributes\":{\"id\":13,\"uuid\":\"ddbf5d1e-6122-493f-8064-ae799dd486a6\",\"code\":\"010\",\"establishment_name\":\"Santhosh TEST\",\"business_commencement_dt\":\"2025-08-01\",\"address_of_establishment\":\"No:3\\/18,bharathimatha st,\",\"employer_name\":\"Santhosh kumar N\",\"employer_address\":\"No:3\\/18,bharathimatha st,\",\"employer_signature\":\"Santhosh\",\"s2_code\":\"0\",\"pf_establish_no\":\"TBTAM006077600A\",\"edli_exemption\":\"YES and NO\",\"esi_establish_no\":\"5100000000000001\",\"proceedings_no\":\"TN\\/AIL\\/202501082025-S2\",\"proceedings_date\":\"2025-08-01\",\"mobile_no\":\"09962356584\",\"telephone_no1\":\"044-22650001\",\"telephone_no2\":\"044-22650002\",\"telephone_no3\":\"044-22650003\",\"ownershiptype_id\":3,\"is_temp\":1,\"status\":1,\"created_by\":2,\"updated_by\":2,\"created_at\":\"2025-09-09T03:22:06.000000Z\",\"updated_at\":\"2025-09-09T03:22:06.000000Z\"}}', NULL, '2025-09-09 03:22:06', '2025-09-09 03:22:06'),
(10326, 'default', 'created', 'App\\Models\\Client_tab2', 'created', 10, 'App\\Models\\User', 2, '{\"attributes\":{\"id\":10,\"uuid\":\"b631be2c-2df1-4d8a-9cd8-91a840fee45f\",\"client_id\":13,\"fax_number\":\"044-22652222\",\"tollfree_number\":\"044-22652224\",\"email\":\"n.santhoshbalaji@gmail.com\",\"website_address\":\"No:3\\/18,bharathimatha st,\",\"client_location\":\"1\",\"pan_no\":\"ABCD1234E\",\"registration_number\":\"UC100000000000002025\",\"registration_date\":\"2025-08-01\",\"licence_no\":\"KMP12345\",\"obtaining_licence_date\":\"2025-08-01\",\"industry_type\":\"Software\",\"inception_date\":\"2025-08-01\",\"coverage_date\":\"2025-08-01\",\"esi_calculation_id\":1,\"pf_calculation_id\":1,\"pt_calculation_type\":\"Select option should come\",\"tnlwf_calculation_id\":1,\"localbody_id\":null,\"status\":1,\"created_by\":2,\"updated_by\":2,\"created_at\":\"2025-09-09T03:22:08.000000Z\",\"updated_at\":\"2025-09-09T03:22:08.000000Z\"}}', NULL, '2025-09-09 03:22:08', '2025-09-09 03:22:08'),
(10327, 'default', 'created', 'App\\Models\\Client_tab2', 'created', 11, 'App\\Models\\User', 2, '{\"attributes\":{\"id\":11,\"uuid\":\"c2b5ffb6-929e-48e6-8582-a50ea0e25c67\",\"client_id\":13,\"fax_number\":\"044-22652222\",\"tollfree_number\":\"044-22652224\",\"email\":\"n.santhoshbalaji@gmail.com\",\"website_address\":\"No:3\\/18,bharathimatha st,\",\"client_location\":\"1\",\"pan_no\":\"ABCD1234E\",\"registration_number\":\"UC100000000000002025\",\"registration_date\":\"2025-08-01\",\"licence_no\":\"KMP12345\",\"obtaining_licence_date\":\"2025-08-01\",\"industry_type\":\"Software\",\"inception_date\":\"2025-08-01\",\"coverage_date\":\"2025-08-01\",\"esi_calculation_id\":1,\"pf_calculation_id\":1,\"pt_calculation_type\":\"Select option should come\",\"tnlwf_calculation_id\":1,\"localbody_id\":null,\"status\":1,\"created_by\":2,\"updated_by\":2,\"created_at\":\"2025-09-09T03:23:12.000000Z\",\"updated_at\":\"2025-09-09T03:23:12.000000Z\"}}', NULL, '2025-09-09 03:23:12', '2025-09-09 03:23:12'),
(10328, 'default', 'created', 'App\\Models\\Client_tab3', 'created', 7, 'App\\Models\\User', 2, '{\"attributes\":{\"id\":7,\"uuid\":\"58daf745-85ee-4a5a-9773-9878cb36a065\",\"client_id\":13,\"attendance_marking_id\":null,\"attendance_markings\":\"Select option should come\",\"weeklyoff_id\":3,\"weeklyoff_markers\":null,\"weeklyoff1_id\":4,\"weeklyoff1_markers\":null,\"denomination_salary_id\":1,\"single_point_contact\":\"santhosh\",\"esi_office_id\":1,\"if_jurisdiction_id\":3,\"il_jurisdiction_id\":1,\"pf_jurisdiction_notused\":1,\"pf_group\":\"56\\/4\",\"fire_jurisdiction_id\":2,\"police_jurisdiction_id\":2,\"trade_licence_id\":1,\"pf_jurisdiction_id\":null,\"status\":1,\"created_by\":2,\"updated_by\":2,\"created_at\":\"2025-09-09T03:23:13.000000Z\",\"updated_at\":\"2025-09-09T03:23:13.000000Z\"}}', NULL, '2025-09-09 03:23:13', '2025-09-09 03:23:13'),
(10329, 'default', 'created', 'App\\Models\\Client_tab4', 'created', 6, 'App\\Models\\User', 2, '{\"attributes\":{\"id\":6,\"uuid\":\"99440128-458e-40f1-8104-c72010376b80\",\"client_id\":13,\"ot_calculation_id\":1,\"own_code\":null,\"mw_industry_id\":null,\"mw_zone_id\":null,\"nf_holiday\":null,\"applicable_shifts\":\"9.30 AM\",\"applicable_leave\":\"6.30 PM\",\"time_end\":\"1.00 to 1.30 PM\",\"max_no_employee\":\"100\",\"closure_date\":\"1900-01-01\",\"is_seasonal_industry\":0,\"relevant_information\":\"Nothing\",\"remarks\":\"Issue\",\"applicable_enactments\":\"Shop Act\",\"client_type_id\":3,\"status\":1,\"created_by\":2,\"updated_by\":2,\"created_at\":\"2025-09-09T03:24:46.000000Z\",\"updated_at\":\"2025-09-09T03:24:46.000000Z\"}}', NULL, '2025-09-09 03:24:46', '2025-09-09 03:24:46'),
(10330, 'default', 'created', 'App\\Models\\Client_tab5', 'created', 6, 'App\\Models\\User', 2, '{\"attributes\":{\"id\":6,\"uuid\":\"593e1728-da7d-4360-b980-e7e7e6ebac20\",\"client_id\":13,\"wage_period\":\"MONTHLY\",\"fy_from\":\"2025-08-01\",\"fy_to\":\"2025-08-31\",\"fromatt_period\":\"01\",\"uptoatt_period\":\"31\",\"rul_to_pay\":\"NO\",\"rul_notto_pay\":\"NO\",\"attdays_calculation_type\":\"Calendar\",\"is_live_client\":1,\"is_billable_client\":0,\"agreement_date\":\"2025-08-01\",\"service_effective_date\":\"2026-07-31\",\"service_termination_date\":\"2026-07-31\",\"billing_frequency\":1,\"billing_custom_type\":1,\"locationwise_billing\":0,\"shift_id\":1,\"gst_no\":\"GST000000000123456\",\"collection_exec\":\"Santhosh\",\"status\":1,\"created_by\":2,\"updated_by\":2,\"created_at\":\"2025-09-09T03:27:36.000000Z\",\"updated_at\":\"2025-09-09T03:27:36.000000Z\"}}', NULL, '2025-09-09 03:27:36', '2025-09-09 03:27:36'),
(10331, 'default', 'updated', 'App\\Models\\Client_tab1', 'updated', 13, 'App\\Models\\User', 2, '{\"attributes\":{\"is_temp\":0,\"updated_at\":\"2025-09-09T03:27:36.000000Z\"},\"old\":{\"is_temp\":1,\"updated_at\":\"2025-09-09T03:22:06.000000Z\"}}', NULL, '2025-09-09 03:27:36', '2025-09-09 03:27:36'),
(10332, 'default', 'created', 'App\\Models\\ClientLocation_tab1', 'created', 12, 'App\\Models\\User', 2, '{\"attributes\":{\"id\":12,\"uuid\":\"72194d57-82c6-434e-b2f8-e69ff1998e09\",\"code\":\"008\",\"location_id\":1,\"client_id\":13,\"client_location\":\"Chrompet\",\"esi_lo\":1,\"address\":\"No.3 Bharatha madha st, Bharathipuram, Chromepet,Chennai - 600044.\",\"esi_number\":\"5100000001235646\",\"pf_number\":\"TNTBM06066700B\",\"is_exempted_from_edli\":1,\"pf_group\":\"62\\/2\",\"pf_jurisdiction_id\":3,\"clra_id\":1,\"nature_of_work\":\"Software\",\"date_of_start\":\"2025-08-01\",\"fest_app_proc_no\":\"TN\\/AIL\\/202500000001234566\",\"date_of_fest_app_proc_no\":\"2025-08-01\",\"fa_lic_no\":\"KPM123456\",\"date_for_fa_lic_no\":\"2025-08-01\",\"fa_reg_no\":\"123456979\",\"date_for_reg_lic_no\":\"2025-08-01\",\"fa_lic_fee\":\"LIC1234569\",\"is_temp\":1,\"status\":1,\"created_by\":2,\"updated_by\":2,\"created_at\":\"2025-09-09T03:32:06.000000Z\",\"updated_at\":\"2025-09-09T03:32:06.000000Z\"}}', NULL, '2025-09-09 03:32:06', '2025-09-09 03:32:06'),
(10333, 'default', 'created', 'App\\Models\\ClientLocation_tab2', 'created', 10, 'App\\Models\\User', 2, '{\"attributes\":{\"id\":10,\"client_location_id\":12,\"uuid\":\"d55c26d3-226a-4f42-8775-276d2db3b408\",\"fa_authority_id\":2,\"if_jurisdiction_id\":3,\"stability_certificate_authority_id\":5,\"plan_issuing_authority_id\":3,\"ca_authority_id\":7,\"cat_jurisdiction_id\":9,\"stability_cert_no\":\"ST123456789\",\"stability_cert_dt\":\"2025-08-01\",\"stability_reg_no\":\"STR123456789\",\"stb_cert_reg_dt\":\"2025-08-01\",\"init_plan_app_no\":\"PLAN456789\",\"init_plan_app_dt\":\"2025-08-01\",\"plan_reg_no\":\"PLAN123456789\",\"plan_reg_dt\":\"2025-08-01\",\"init_ca_lic_no\":\"APP123456789\",\"init_ca_lic_dt\":\"2025-08-01\",\"cat_lic_reg_no\":\"CAT123456789\",\"cat_lic_reg_dt\":\"2025-08-01\",\"cat_lice_fee_paid_initial\":\"5000\",\"status\":1,\"created_by\":2,\"updated_by\":2,\"created_at\":\"2025-09-09T03:34:07.000000Z\",\"updated_at\":\"2025-09-09T03:34:07.000000Z\"}}', NULL, '2025-09-09 03:34:07', '2025-09-09 03:34:07'),
(10334, 'default', 'created', 'App\\Models\\ClientLocation_tab3', 'created', 10, 'App\\Models\\User', 2, '{\"attributes\":{\"id\":10,\"client_location_id\":12,\"uuid\":\"c234ac4d-33e2-47d4-92cf-00e479cc120c\",\"shop_licence_no\":\"TN\\/AIL\\/123456789\",\"shop_licence_dt\":\"2025-08-01\",\"shop_licence_reg_no\":\"123456789\",\"shop_licence_reg_dt\":\"2025-08-01\",\"shop_licence_fee_paid\":\"LIC123456789\",\"sa_authority_id\":11,\"shop_jurisdiction_id\":13,\"pt_licence_no\":\"12-164-PE-002265\",\"pt_licence_dt\":\"2025-08-01\",\"pt_licence_reg_no\":\"12-164-PE-123466\",\"pt_licence_reg_dt\":\"2025-08-01\",\"pt_authority_id\":15,\"pt_jurisdiction_id\":18,\"trade_licence_no\":\"TR123456789\",\"trade_licence_dt\":\"2025-08-01\",\"trade_licence_reg_no\":\"TR123456789\",\"trade_licence_reg_dt\":\"2025-08-01\",\"trade_licence_fee_paid\":\"15000\",\"trd_authority_id\":19,\"trade_jurisdiction_id\":20,\"status\":1,\"created_by\":2,\"updated_by\":2,\"created_at\":\"2025-09-09T03:36:29.000000Z\",\"updated_at\":\"2025-09-09T03:36:29.000000Z\"}}', NULL, '2025-09-09 03:36:29', '2025-09-09 03:36:29'),
(10335, 'default', 'created', 'App\\Models\\ClientLocation_tab4', 'created', 10, 'App\\Models\\User', 2, '{\"attributes\":{\"id\":10,\"client_location_id\":12,\"uuid\":\"21f1eff3-6500-42cb-9c5f-11c3b4719f33\",\"fire_licence_no\":\"LIC123456\",\"fire_licence_dt\":\"2025-08-01\",\"fire_licence_reg_no\":\"FIRE123456\",\"fire_licence_reg_dt\":\"2025-08-01\",\"fire_licence_fee_paid\":\"15000\",\"fire_authority_id\":21,\"fire_jurisdiction_id\":27,\"panch_licence_no\":\"PACH123456789\",\"panch_licence_dt\":\"2025-08-01\",\"panch_licence_reg_no\":\"PANCH123456789\",\"panch_licence_reg_dt\":\"2025-08-01\",\"panch_licence_fee_paid\":\"PANCH1234\",\"panchayat_authority_id\":22,\"panchayat_jurisdiction_id\":23,\"status\":1,\"created_by\":2,\"updated_by\":2,\"created_at\":\"2025-09-09T03:37:45.000000Z\",\"updated_at\":\"2025-09-09T03:37:45.000000Z\"}}', NULL, '2025-09-09 03:37:45', '2025-09-09 03:37:45'),
(10336, 'default', 'created', 'App\\Models\\ClientLocation_tab5', 'created', 11, 'App\\Models\\User', 2, '{\"attributes\":{\"id\":11,\"client_location_id\":12,\"uuid\":\"975613fc-67b9-404e-a811-28a2e73c8c1d\",\"police_licence_no\":\"POL123456789\",\"police_licence_dt\":\"2025-08-01\",\"police_licence_reg_no\":\"LIC123456789\",\"police_licence_reg_dt\":\"2025-08-01\",\"police_licence_fee\":\"LIC123456789\",\"police_authority_id\":24,\"police_jurisdiction_id\":28,\"rc_no\":\"RC123456789\",\"rc_dt\":\"2025-08-01\",\"rc_reg_no\":\"RC123456789\",\"rc_reg_dt\":\"2025-08-01\",\"rc_fee_paid\":\"15000\",\"clra_rc_authority_id\":25,\"cont_license_no\":\"CLRA123456789\",\"cont_license_dt\":\"2025-08-01\",\"cont_license_reg_no\":\"CLRA123345\",\"cont_license_reg_dt\":\"2025-08-01\",\"cont_license_fee\":\"1800\",\"clra_lic_authority_id\":26,\"status\":1,\"created_by\":2,\"updated_by\":2,\"created_at\":\"2025-09-09T03:39:16.000000Z\",\"updated_at\":\"2025-09-09T03:39:16.000000Z\"}}', NULL, '2025-09-09 03:39:16', '2025-09-09 03:39:16'),
(10337, 'default', 'created', 'App\\Models\\ClientLocation_tab6', 'created', 7, 'App\\Models\\User', 2, '{\"attributes\":{\"id\":7,\"client_location_id\":12,\"uuid\":\"718eca2d-d743-4a7c-9ed1-148aff2f96ec\",\"contractor_convicted\":\"NIL\",\"order_against_contractor\":\"NIL\",\"contractor_worked_anywhere\":\"NIL\",\"mw_industry_category\":null,\"mw_zone_classification\":null,\"date_of_closure\":\"2026-07-31\",\"reason_of_closure\":\"Closed\",\"telephone_number\":\"044-22652222\",\"mobile_number\":\"09962356584\",\"fax_number\":\"044-22652222\",\"email\":\"n_santhosh_kumar@yahoo.com\",\"website\":\"No:3\\/18,bharathimatha st,\",\"manager_ipscode\":null,\"occupier_ipscode\":null,\"toll_free_number\":\"180000000164564\",\"pan_number\":\"AAJCA2297F\",\"cli_loc_gst_number\":\"GST12337498794\",\"is_active\":\"1\",\"close_date\":\"2026-07-31\",\"status\":1,\"created_by\":2,\"updated_by\":2,\"created_at\":\"2025-09-09T03:40:29.000000Z\",\"updated_at\":\"2025-09-09T03:40:29.000000Z\"}}', NULL, '2025-09-09 03:40:29', '2025-09-09 03:40:29'),
(10338, 'default', 'updated', 'App\\Models\\ClientLocation_tab1', 'updated', 12, 'App\\Models\\User', 2, '{\"attributes\":{\"is_temp\":0,\"updated_at\":\"2025-09-09T03:40:29.000000Z\"},\"old\":{\"is_temp\":1,\"updated_at\":\"2025-09-09T03:32:06.000000Z\"}}', NULL, '2025-09-09 03:40:29', '2025-09-09 03:40:29'),
(10339, 'default', 'created', 'App\\Models\\ClientLocation_tab1', 'created', 13, 'App\\Models\\User', 2, '{\"attributes\":{\"id\":13,\"uuid\":\"f03bdea2-ac7e-4d9b-af39-4eb57a57d915\",\"code\":\"009\",\"location_id\":2,\"client_id\":13,\"client_location\":\"Coimbatore\",\"esi_lo\":2,\"address\":\"No.3 Bharatha madha st, Bharathipuram, Coimbatore\",\"esi_number\":\"5100000001235256\",\"pf_number\":\"TNTBM06066700C\",\"is_exempted_from_edli\":1,\"pf_group\":\"56\\/4\",\"pf_jurisdiction_id\":3,\"clra_id\":1,\"nature_of_work\":\"Software\",\"date_of_start\":\"2025-08-01\",\"fest_app_proc_no\":\"TN\\/AIL\\/202500000001234256\",\"date_of_fest_app_proc_no\":\"2025-08-01\",\"fa_lic_no\":\"KPM123236\",\"date_for_fa_lic_no\":\"2025-08-01\",\"fa_reg_no\":\"NA\",\"date_for_reg_lic_no\":\"2025-08-01\",\"fa_lic_fee\":\"LIC1234576\",\"is_temp\":1,\"status\":1,\"created_by\":2,\"updated_by\":2,\"created_at\":\"2025-09-17T07:00:33.000000Z\",\"updated_at\":\"2025-09-17T07:00:33.000000Z\"}}', NULL, '2025-09-17 07:00:33', '2025-09-17 07:00:33'),
(10340, 'default', 'created', 'App\\Models\\ClientLocation_tab2', 'created', 11, 'App\\Models\\User', 2, '{\"attributes\":{\"id\":11,\"client_location_id\":13,\"uuid\":\"4cfb0468-fb18-4bd2-b174-8257bc5ef2b7\",\"fa_authority_id\":2,\"if_jurisdiction_id\":3,\"stability_certificate_authority_id\":6,\"plan_issuing_authority_id\":4,\"ca_authority_id\":7,\"cat_jurisdiction_id\":10,\"stability_cert_no\":\"ST1234567912\",\"stability_cert_dt\":\"2025-08-01\",\"stability_reg_no\":\"STR12345564\",\"stb_cert_reg_dt\":\"2025-08-01\",\"init_plan_app_no\":\"PLAN45645454\",\"init_plan_app_dt\":\"2025-08-01\",\"plan_reg_no\":\"PLAN1234566496\",\"plan_reg_dt\":\"2025-08-01\",\"init_ca_lic_no\":\"APP123154564\",\"init_ca_lic_dt\":\"2025-08-01\",\"cat_lic_reg_no\":\"CAT123456555\",\"cat_lic_reg_dt\":\"2025-08-01\",\"cat_lice_fee_paid_initial\":\"5000\",\"status\":1,\"created_by\":2,\"updated_by\":2,\"created_at\":\"2025-09-17T07:02:00.000000Z\",\"updated_at\":\"2025-09-17T07:02:00.000000Z\"}}', NULL, '2025-09-17 07:02:00', '2025-09-17 07:02:00');
INSERT INTO `activity_log` (`id`, `log_name`, `description`, `subject_type`, `event`, `subject_id`, `causer_type`, `causer_id`, `properties`, `batch_uuid`, `created_at`, `updated_at`) VALUES
(10341, 'default', 'created', 'App\\Models\\ClientLocation_tab3', 'created', 11, 'App\\Models\\User', 2, '{\"attributes\":{\"id\":11,\"client_location_id\":13,\"uuid\":\"c30bfc30-eef0-4ff9-bf6a-b4e8d3c1935b\",\"shop_licence_no\":\"TN\\/AIL\\/123415416546\",\"shop_licence_dt\":\"2025-08-01\",\"shop_licence_reg_no\":\"12346567979\",\"shop_licence_reg_dt\":\"2025-08-01\",\"shop_licence_fee_paid\":\"LIC1234545454\",\"sa_authority_id\":12,\"shop_jurisdiction_id\":13,\"pt_licence_no\":\"12-164-PE-002789\",\"pt_licence_dt\":\"2025-08-01\",\"pt_licence_reg_no\":\"12-164-PE-123897\",\"pt_licence_reg_dt\":\"2025-08-01\",\"pt_authority_id\":15,\"pt_jurisdiction_id\":18,\"trade_licence_no\":\"TR123455454654\",\"trade_licence_dt\":\"2025-08-01\",\"trade_licence_reg_no\":\"TR1234516546\",\"trade_licence_reg_dt\":\"2025-08-01\",\"trade_licence_fee_paid\":\"15000\",\"trd_authority_id\":19,\"trade_jurisdiction_id\":20,\"status\":1,\"created_by\":2,\"updated_by\":2,\"created_at\":\"2025-09-17T07:05:35.000000Z\",\"updated_at\":\"2025-09-17T07:05:35.000000Z\"}}', NULL, '2025-09-17 07:05:35', '2025-09-17 07:05:35'),
(10342, 'default', 'created', 'App\\Models\\ClientLocation_tab4', 'created', 11, 'App\\Models\\User', 2, '{\"attributes\":{\"id\":11,\"client_location_id\":13,\"uuid\":\"49566e55-18f6-4999-beac-c8a209b587e6\",\"fire_licence_no\":\"LIC123165146\",\"fire_licence_dt\":\"2025-08-01\",\"fire_licence_reg_no\":\"FIRE123566\",\"fire_licence_reg_dt\":\"2025-08-01\",\"fire_licence_fee_paid\":\"15000\",\"fire_authority_id\":21,\"fire_jurisdiction_id\":27,\"panch_licence_no\":\"PACH12341541\",\"panch_licence_dt\":\"2025-08-01\",\"panch_licence_reg_no\":\"PANCH12345515\",\"panch_licence_reg_dt\":\"2025-08-01\",\"panch_licence_fee_paid\":\"PANCH115415\",\"panchayat_authority_id\":22,\"panchayat_jurisdiction_id\":23,\"status\":1,\"created_by\":2,\"updated_by\":2,\"created_at\":\"2025-09-17T07:06:25.000000Z\",\"updated_at\":\"2025-09-17T07:06:25.000000Z\"}}', NULL, '2025-09-17 07:06:25', '2025-09-17 07:06:25'),
(10343, 'default', 'created', 'App\\Models\\ClientLocation_tab5', 'created', 12, 'App\\Models\\User', 2, '{\"attributes\":{\"id\":12,\"client_location_id\":13,\"uuid\":\"3a7df5ed-0780-4f6b-b2e9-256b06b47f33\",\"police_licence_no\":\"POL12345155\",\"police_licence_dt\":\"2025-08-01\",\"police_licence_reg_no\":\"LIC123415151\",\"police_licence_reg_dt\":\"2025-08-01\",\"police_licence_fee\":\"LIC12351515\",\"police_authority_id\":24,\"police_jurisdiction_id\":28,\"rc_no\":\"RC123451514\",\"rc_dt\":\"2025-08-01\",\"rc_reg_no\":\"RC1234515\",\"rc_reg_dt\":\"2025-08-01\",\"rc_fee_paid\":\"15000\",\"clra_rc_authority_id\":25,\"cont_license_no\":\"CLRA12345151\",\"cont_license_dt\":\"2025-08-01\",\"cont_license_reg_no\":\"CLRA12151\",\"cont_license_reg_dt\":\"2025-08-01\",\"cont_license_fee\":\"1800\",\"clra_lic_authority_id\":26,\"status\":1,\"created_by\":2,\"updated_by\":2,\"created_at\":\"2025-09-17T07:07:28.000000Z\",\"updated_at\":\"2025-09-17T07:07:28.000000Z\"}}', NULL, '2025-09-17 07:07:28', '2025-09-17 07:07:28'),
(10344, 'default', 'created', 'App\\Models\\ClientLocation_tab6', 'created', 8, 'App\\Models\\User', 2, '{\"attributes\":{\"id\":8,\"client_location_id\":13,\"uuid\":\"53c53266-8055-49bf-aace-4d27772f87a7\",\"contractor_convicted\":\"NIL\",\"order_against_contractor\":\"NIL\",\"contractor_worked_anywhere\":\"NIL\",\"mw_industry_category\":null,\"mw_zone_classification\":null,\"date_of_closure\":\"1900-01-01\",\"reason_of_closure\":\"Closed\",\"telephone_number\":\"044-22652222\",\"mobile_number\":\"9962356584\",\"fax_number\":\"044-22652245\",\"email\":\"santhosh_kumar_n@yahoo.com\",\"website\":\"WWW.s2hr.com\",\"manager_ipscode\":null,\"occupier_ipscode\":null,\"toll_free_number\":\"18000000016455154\",\"pan_number\":\"AAJCA2297F\",\"cli_loc_gst_number\":\"GST12337498454\",\"is_active\":\"1\",\"close_date\":\"1900-01-01\",\"status\":1,\"created_by\":2,\"updated_by\":2,\"created_at\":\"2025-09-17T07:10:05.000000Z\",\"updated_at\":\"2025-09-17T07:10:05.000000Z\"}}', NULL, '2025-09-17 07:10:05', '2025-09-17 07:10:05'),
(10345, 'default', 'updated', 'App\\Models\\ClientLocation_tab1', 'updated', 13, 'App\\Models\\User', 2, '{\"attributes\":{\"is_temp\":0,\"updated_at\":\"2025-09-17T07:10:05.000000Z\"},\"old\":{\"is_temp\":1,\"updated_at\":\"2025-09-17T07:00:33.000000Z\"}}', NULL, '2025-09-17 07:10:05', '2025-09-17 07:10:05'),
(10346, 'default', 'created', 'App\\Models\\EmployeeTab1', 'created', 154, 'App\\Models\\User', 2, '{\"attributes\":{\"id\":154,\"uuid\":\"341deac6-8cbe-4784-971a-0f94848d1bde\",\"client_id\":13,\"client_location\":12,\"salutation_id\":\"Mr\",\"code\":\"S123\",\"s2_code\":\"016\",\"employee_code_ips\":null,\"doj\":\"2025-08-01\",\"joining_month\":\"August\",\"emp_name\":\"Santhosh Kumar N\",\"location_id\":null,\"location_code\":null,\"designation\":\"DIRECTOR\",\"father_name\":\"Nagu\",\"husband_name\":null,\"signature\":\"Santhosh\",\"gender\":\"M\",\"martial_status\":\"married\",\"marrige_date\":\"2015-10-19\",\"religion\":\"Hindu\",\"dob\":\"1984-05-25\",\"age\":\"41\",\"blood_group\":\"A+\",\"separation_date\":\"1900-01-01\",\"separation_reason\":null,\"leaving_month\":null,\"service_period\":null,\"status\":1,\"is_temp\":1,\"created_by\":2,\"updated_by\":2,\"created_at\":\"2025-09-17T07:26:14.000000Z\",\"updated_at\":\"2025-09-17T07:26:14.000000Z\"}}', NULL, '2025-09-17 07:26:14', '2025-09-17 07:26:14'),
(10347, 'default', 'created', 'App\\Models\\EmployeeTab2', 'created', 154, 'App\\Models\\User', 2, '{\"attributes\":{\"id\":154,\"uuid\":\"4e7f4ed2-566f-4037-b2c3-dcc41bcc601c\",\"employee_id\":154,\"salary_type\":\"MR\",\"salary_period\":\"MNT\",\"death_date\":\"1900-01-01\",\"death_reason\":null,\"last_drawn_salary\":null,\"last_drawn_salary_gross\":null,\"gratuity_payable\":null,\"grade_code\":null,\"grade\":null,\"designation_code\":null,\"designation_mw_act\":null,\"emp_address\":\"No:3\\/18,bharathimatha st,\",\"emp_email\":\"n_santhosh_kumar@yahoo.com\",\"emp_phone\":\"09962356584\",\"emp_tele_phone\":null,\"emp_status_code\":null,\"emp_department\":\"HR Dept\",\"emp_pan_no\":\"ARAS1534R\",\"emp_epf_no\":\"1053\",\"emp_esi_no\":\"5100415461\",\"emp_eps_no\":\"1053\",\"expat\":\"0\",\"esi_office_id\":1,\"esi_dispenary\":\"1\",\"status\":1,\"created_by\":2,\"updated_by\":2,\"created_at\":\"2025-09-17T07:29:04.000000Z\",\"updated_at\":\"2025-09-17T07:29:04.000000Z\"}}', NULL, '2025-09-17 07:29:04', '2025-09-17 07:29:04'),
(10348, 'default', 'created', 'App\\Models\\EmployeeTab3', 'created', 156, 'App\\Models\\User', 2, '{\"attributes\":{\"id\":156,\"uuid\":\"047e3ca4-c662-42f2-bcfd-5bfa26151501\",\"employee_id\":154,\"basic\":\"1500\",\"bohe\":null,\"daily_wage\":null,\"da\":\"500\",\"fda\":null,\"hra\":\"1000\",\"car_allowance\":null,\"compensatsatory_allowance\":null,\"conveyance\":null,\"other_allowance\":null,\"medical_allowance\":null,\"special_allowance\":null,\"supplementary_allowance\":null,\"partimer_allowance\":null,\"piece_rate\":null,\"gross\":\"3000\",\"incentive\":null,\"washing_allowance\":null,\"educational_allowance\":null,\"daily_batta\":null,\"basic_da\":null,\"status\":1,\"created_by\":2,\"updated_by\":2,\"created_at\":\"2025-09-17T07:29:38.000000Z\",\"updated_at\":\"2025-09-17T07:29:38.000000Z\"}}', NULL, '2025-09-17 07:29:38', '2025-09-17 07:29:38'),
(10349, 'default', 'created', 'App\\Models\\EmployeeTab4', 'created', 156, 'App\\Models\\User', 2, '{\"attributes\":{\"id\":156,\"uuid\":\"da67432b-3775-4a28-900c-1539c2bcd228\",\"employee_id\":154,\"extra1\":null,\"validation\":null,\"bank_name\":\"KVB Bank\",\"bank_acc_num\":\"4154646464\",\"moderated\":null,\"eli_epfe\":\"Y\",\"eli_esie\":\"Y\",\"misc_c\":null,\"misc_1c\":null,\"misc_2c\":null,\"misc_3c\":null,\"recoverable_round_off\":null,\"misc_1n\":null,\"misc_2n\":null,\"misc_3n\":null,\"misc_dt\":null,\"misc_1dt\":null,\"misc_2dt\":null,\"misc_3dt\":null,\"status\":1,\"created_by\":2,\"updated_by\":2,\"created_at\":\"2025-09-17T07:30:56.000000Z\",\"updated_at\":\"2025-09-17T07:30:56.000000Z\"}}', NULL, '2025-09-17 07:30:56', '2025-09-17 07:30:56'),
(10350, 'default', 'created', 'App\\Models\\EmployeeTab5', 'created', 155, 'App\\Models\\User', 2, '{\"attributes\":{\"id\":155,\"uuid\":\"dd74bc63-2318-4453-910e-86549177f9eb\",\"employee_id\":154,\"pf_basic_joining\":null,\"pt_jurisdiction_code\":3,\"dob\":null,\"emp_address1\":null,\"emp_address2\":null,\"emp_address3\":null,\"category\":null,\"joining_date_esi\":\"2025-08-01\",\"joining_date_epf\":\"2025-08-01\",\"woff\":null,\"woff1\":\"3\",\"attendance_marker_id\":1,\"woff_marker\":\"2\",\"woff_marker1\":\"1\",\"prv_emp_pfno\":null,\"prv_empyr_pfno\":null,\"pf_wages\":null,\"prv_emp_epsno\":null,\"prv_pf_jurisd\":null,\"prv_emp_esino\":null,\"prv_empyr_esino\":null,\"status\":1,\"created_by\":2,\"updated_by\":2,\"created_at\":\"2025-09-17T07:33:55.000000Z\",\"updated_at\":\"2025-09-17T07:33:55.000000Z\"}}', NULL, '2025-09-17 07:33:55', '2025-09-17 07:33:55'),
(10351, 'default', 'created', 'App\\Models\\EmployeeTab6', 'created', 157, 'App\\Models\\User', 2, '{\"attributes\":{\"id\":157,\"uuid\":\"464fe3b2-4163-4839-b36d-723b2df3fc9d\",\"employee_id\":154,\"prv_emp_disp\":null,\"prv_empyr_esilo\":null,\"prv_empyr_name\":null,\"prv_empyr_add\":null,\"dtoconf\":null,\"dtofprob\":null,\"prv_dol\":null,\"prv_doj\":null,\"department\":null,\"prv_tlno\":null,\"prv_mail\":null,\"m_child\":null,\"f_child\":null,\"clta\":null,\"ps_number\":null,\"bank_branch\":null,\"bank_add\":null,\"formatt_period\":null,\"upto_at_period\":null,\"rul_topay\":null,\"rul_not_topay\":null,\"uan\":null,\"ifsc_code\":null,\"status\":1,\"created_by\":2,\"updated_by\":2,\"created_at\":\"2025-09-17T07:34:02.000000Z\",\"updated_at\":\"2025-09-17T07:34:02.000000Z\"}}', NULL, '2025-09-17 07:34:02', '2025-09-17 07:34:02'),
(10352, 'default', 'created', 'App\\Models\\EmployeeTab7', 'created', 152, 'App\\Models\\User', 2, '{\"attributes\":{\"id\":152,\"uuid\":\"ceebe4be-52ff-461c-9963-d5b6d6b26eb5\",\"employee_id\":154,\"physically_challange\":\"yes\",\"physically_challange_category\":null,\"pension_eligibility\":\"yes\",\"education_detail_id\":null,\"nat_population_number\":null,\"aadhar_no\":null,\"driving_licence_number\":null,\"driving_licence_exp_date\":null,\"driving_licence_state_id\":null,\"election_card_number\":null,\"ration_card_number\":null,\"passport_number\":null,\"passport_valid_from_date\":null,\"passport_valid_upto_date\":null,\"first_time_employement\":\"yes\",\"previous_pf_settled\":\"yes\",\"previous_pension_settled\":\"yes\",\"expat_country\":null,\"sal_comp\":null,\"shift_id\":null,\"act_mw\":null,\"status\":1,\"created_by\":2,\"updated_by\":2,\"created_at\":\"2025-09-17T07:34:10.000000Z\",\"updated_at\":\"2025-09-17T07:34:10.000000Z\"}}', NULL, '2025-09-17 07:34:10', '2025-09-17 07:34:10'),
(10353, 'default', 'created', 'App\\Models\\EmployeeTab8', 'created', 152, 'App\\Models\\User', 2, '{\"attributes\":{\"id\":152,\"uuid\":\"e30fd297-ec0a-4ad8-9089-508e733bdf3c\",\"employee_id\":154,\"name_aadhar\":null,\"name_pan\":null,\"name_bank\":null,\"name_passport\":null,\"name_driving_license\":null,\"name_vote_id\":null,\"pmrpy_flag\":null,\"pmrpy_date\":null,\"mobile2\":null,\"father_dob\":null,\"father_aadhar\":null,\"mother_name\":null,\"mother_dob\":null,\"mother_aadhar\":null,\"spouse_dob\":null,\"spouse_name\":null,\"spouse_aadhar\":null,\"child1_name\":null,\"child1_dob\":null,\"child1_gender\":null,\"child1_aadhar\":null,\"child2_name\":null,\"child2_dob\":null,\"child2_gender\":null,\"child2_aadhar\":null,\"nominee1_name\":null,\"nominee1_dob\":null,\"nominee1_gender\":null,\"nominee2_name\":null,\"nominee2_dob\":null,\"nominee2_gender\":null,\"nominee1_relationship\":null,\"nominee2_relationship\":null,\"monthly_ctc\":null,\"annual_ctc\":null,\"esi_gross\":null,\"emp_status\":\"1\",\"statutory_bonus\":null,\"status\":1,\"created_by\":2,\"updated_by\":2,\"created_at\":\"2025-09-17T07:34:14.000000Z\",\"updated_at\":\"2025-09-17T07:34:14.000000Z\"}}', NULL, '2025-09-17 07:34:14', '2025-09-17 07:34:14'),
(10354, 'default', 'updated', 'App\\Models\\EmployeeTab1', 'updated', 154, 'App\\Models\\User', 2, '{\"attributes\":{\"is_temp\":0,\"updated_at\":\"2025-09-17T07:34:14.000000Z\"},\"old\":{\"is_temp\":1,\"updated_at\":\"2025-09-17T07:26:14.000000Z\"}}', NULL, '2025-09-17 07:34:14', '2025-09-17 07:34:14');

-- --------------------------------------------------------

--
-- Table structure for table `attendance_markers`
--

CREATE TABLE `attendance_markers` (
  `id` bigint(20) UNSIGNED NOT NULL,
  `uuid` varchar(255) NOT NULL,
  `code` varchar(255) DEFAULT NULL,
  `hours_worked` varchar(255) DEFAULT NULL,
  `present_hours` varchar(255) DEFAULT NULL,
  `unauthorised_absence` varchar(255) DEFAULT NULL,
  `holiday` varchar(255) DEFAULT NULL,
  `weekly_off` varchar(255) DEFAULT NULL,
  `without_pay` varchar(255) DEFAULT NULL,
  `casual_leave` varchar(255) DEFAULT NULL,
  `earned_leave` varchar(255) DEFAULT NULL,
  `privileged_leave` varchar(255) DEFAULT NULL,
  `sick_leave` varchar(255) DEFAULT NULL,
  `medical_leave` varchar(255) DEFAULT NULL,
  `maternity_leave` varchar(255) DEFAULT NULL,
  `resigned` varchar(255) DEFAULT NULL,
  `joining` varchar(255) DEFAULT NULL,
  `hyphen` varchar(255) DEFAULT NULL,
  `esi` varchar(255) DEFAULT NULL,
  `accident` varchar(255) DEFAULT NULL,
  `plt` varchar(255) DEFAULT NULL,
  `coff` varchar(255) DEFAULT NULL,
  `status` tinyint(4) DEFAULT 1,
  `created_by` bigint(20) UNSIGNED DEFAULT NULL,
  `updated_by` bigint(20) UNSIGNED DEFAULT NULL,
  `created_at` timestamp NULL DEFAULT NULL,
  `updated_at` timestamp NULL DEFAULT NULL
) ENGINE=InnoDB DEFAULT CHARSET=utf8mb4 COLLATE=utf8mb4_unicode_ci;

--
-- Dumping data for table `attendance_markers`
--

INSERT INTO `attendance_markers` (`id`, `uuid`, `code`, `hours_worked`, `present_hours`, `unauthorised_absence`, `holiday`, `weekly_off`, `without_pay`, `casual_leave`, `earned_leave`, `privileged_leave`, `sick_leave`, `medical_leave`, `maternity_leave`, `resigned`, `joining`, `hyphen`, `esi`, `accident`, `plt`, `coff`, `status`, `created_by`, `updated_by`, `created_at`, `updated_at`) VALUES
(1, '6bc0b86d-e25e-47aa-b9c9-611fa5931d63', '001', '8', '8', 'LOP', 'H', 'Woff', 'LOP', 'CL', 'L', 'PL', 'SL', 'ML', 'MTL', 'R', '-', '-', 'ESI', 'ACC', 'PLT', 'COFF', 1, 2, 2, '2025-06-25 15:06:27', '2025-06-25 15:06:27'),
(3, 'aaa76f55-e0eb-4f0d-a284-a71ad3400a8d', '002', '8', '8', 'LOP', 'H', 'LOP', 'Woff', 'CL', 'L', 'ML', 'SL', 'PL', 'MTL', 'R', '-', '-', 'ESI', 'ACC', 'PTL', 'COFF', 1, 2, 2, '2025-07-24 12:47:08', '2025-07-24 12:47:08'),
(4, '28e670e3-41c1-4fd9-a273-da87ccf68265', '003', '7', '8', 'abs', '2', 'LOP', 'H', 'CL', 'EL', 'ML', 'SL', 'PL', 'MTL', '-', 'R', '8', 'ESI', 'ACC', 'PTL', 'COFF', 1, 2, 2, '2025-07-24 12:51:59', '2025-07-24 12:51:59'),
(5, '49ea3e83-4c9f-45c4-b7ad-bcc1eb916bbf', '004', '8', '8', 'A', 'H', 'WOFF', 'LOP', 'CL', 'EL', 'PL', 'SL', 'ML', 'MTL', 'R', '-', '8', 'ESI', 'ACC', 'PTL', 'COFF', 1, 2, 2, '2025-07-24 13:13:12', '2025-07-24 13:13:12'),
(6, 'b87737f3-a954-4952-a40f-d76e38c42855', '005', '7', 'x', 'A', 'WOFF', 'Woff', 'LOP', 'CL', 'EL', 'PL', 'SL', 'ML', 'MTL', 'R', '-', '-', 'ESI', '0', 'PLT', 'COFF', 1, 2, 2, '2025-07-24 13:16:31', '2025-07-24 13:16:31');

-- --------------------------------------------------------

--
-- Table structure for table `authorities`
--

CREATE TABLE `authorities` (
  `id` bigint(20) UNSIGNED NOT NULL,
  `uuid` varchar(255) NOT NULL,
  `name` varchar(255) DEFAULT NULL,
  `state_id` varchar(255) DEFAULT NULL,
  `designation` varchar(255) DEFAULT NULL,
  `authority_type` int(11) DEFAULT NULL,
  `division` varchar(255) DEFAULT NULL,
  `circle` varchar(255) DEFAULT NULL,
  `address` varchar(255) DEFAULT NULL,
  `status` tinyint(4) DEFAULT 1,
  `created_by` bigint(20) UNSIGNED DEFAULT NULL,
  `updated_by` bigint(20) UNSIGNED DEFAULT NULL,
  `created_at` timestamp NULL DEFAULT NULL,
  `updated_at` timestamp NULL DEFAULT NULL
) ENGINE=InnoDB DEFAULT CHARSET=utf8mb4 COLLATE=utf8mb4_unicode_ci;

--
-- Dumping data for table `authorities`
--

INSERT INTO `authorities` (`id`, `uuid`, `name`, `state_id`, `designation`, `authority_type`, `division`, `circle`, `address`, `status`, `created_by`, `updated_by`, `created_at`, `updated_at`) VALUES
(1, '9ef1a74c-4c29-43b1-a9b0-fc0396be89f1', 'pugalenthi', NULL, 'bsc', 1, 'periyanaikan palayam', 'cbe', 'Tamilnadu', 1, 2, 2, '2025-07-08 07:39:40', '2025-07-08 09:15:03'),
(2, '81c86f02-e988-4995-ac35-b9a664963e0b', 'admin', NULL, 'msc', 1, 'periyanaikan palayam', 'cbe', 'Tamilnadu', 1, 2, 2, '2025-07-08 09:42:41', '2025-07-08 09:42:41'),
(3, '398a19cc-9cfb-420b-a4eb-4f0b5d10bb21', 'plan issue authoity-1', NULL, 'plan issue authoity-1', 3, 'plan issue authoity-1', 'plan issue authoity-1', 'plan issue authoity-1', 1, 2, 2, '2025-07-08 09:53:33', '2025-07-08 09:53:33'),
(4, 'a1991938-95de-47f1-8c3e-b7387d139def', 'plan issue authoity-2', NULL, 'plan issue authoity-2', 3, 'plan issue authoity-2', 'plan issue authoity-2', 'plan issue authoity-2', 1, 2, 2, '2025-07-08 09:53:59', '2025-07-08 09:53:59'),
(5, 'c29f6a14-035f-43c0-a64e-e5ada81de291', 'stability certificate authority id-1', NULL, 'stability certificate authority id-1', 2, 'stability certificate authority id-1', 'stability certificate authority id-1', 'stability certificate authority id-1', 1, 2, 2, '2025-07-08 10:09:40', '2025-07-08 10:09:40'),
(6, '0a627831-fd15-4538-ae2d-f0e3e1034789', 'stability certificate authority id-2', NULL, 'stability certificate authority id-2', 2, 'stability certificate authority id-2', 'stability certificate authority id-2', 'stability certificate authority id-2', 1, 2, 2, '2025-07-08 10:10:05', '2025-07-08 10:10:05'),
(7, '63b6dcf0-4bb3-4224-9725-524d292c52c5', 'ca-authority-1', NULL, 'ca-authority-1', 4, 'ca-authority-1', 'ca-authority-1', 'ca-authority-1', 1, 2, 2, '2025-07-08 10:11:39', '2025-07-08 10:11:39'),
(8, '8f2a0781-0cd2-4673-b909-518608d45a66', 'ca-authority-2', NULL, 'ca-authority-2', 4, 'ca-authority-2', 'ca-authority-2', 'ca-authority-2', 1, 2, 2, '2025-07-08 10:11:59', '2025-07-08 10:11:59'),
(9, 'be7a7e63-b322-4afe-9976-745329394cde', 'cat-1', NULL, 'cat-1', 5, 'cat-1', 'cat-1', 'cat-1', 1, 2, 2, '2025-07-08 10:24:36', '2025-07-08 10:24:36'),
(10, 'cc51aadc-6f13-4919-9ab4-bec7e4f20985', 'cat-2', NULL, 'cat-2', 5, 'cat-2', 'cat-2', 'cat-2', 1, 2, 2, '2025-07-08 10:24:59', '2025-07-08 10:24:59'),
(11, '1c9d0e08-53a2-4282-962a-2bee70747f7a', 'sa authority id 1', NULL, 'sa authority id 1', 6, 'sa authority id 1', 'sa authority id 1', 'sa authority id 1', 1, 2, 2, '2025-07-08 10:33:46', '2025-07-08 10:33:46'),
(12, '30892bcb-cb38-431d-a41b-aa60a3388fee', 'sa authority id 2', NULL, 'sa authority id 2', 6, 'sa authority id 2', 'sa authority id 2', 'sa authority id 2', 1, 2, 2, '2025-07-08 10:34:08', '2025-07-08 10:34:08'),
(13, '68544b33-2e3f-40c4-9866-a5ef90d7db9e', 'shop act 1', NULL, 'shop act 1', 7, 'shop act 1', 'shop act 1', 'shop act 1', 1, 2, 2, '2025-07-08 10:35:27', '2025-07-08 10:35:27'),
(14, '33df5f6a-3dbb-4c33-a87b-939436743632', 'shop act 2', NULL, 'shop act 2', 7, 'shop act 2', 'shop act 2', 'shop act 2', 1, 2, 2, '2025-07-08 10:35:51', '2025-07-08 10:35:51'),
(15, 'fa0c7b0f-99d1-4247-ab29-3be016d9fb80', 'pt-authority-1', NULL, 'pt-authority-1', 8, 'pt-authority-1', 'pt-authority-1', 'pt-authority-1', 1, 2, 2, '2025-07-08 10:38:59', '2025-07-08 10:38:59'),
(16, 'd6b3b139-4387-473b-8cd8-d4261e1068fd', 'pt-authority-2', NULL, 'pt-authority-2', 8, 'pt-authority-2', 'pt-authority-2', 'pt-authority-2', 1, 2, 2, '2025-07-08 10:39:26', '2025-07-08 10:39:26'),
(17, '3ed7210f-fdb9-4c71-a3b0-50ce452ea8cb', 'pt-jurisdiction', NULL, 'pt-jurisdiction', 9, 'pt-jurisdiction', 'pt-jurisdiction', 'pt-jurisdiction', 1, 2, 2, '2025-07-08 10:47:11', '2025-07-08 10:47:11'),
(18, 'bebec6a5-8548-49ae-a1f7-7e6818c98c47', 'pt-jurisdiction-1', NULL, 'pt-jurisdiction-1', 9, 'pt-jurisdiction-1', 'pt-jurisdiction-1', 'pt-jurisdiction-1', 1, 2, 2, '2025-07-08 10:47:32', '2025-07-08 10:47:32'),
(19, 'b57a814a-986e-4bcd-b917-63796b2a179c', 'trd', NULL, 'trd', 10, 'trd', 'trd', 'trd', 1, 2, 2, '2025-07-08 10:50:59', '2025-07-08 10:50:59'),
(20, 'e92e59b1-aeb3-4f6a-86a1-957396ec0726', 'trade-licence', NULL, 'trade-licence', 11, 'trade-licence', 'trade-licence', 'trade-licence', 1, 2, 2, '2025-07-08 10:58:23', '2025-07-08 10:58:23'),
(21, 'ee727880-4184-4f7b-ad41-536ce3bbff96', 'fire authority', NULL, 'fire authority', 12, 'fire authority', 'fire authority', 'fire authority', 1, 2, 2, '2025-07-08 11:04:58', '2025-07-08 11:04:58'),
(22, 'b7360a76-6de9-4ea1-aa95-cd1b39e20181', 'panchayat authority 1', NULL, 'panchayat authority 1', 14, 'panchayat authority 1', 'panchayat authority 1', 'panchayat authority 1', 1, 2, 2, '2025-07-08 11:10:01', '2025-07-08 11:10:01'),
(23, 'cd7ed701-0d1d-40fe-b61d-e2f2b038cf59', 'panchayat juridiction', NULL, 'panchayat juridiction', 15, 'panchayat juridiction', 'panchayat juridiction', 'panchayat juridiction', 1, 2, 2, '2025-07-08 11:10:45', '2025-07-08 11:10:45'),
(24, 'b7c4687d-0fd4-4fed-8fe2-931bacdc7a4c', 'police auth', NULL, 'police auth', 16, 'police auth', 'police auth', 'police auth', 1, 2, 2, '2025-07-08 11:17:33', '2025-07-08 11:17:33'),
(25, '283143d2-5639-4e8f-a22f-677ca27dee02', 'clra-rc', NULL, 'clra-rc', 18, 'clra-rc', 'clra-rc', 'clra-rc', 1, 2, 2, '2025-07-08 11:19:27', '2025-07-08 11:19:27'),
(26, 'd1df7654-1ef6-435a-b9ee-b7763b532e7f', 'clra-lic', NULL, 'clra-lic', 19, 'clra-lic', 'clra-lic', 'clra-lic', 1, 2, 2, '2025-07-08 11:23:06', '2025-07-08 11:23:06'),
(27, '9d1c90fd-3314-4a1e-97f8-5c2d0f4a1510', 'fire jurisdiction', NULL, 'fire jurisdiction', 13, 'fire jurisdiction', 'fire jurisdiction', 'fire jurisdiction', 1, 2, 2, '2025-07-08 11:41:12', '2025-07-08 11:41:12'),
(28, 'f33ca4dc-e270-44b3-a423-ba1776a7f21b', 'police jurisdiction', NULL, 'police jurisdiction', 17, 'police jurisdiction', 'police jurisdiction', 'police jurisdiction', 1, 2, 2, '2025-07-08 11:41:46', '2025-07-08 11:41:46'),
(29, '864924b6-446e-4ef6-9775-239595364856', 'Kathir', NULL, 'AE', 1, 'Kilpauk', 'Q', 'Tamil Nadu', 1, 2, 2, '2025-08-23 07:36:11', '2025-08-23 07:36:11'),
(30, '78b83da8-7887-48ed-a400-16b9182fd60b', 'Zero', NULL, 'AE', 19, 'Kilpauk', 'Q', 'TN', 1, 2, 2, '2025-09-03 08:45:09', '2025-09-03 08:45:09');

-- --------------------------------------------------------

--
-- Table structure for table `authority_type`
--

CREATE TABLE `authority_type` (
  `id` bigint(20) UNSIGNED NOT NULL,
  `name` varchar(255) DEFAULT NULL,
  `status` tinyint(4) DEFAULT 1,
  `created_by` bigint(20) UNSIGNED DEFAULT NULL,
  `updated_by` bigint(20) UNSIGNED DEFAULT NULL,
  `created_at` timestamp NULL DEFAULT NULL,
  `updated_at` timestamp NULL DEFAULT NULL
) ENGINE=InnoDB DEFAULT CHARSET=utf8mb4 COLLATE=utf8mb4_unicode_ci;

--
-- Dumping data for table `authority_type`
--

INSERT INTO `authority_type` (`id`, `name`, `status`, `created_by`, `updated_by`, `created_at`, `updated_at`) VALUES
(1, 'FA Authority', 1, 1, NULL, '2025-07-09 06:28:43', '2025-07-09 06:28:43'),
(2, 'Stability Certificate Authority', 1, 1, NULL, '2025-07-09 06:28:43', '2025-07-09 06:28:43'),
(3, 'Plan Issuing Authority', 1, 1, NULL, '2025-07-09 06:28:43', '2025-07-09 06:28:43'),
(4, 'CA Authority', 1, 1, NULL, '2025-07-09 06:28:43', '2025-07-09 06:28:43'),
(5, 'CAT - Jurisdiction', 1, 1, NULL, '2025-07-09 06:28:43', '2025-07-09 06:28:43'),
(6, 'SA Authority', 1, 1, NULL, '2025-07-09 06:28:43', '2025-07-09 06:28:43'),
(7, 'Shop Act - Jurisdiction', 1, 1, NULL, '2025-07-09 06:28:43', '2025-07-09 06:28:43'),
(8, 'PT Authority', 1, 1, NULL, '2025-07-09 06:28:43', '2025-07-09 06:28:43'),
(9, 'PT - Jurisdiction', 1, 1, NULL, '2025-07-09 06:28:43', '2025-07-09 06:28:43'),
(10, 'TRD Authority', 1, 1, NULL, '2025-07-09 06:28:43', '2025-07-09 06:28:43'),
(11, 'Trade Licence - Jurisdiction', 1, 1, NULL, '2025-07-09 06:28:43', '2025-07-09 06:28:43'),
(12, 'FIRE Authority', 1, 1, NULL, '2025-07-09 06:28:43', '2025-07-09 06:28:43'),
(13, 'Fire - Jurisdiction', 1, 1, NULL, '2025-07-09 06:28:43', '2025-07-09 06:28:43'),
(14, 'Panchayat Authority', 1, 1, NULL, '2025-07-09 06:28:43', '2025-07-09 06:28:43'),
(15, 'Panchayat - Jurisdiction', 1, 1, NULL, '2025-07-09 06:28:43', '2025-07-09 06:28:43'),
(16, 'Police Authority', 1, 1, NULL, '2025-07-09 06:28:43', '2025-07-09 06:28:43'),
(17, 'Police Jurisdiction', 1, 1, NULL, '2025-07-09 06:28:43', '2025-07-09 06:28:43'),
(18, 'CLRA_RC Authority', 1, 1, NULL, '2025-07-09 06:28:43', '2025-07-09 06:28:43'),
(19, 'CLRA_LIC Authority', 1, 1, NULL, '2025-07-09 06:28:43', '2025-07-09 06:28:43');

-- --------------------------------------------------------

--
-- Table structure for table `city`
--

CREATE TABLE `city` (
  `id` bigint(20) UNSIGNED NOT NULL,
  `uuid` varchar(255) DEFAULT NULL,
  `name` varchar(255) NOT NULL,
  `code` varchar(255) NOT NULL,
  `state_id` bigint(20) UNSIGNED NOT NULL,
  `status` tinyint(4) NOT NULL DEFAULT 1 COMMENT '1=Active, 0=Inactive',
  `created_by` bigint(20) UNSIGNED DEFAULT NULL,
  `updated_by` bigint(20) UNSIGNED DEFAULT NULL,
  `created_at` timestamp NULL DEFAULT NULL,
  `updated_at` timestamp NULL DEFAULT NULL
) ENGINE=InnoDB DEFAULT CHARSET=utf8mb4 COLLATE=utf8mb4_unicode_ci;

--
-- Dumping data for table `city`
--

INSERT INTO `city` (`id`, `uuid`, `name`, `code`, `state_id`, `status`, `created_by`, `updated_by`, `created_at`, `updated_at`) VALUES
(1, '37ce9a7a-3850-4c6d-9af8-6ab05742fc53', 'Chennai', '001', 1, 1, 2, 2, '2025-09-05 06:03:12', '2025-09-05 06:03:12');

-- --------------------------------------------------------

--
-- Table structure for table `client_holiday`
--

CREATE TABLE `client_holiday` (
  `id` bigint(20) UNSIGNED NOT NULL,
  `uuid` varchar(255) NOT NULL,
  `client_id` bigint(20) UNSIGNED DEFAULT NULL,
  `code` varchar(255) DEFAULT NULL,
  `name` varchar(255) DEFAULT NULL,
  `date` varchar(255) DEFAULT NULL,
  `char_to_print` varchar(255) DEFAULT NULL,
  `status` tinyint(4) DEFAULT 1,
  `created_by` bigint(20) UNSIGNED DEFAULT NULL,
  `updated_by` bigint(20) UNSIGNED DEFAULT NULL,
  `created_at` timestamp NULL DEFAULT NULL,
  `updated_at` timestamp NULL DEFAULT NULL
) ENGINE=InnoDB DEFAULT CHARSET=utf8mb4 COLLATE=utf8mb4_unicode_ci;

--
-- Dumping data for table `client_holiday`
--

INSERT INTO `client_holiday` (`id`, `uuid`, `client_id`, `code`, `name`, `date`, `char_to_print`, `status`, `created_by`, `updated_by`, `created_at`, `updated_at`) VALUES
(1, '8c93d8cc-4976-44be-9bf7-3cfcbec6888f', 1, '001', 'test', '2025-07-04', 'DF', 1, 2, 2, '2025-07-02 07:43:09', '2025-07-02 07:43:09'),
(3, 'cb5432ab-1be1-4838-99c3-044d012db5d2', 1, 'DIWALIHOLIDAY-12', 'Diwali Leave', '2025-11-14', 'Test', 1, 2, 2, '2025-07-09 12:16:26', '2025-07-09 12:16:26'),
(4, '9226e1ed-d3ec-433a-a00d-cf5b33a4cea7', 1, 'PONGAL-123', 'Pongal', '2025-01-16', 'PON', 1, 2, 2, '2025-07-11 12:25:42', '2025-07-11 12:25:42'),
(5, 'adc299d0-c466-44c2-857a-e2c7afbd0873', 2, '002', 'test1', '2025-04-03', 'DF', 1, 2, 2, '2025-08-02 06:49:19', '2025-08-02 06:51:50'),
(6, '3f11abbe-b5e2-4bda-bccd-79caed0bb30c', 1, 'DF001', 'Apr08', '2025-04-08', 'DF', 1, 2, 2, '2025-08-06 12:52:25', '2025-08-06 12:53:45'),
(7, '6340b7a2-2540-46e5-8e25-738e32f8ad83', 5, 'D001', 'Diwali', '2025-10-20', 'Diwali', 1, 2, 2, '2025-09-03 05:24:22', '2025-09-03 05:24:22');

-- --------------------------------------------------------

--
-- Table structure for table `client_location_tab1`
--

CREATE TABLE `client_location_tab1` (
  `id` bigint(20) UNSIGNED NOT NULL,
  `uuid` varchar(255) NOT NULL,
  `code` varchar(255) DEFAULT NULL,
  `location_id` bigint(20) UNSIGNED DEFAULT NULL,
  `client_id` bigint(20) UNSIGNED DEFAULT NULL,
  `client_location` varchar(255) DEFAULT NULL,
  `esi_lo` bigint(20) UNSIGNED DEFAULT NULL,
  `address` varchar(255) DEFAULT NULL,
  `esi_number` varchar(255) DEFAULT NULL,
  `pf_number` varchar(255) DEFAULT NULL,
  `is_exempted_from_edli` tinyint(4) DEFAULT 1,
  `pf_group` varchar(255) DEFAULT NULL,
  `pf_jurisdiction_id` bigint(20) UNSIGNED DEFAULT NULL,
  `clra_id` bigint(20) UNSIGNED DEFAULT NULL,
  `nature_of_work` varchar(255) DEFAULT NULL,
  `date_of_start` date DEFAULT NULL,
  `fest_app_proc_no` varchar(255) DEFAULT NULL,
  `date_of_fest_app_proc_no` date DEFAULT NULL,
  `fa_lic_no` varchar(255) DEFAULT NULL,
  `date_for_fa_lic_no` date DEFAULT NULL,
  `fa_reg_no` varchar(255) DEFAULT NULL,
  `date_for_reg_lic_no` date DEFAULT NULL,
  `fa_lic_fee` varchar(255) DEFAULT NULL,
  `is_temp` tinyint(4) DEFAULT 1,
  `status` tinyint(4) DEFAULT 1,
  `created_by` bigint(20) UNSIGNED DEFAULT NULL,
  `updated_by` bigint(20) UNSIGNED DEFAULT NULL,
  `created_at` timestamp NULL DEFAULT NULL,
  `updated_at` timestamp NULL DEFAULT NULL
) ENGINE=InnoDB DEFAULT CHARSET=utf8mb4 COLLATE=utf8mb4_unicode_ci;

--
-- Dumping data for table `client_location_tab1`
--

INSERT INTO `client_location_tab1` (`id`, `uuid`, `code`, `location_id`, `client_id`, `client_location`, `esi_lo`, `address`, `esi_number`, `pf_number`, `is_exempted_from_edli`, `pf_group`, `pf_jurisdiction_id`, `clra_id`, `nature_of_work`, `date_of_start`, `fest_app_proc_no`, `date_of_fest_app_proc_no`, `fa_lic_no`, `date_for_fa_lic_no`, `fa_reg_no`, `date_for_reg_lic_no`, `fa_lic_fee`, `is_temp`, `status`, `created_by`, `updated_by`, `created_at`, `updated_at`) VALUES
(1, '55c02a75-5ccf-4723-81c0-fdbf0d6a83eb', '001', 1, 1, NULL, 1, '1', '1', '1', 1, '1', 1, 1, '1', '2025-07-10', '1', '2025-07-10', '1', '2025-07-10', '1', '2025-07-10', '1', 1, 1, 2, 2, '2025-07-09 10:52:13', '2025-07-09 10:52:13'),
(2, '7bd113af-ac1e-43c3-91d4-a58e59dbdb6c', '001', 2, 1, NULL, 1, '1', '1', '1', 1, '1', 1, 1, '1', '2025-07-10', '1', '2025-07-10', '1', '2025-07-10', '1', '2025-07-10', '1', 1, 1, 2, 2, '2025-07-09 11:05:02', '2025-07-09 11:05:02'),
(3, '0dbb0ea6-1e9a-46dd-998d-4c6c2991291c', '001', 1, 1, 'Branch-1', 1, '1', '1', '1', 1, '76', 1, 1, '1', '2025-07-10', '1', '2025-07-10', '1', '2025-07-10', '1', '2025-07-10', '1', 0, 1, 2, 2, '2025-07-09 11:06:17', '2025-07-31 07:40:42'),
(4, 'b90dff9c-9601-4382-a431-75bc3e17e600', '003', 3, 2, NULL, 2, 'No.12, Mount Road, Chennai – 600002', '51234567890012345', 'TN/CHN/1234567', 1, 'GT-PF-GRP-03', 1, 1, 'Software Development & IT Services', '2025-07-01', 'FA/PROC/GT003', '2025-07-24', 'FA-INIT-003', '2025-07-24', 'FA-REG-CHN-003', '2025-07-24', '₹5,000.00', 1, 1, 2, 2, '2025-07-24 14:01:05', '2025-07-24 14:01:05'),
(5, 'bf3e8af7-b727-4097-8808-7a8142fe6b4e', '002', 3, 2, NULL, 2, 'No.12, Mount Road, Chennai – 600002', '51234567890012345', 'TN/CHN/1234567', 1, 'GT-PF-GRP-03', 1, 1, 'Software Development & IT Services', '2025-07-01', 'FA/PROC/GT003', '2025-07-24', 'FA-INIT-003', '2025-07-24', 'FA-REG-CHN-003', '2025-07-24', '₹5,000.00', 1, 1, 2, 2, '2025-07-24 14:22:05', '2025-07-24 14:22:05'),
(6, 'bb2c5592-e820-44c7-ade0-34e324f9edb9', '003', 1, 4, 'Branch-2', 3, 'Coimbatore', 'ESI123456', 'PF987654', 1, 'GroupA', 5, 3, 'Security', '2024-10-24', 'Coimbatore', '2025-07-08', 'FA001', '2024-10-24', 'REG001', '2023-10-24', '₹5000', 0, 1, 2, 2, '2025-07-24 14:24:46', '2025-07-31 07:40:31'),
(7, 'bd9aa45e-3ffd-4a8f-9fea-0115cd7a318b', '002', 6, 2, NULL, 2, 'No. 78, Arcot Road, Kodambakkam, Chennai - 600024', '51001489230021099', 'Chennai ESI West', 1, 'TN/CHE/0056789', 3, 2, 'Electrical Equipment Installation', '2025-07-24', 'FAPN-KK004-25', '2025-07-24', 'FALIC-KK004-002', '2025-07-24', 'FAREG-KK-00219', '2025-07-24', '5,100', 1, 1, 2, 2, '2025-07-24 17:23:39', '2025-07-24 17:23:39'),
(8, '4b5e0d2f-6f2e-40f2-b2c4-815218cf7442', '004', 5, 2, 'Branch-1', 2, 'No. 25, Mount Road, Chennai - 600002', '51002568910011002', 'TN/CHE/0034567', 1, 'PF Grp-A – Tamil Nadu', 3, 2, 'Civil Construction and Maintenance', '2025-07-01', 'FAPN-MT003-25', '2025-07-10', 'FALIC-MT003-001', '2025-07-12', 'FAREG-CHN-99001', '2025-07-13', '4,200', 0, 1, 2, 2, '2025-07-25 04:46:39', '2025-07-31 07:40:02'),
(9, '8d2f9381-cddc-434c-ba81-4db2142b288f', '005', 4, 3, 'Branch-1', 4, 'Plot No. 78, 3rd Avenue, Anna Nagar, Chennai - 600040', '51002568910012004', 'TN/CHE/0047891', 1, 'PF Grp-B – Tamil Nadu', 5, 4, 'Facility Management & Cleaning Services', '2025-07-05', 'FAPN-AB004-25', '2025-07-14', 'FALIC-AB004-001', '2025-07-14', 'FAREG-CHN-99004', '2025-07-12', '4,800', 0, 1, 2, 2, '2025-07-25 05:15:07', '2025-07-31 07:39:40'),
(10, '71d8e0f0-3389-4cd0-860b-70ee556bfc6a', '006', 5, 4, 'Branch-1', 5, 'No. 78, Arcot Road, Kodambakkam, Chennai - 600024', '51002568910012004', 'N/CHE/0045678', 2, 'PF Grp-B – Tamil Nadu', 6, 5, 'Facility Management and Technical Support', '2025-07-12', 'FAPN-KK004-25', '2025-07-03', 'FALIC-KK004-002', '2025-07-23', 'FAREG-CHN-99102', '2025-07-17', '4400', 0, 1, 2, 2, '2025-07-25 05:39:56', '2025-07-31 07:39:24'),
(11, '425dbab8-e9f6-469b-a6de-50b28895ad53', '007', 12, 8, 'Kilpauk,chennai', 9, 'Kilpauk', 'ESI90090232', 'PF787897924', 1, 'ESI', 1, 1, 'Kilpauk', '2025-08-16', 'No', '2025-08-09', 'Nil', '2025-08-22', 'Nil', '2025-08-16', 'Nil', 0, 1, 2, 2, '2025-08-23 07:34:20', '2025-08-23 07:42:55'),
(12, '72194d57-82c6-434e-b2f8-e69ff1998e09', '008', 1, 13, 'Chrompet', 1, 'No.3 Bharatha madha st, Bharathipuram, Chromepet,Chennai - 600044.', '5100000001235646', 'TNTBM06066700B', 1, '62/2', 3, 1, 'Software', '2025-08-01', 'TN/AIL/202500000001234566', '2025-08-01', 'KPM123456', '2025-08-01', '123456979', '2025-08-01', 'LIC1234569', 0, 1, 2, 2, '2025-09-09 03:32:06', '2025-09-09 03:40:29'),
(13, 'f03bdea2-ac7e-4d9b-af39-4eb57a57d915', '009', 2, 13, 'Coimbatore', 2, 'No.3 Bharatha madha st, Bharathipuram, Coimbatore', '5100000001235256', 'TNTBM06066700C', 1, '56/4', 3, 1, 'Software', '2025-08-01', 'TN/AIL/202500000001234256', '2025-08-01', 'KPM123236', '2025-08-01', 'NA', '2025-08-01', 'LIC1234576', 0, 1, 2, 2, '2025-09-17 07:00:33', '2025-09-17 07:10:05');

-- --------------------------------------------------------

--
-- Table structure for table `client_location_tab2`
--

CREATE TABLE `client_location_tab2` (
  `id` bigint(20) UNSIGNED NOT NULL,
  `client_location_id` bigint(20) UNSIGNED NOT NULL COMMENT 'first tab id',
  `uuid` varchar(255) NOT NULL,
  `fa_authority_id` bigint(20) UNSIGNED DEFAULT NULL,
  `if_jurisdiction_id` bigint(20) UNSIGNED DEFAULT NULL,
  `stability_certificate_authority_id` bigint(20) UNSIGNED DEFAULT NULL,
  `plan_issuing_authority_id` bigint(20) UNSIGNED DEFAULT NULL,
  `ca_authority_id` bigint(20) UNSIGNED DEFAULT NULL,
  `cat_jurisdiction_id` bigint(20) UNSIGNED DEFAULT NULL,
  `stability_cert_no` varchar(255) DEFAULT NULL,
  `stability_cert_dt` varchar(255) DEFAULT NULL,
  `stability_reg_no` varchar(255) DEFAULT NULL,
  `stb_cert_reg_dt` varchar(255) DEFAULT NULL,
  `init_plan_app_no` varchar(255) DEFAULT NULL,
  `init_plan_app_dt` varchar(255) DEFAULT NULL,
  `plan_reg_no` varchar(255) DEFAULT NULL,
  `plan_reg_dt` varchar(255) DEFAULT NULL,
  `init_ca_lic_no` varchar(255) DEFAULT NULL,
  `init_ca_lic_dt` varchar(255) DEFAULT NULL,
  `cat_lic_reg_no` varchar(255) DEFAULT NULL,
  `cat_lic_reg_dt` varchar(255) DEFAULT NULL,
  `cat_lice_fee_paid_initial` varchar(255) DEFAULT NULL,
  `status` tinyint(4) NOT NULL DEFAULT 1,
  `created_by` bigint(20) UNSIGNED DEFAULT NULL,
  `updated_by` bigint(20) UNSIGNED DEFAULT NULL,
  `created_at` timestamp NULL DEFAULT NULL,
  `updated_at` timestamp NULL DEFAULT NULL
) ENGINE=InnoDB DEFAULT CHARSET=utf8mb4 COLLATE=utf8mb4_unicode_ci;

--
-- Dumping data for table `client_location_tab2`
--

INSERT INTO `client_location_tab2` (`id`, `client_location_id`, `uuid`, `fa_authority_id`, `if_jurisdiction_id`, `stability_certificate_authority_id`, `plan_issuing_authority_id`, `ca_authority_id`, `cat_jurisdiction_id`, `stability_cert_no`, `stability_cert_dt`, `stability_reg_no`, `stb_cert_reg_dt`, `init_plan_app_no`, `init_plan_app_dt`, `plan_reg_no`, `plan_reg_dt`, `init_ca_lic_no`, `init_ca_lic_dt`, `cat_lic_reg_no`, `cat_lic_reg_dt`, `cat_lice_fee_paid_initial`, `status`, `created_by`, `updated_by`, `created_at`, `updated_at`) VALUES
(1, 3, '82bac14d-c168-4862-8e03-846d5b344858', 1, 1, 5, 3, 7, 9, '1', '2025-07-10', '1', '2025-07-10', '1', '2025-07-10', '1', '2025-07-10', '1', '2025-07-10', '1', '2025-07-10', '1', 1, 2, 2, '2025-07-09 11:20:48', '2025-07-09 11:20:48'),
(2, 4, 'dce53fc2-7fb0-48d8-9278-823d226ac8ff', NULL, 1, 5, 3, 7, 9, 'STAB/GT003/2023', '2025-07-24', 'REG-STAB-003', '2025-07-24', '08-07-2023', '2025-07-24', 'PLAN-REG-003', '2025-07-24', 'PLANAPP-GT003', '2025-07-24', 'CAT-LIC-CHN-003', '2025-07-24', '₹7,500.00', 1, 2, 2, '2025-07-24 14:05:43', '2025-07-24 14:05:43'),
(3, 5, '9df766d1-bf0e-4973-835a-a9211ada54ac', NULL, 1, 5, 3, 7, 9, 'STAB/GT003/2023', '2025-07-24', 'REG-STAB-003', '2025-07-24', '08-07-2023', '2025-07-24', 'PLAN-REG-003', '2025-07-24', 'PLANAPP-GT003', '2025-07-24', 'CAT-LIC-CHN-003', '2025-07-24', '₹7,500.00', 1, 2, 2, '2025-07-24 14:22:07', '2025-07-24 14:22:07'),
(4, 6, '23978804-1a8b-4e7e-9862-073687fb2ac4', 2, 4, 5, 3, 7, 9, '103', '2025-07-03', '1003', '2025-07-10', 'Coimbatore', '2025-02-05', '801', '2025-07-12', '901', '2025-07-15', 'CA001', '2025-07-04', '₹2000', 1, 2, 2, '2025-07-24 14:27:19', '2025-07-24 14:27:19'),
(5, 7, '0c9c6d98-acb1-4469-a0e8-a8acb5707287', 1, 3, 5, 3, 7, 10, 'STAB-CHE-2277-25', '2025-07-24', 'STREG-CHE-8841', '2025-07-17', 'PLANAPP-KK004-A1', '2025-07-12', 'Directorate of Industrial Safety & Health', '2025-07-14', 'CALIC-KK004-TN-79', '2025-07-18', 'CATLIC-CHN-2025-1199', '2025-07-19', '2,750', 1, 2, 2, '2025-07-24 17:30:59', '2025-07-24 17:30:59'),
(6, 8, '98b7c30c-9820-4ea8-a012-6fd95dc5cf06', 1, 3, 5, 3, 7, 9, 'STAB-CHE-2277-25', '2025-07-16', 'STREG-CHE-8841', '2025-07-17', '12-07-2025', '2025-07-12', 'PLANREG-CHE-0047', '2025-07-14', 'CALIC-KK004-TN-79', '2025-07-18', 'CATLIC-CHN-2025-1199', '2025-07-19', '2,750', 1, 2, 2, '2025-07-25 04:49:41', '2025-07-25 04:49:41'),
(7, 9, 'a6e0a35c-dca2-4907-b57a-aae2a3da2afd', 1, 4, 5, 3, 7, 9, 'STAB-CHE-3290-25', '2025-07-22', 'STREG-CHE-9055', '2025-07-22', 'PLANAPP-VP005-B2', '2025-07-01', 'PLANREG-CHE-0063', '2025-07-09', 'CALIC-VP005-TN-88', '2025-07-17', 'CATLIC-CHN-2025-1221', '2025-07-11', '3,100', 1, 2, 2, '2025-07-25 05:17:52', '2025-07-25 05:17:52'),
(8, 10, '6a257f2d-528d-44a6-a010-062d96004d7e', 1, 6, 5, 4, 8, 9, 'STAB-CHE-2277-25', '2025-07-11', 'STREG-CHE-8841', '2025-07-09', 'PLANAPP-KK004-A1', '2025-07-22', 'PLANREG-CHE-0047', '2025-07-16', 'CALIC-KK004-TN-79', '2025-07-24', 'CATLIC-CHN-2025-1199', '2025-07-19', '2750', 1, 2, 2, '2025-07-25 05:42:39', '2025-07-25 05:42:39'),
(9, 11, 'a342defd-0bb4-4a7b-a40d-6803ed28260f', 2, 1, 5, 3, 7, 9, 'NIl', '2025-08-23', 'Nil', '2025-08-20', 'NIL', '2025-08-07', 'PL78787', '2025-08-14', 'LIV67987', '2025-08-09', 'CATLIC789798', '2025-08-15', 'NIL', 1, 2, 2, '2025-08-23 07:37:22', '2025-08-23 07:37:22'),
(10, 12, 'd55c26d3-226a-4f42-8775-276d2db3b408', 2, 3, 5, 3, 7, 9, 'ST123456789', '2025-08-01', 'STR123456789', '2025-08-01', 'PLAN456789', '2025-08-01', 'PLAN123456789', '2025-08-01', 'APP123456789', '2025-08-01', 'CAT123456789', '2025-08-01', '5000', 1, 2, 2, '2025-09-09 03:34:07', '2025-09-09 03:34:07'),
(11, 13, '4cfb0468-fb18-4bd2-b174-8257bc5ef2b7', 2, 3, 6, 4, 7, 10, 'ST1234567912', '2025-08-01', 'STR12345564', '2025-08-01', 'PLAN45645454', '2025-08-01', 'PLAN1234566496', '2025-08-01', 'APP123154564', '2025-08-01', 'CAT123456555', '2025-08-01', '5000', 1, 2, 2, '2025-09-17 07:02:00', '2025-09-17 07:02:00');

-- --------------------------------------------------------

--
-- Table structure for table `client_location_tab3`
--

CREATE TABLE `client_location_tab3` (
  `id` bigint(20) UNSIGNED NOT NULL,
  `client_location_id` bigint(20) UNSIGNED NOT NULL COMMENT 'first tab id',
  `uuid` varchar(255) NOT NULL,
  `shop_licence_no` varchar(255) DEFAULT NULL,
  `shop_licence_dt` varchar(255) DEFAULT NULL,
  `shop_licence_reg_no` varchar(255) DEFAULT NULL,
  `shop_licence_reg_dt` varchar(255) DEFAULT NULL,
  `shop_licence_fee_paid` varchar(255) DEFAULT NULL,
  `sa_authority_id` bigint(20) UNSIGNED DEFAULT NULL,
  `shop_jurisdiction_id` bigint(20) UNSIGNED DEFAULT NULL,
  `pt_licence_no` varchar(255) DEFAULT NULL,
  `pt_licence_dt` varchar(255) DEFAULT NULL,
  `pt_licence_reg_no` varchar(255) DEFAULT NULL,
  `pt_licence_reg_dt` varchar(255) DEFAULT NULL,
  `pt_authority_id` bigint(20) UNSIGNED DEFAULT NULL,
  `pt_jurisdiction_id` bigint(20) UNSIGNED DEFAULT NULL,
  `trade_licence_no` varchar(255) DEFAULT NULL,
  `trade_licence_dt` varchar(255) DEFAULT NULL,
  `trade_licence_reg_no` varchar(255) DEFAULT NULL,
  `trade_licence_reg_dt` varchar(255) DEFAULT NULL,
  `trade_licence_fee_paid` varchar(255) DEFAULT NULL,
  `trd_authority_id` bigint(20) UNSIGNED DEFAULT NULL,
  `trade_jurisdiction_id` bigint(20) UNSIGNED DEFAULT NULL,
  `status` tinyint(4) NOT NULL DEFAULT 1,
  `created_by` bigint(20) UNSIGNED DEFAULT NULL,
  `updated_by` bigint(20) UNSIGNED DEFAULT NULL,
  `created_at` timestamp NULL DEFAULT NULL,
  `updated_at` timestamp NULL DEFAULT NULL
) ENGINE=InnoDB DEFAULT CHARSET=utf8mb4 COLLATE=utf8mb4_unicode_ci;

--
-- Dumping data for table `client_location_tab3`
--

INSERT INTO `client_location_tab3` (`id`, `client_location_id`, `uuid`, `shop_licence_no`, `shop_licence_dt`, `shop_licence_reg_no`, `shop_licence_reg_dt`, `shop_licence_fee_paid`, `sa_authority_id`, `shop_jurisdiction_id`, `pt_licence_no`, `pt_licence_dt`, `pt_licence_reg_no`, `pt_licence_reg_dt`, `pt_authority_id`, `pt_jurisdiction_id`, `trade_licence_no`, `trade_licence_dt`, `trade_licence_reg_no`, `trade_licence_reg_dt`, `trade_licence_fee_paid`, `trd_authority_id`, `trade_jurisdiction_id`, `status`, `created_by`, `updated_by`, `created_at`, `updated_at`) VALUES
(1, 3, '4e8442df-5113-4ea1-afe9-144a0e36ac0d', '1', '2025-07-10', '1', '2025-07-10', '1', 11, 13, '1', '2025-07-10', '1', '2025-07-10', 15, 17, '1', '2025-07-10', '1', '2025-07-10', '1', 19, 20, 1, 2, 2, '2025-07-09 11:22:00', '2025-07-09 11:22:00'),
(2, 4, 'f1bac224-d196-48e4-a87f-84c2d6ee6e7e', 'SH-CHN-003-MRD', '2025-07-24', 'SH-REG-003', '2025-07-24', '3000', 11, 13, 'PT-CHN-003', '2025-07-24', 'PT-REG-003', '2025-07-17', 15, 17, 'TL-GT-003', '2025-07-23', 'TL-REG-003', '2025-07-24', '4000', 19, 20, 1, 2, 2, '2025-07-24 14:10:58', '2025-07-24 14:10:58'),
(3, 5, 'fc96085b-8284-4016-be2d-ad6bc3175b67', 'SH-CHN-003-MRD', '2025-07-24', 'SH-REG-003', '2025-07-24', '3000', 11, 13, 'PT-CHN-003', '2025-07-24', 'PT-REG-003', '2025-07-17', 15, 17, 'TL-GT-003', '2025-07-23', 'TL-REG-003', '2025-07-24', '4000', 19, 20, 1, 2, 2, '2025-07-24 14:22:08', '2025-07-24 14:22:08'),
(4, 6, 'afd0bc9e-ea6c-4f26-aabe-4a096cdb459f', 'SHOP001', '2025-06-11', 'REGSHOP001', '2024-07-12', '1500', 11, 13, 'PT003', '2025-07-02', 'PT001', '2024-09-13', 16, 18, 'TRD001', '2025-05-14', 'REGTRD001', '2024-12-24', '2500', 19, 20, 1, 2, 2, '2025-07-24 14:29:55', '2025-07-24 14:29:55'),
(5, 7, 'aa7844a4-3a96-4dd8-90fd-b3f24f3835bc', 'SLN-CHE-8872', '2025-07-08', 'SLRN-CHE-5521', '2025-07-06', '1500', 11, 13, 'PTL-CHE-3311', '2025-07-09', 'PTLRN-CHE-1177', '2025-07-07', 15, 17, 'TLN-CHE-6645', '2025-07-10', 'TLRN-CHE-4432', '2025-07-08', '3200', 19, 20, 1, 2, 2, '2025-07-24 17:45:20', '2025-07-24 17:45:20'),
(6, 8, 'b9f14860-b597-4bba-87ad-6a89b2084856', 'SLN-CHE-8872', '2025-07-08', 'SLRN-CHE-5521', '2025-07-06', '1500', 11, 13, 'PTL-CHE-3311', '2025-07-09', 'PTLRN-CHE-1177', '2025-07-07', 15, 17, 'TLN-CHE-6645', '2025-07-10', 'TLRN-CHE-4432', '2025-07-08', '3200', 19, 20, 1, 2, 2, '2025-07-25 04:53:13', '2025-07-25 04:53:13'),
(7, 9, '99eb82d6-af88-4d1d-97ff-845f14347f5b', 'SLN-CHE-8872', '2025-07-04', 'SLRN-CHE-5521', '2025-07-10', '1500', 12, 13, 'PTL-CHE-3311', '2025-07-02', 'PTLRN-CHE-1177', '2025-07-09', 15, 17, 'TLN-CHE-6645', '2025-07-16', 'TLRN-CHE-4432', '2025-07-16', '3200', 19, 20, 1, 2, 2, '2025-07-25 05:20:34', '2025-07-25 05:20:34'),
(8, 10, '4caf430f-d5c5-47de-80e3-bf331788ea8e', 'SLN-CHE-8872', '2025-07-11', 'SLRN-CHE-5521', '2025-07-04', '1500', 12, 13, 'PTL-CHE-3311', '2025-07-22', 'PTLRN-CHE-1177', '2025-07-16', 16, 17, 'TLN-CHE-6645', '2025-07-22', 'TLRN-CHE-4432', '2025-07-16', '3200', 19, 20, 1, 2, 2, '2025-07-25 05:46:10', '2025-07-25 05:46:10'),
(9, 11, '1d6e3226-5383-437c-b655-1b70c7cee9ae', '7879879878', '2025-08-14', '7987987987', '2025-08-15', 'NIL', 12, 13, 'PT78798', '2025-07-31', 'PT676767', '2025-08-08', 15, 17, 'TH898', '2025-08-06', '87987897', '2025-08-21', '8555', 19, 20, 1, 2, 2, '2025-08-23 07:38:40', '2025-08-23 07:38:40'),
(10, 12, 'c234ac4d-33e2-47d4-92cf-00e479cc120c', 'TN/AIL/123456789', '2025-08-01', '123456789', '2025-08-01', 'LIC123456789', 11, 13, '12-164-PE-002265', '2025-08-01', '12-164-PE-123466', '2025-08-01', 15, 18, 'TR123456789', '2025-08-01', 'TR123456789', '2025-08-01', '15000', 19, 20, 1, 2, 2, '2025-09-09 03:36:29', '2025-09-09 03:36:29'),
(11, 13, 'c30bfc30-eef0-4ff9-bf6a-b4e8d3c1935b', 'TN/AIL/123415416546', '2025-08-01', '12346567979', '2025-08-01', 'LIC1234545454', 12, 13, '12-164-PE-002789', '2025-08-01', '12-164-PE-123897', '2025-08-01', 15, 18, 'TR123455454654', '2025-08-01', 'TR1234516546', '2025-08-01', '15000', 19, 20, 1, 2, 2, '2025-09-17 07:05:35', '2025-09-17 07:05:35');

-- --------------------------------------------------------

--
-- Table structure for table `client_location_tab4`
--

CREATE TABLE `client_location_tab4` (
  `id` bigint(20) UNSIGNED NOT NULL,
  `client_location_id` bigint(20) UNSIGNED NOT NULL COMMENT 'first tab id',
  `uuid` varchar(255) NOT NULL,
  `fire_licence_no` varchar(255) DEFAULT NULL,
  `fire_licence_dt` varchar(255) DEFAULT NULL,
  `fire_licence_reg_no` varchar(255) DEFAULT NULL,
  `fire_licence_reg_dt` varchar(255) DEFAULT NULL,
  `fire_licence_fee_paid` varchar(255) DEFAULT NULL,
  `fire_authority_id` bigint(20) UNSIGNED DEFAULT NULL,
  `fire_jurisdiction_id` bigint(20) UNSIGNED DEFAULT NULL,
  `panch_licence_no` varchar(255) DEFAULT NULL,
  `panch_licence_dt` varchar(255) DEFAULT NULL,
  `panch_licence_reg_no` varchar(255) DEFAULT NULL,
  `panch_licence_reg_dt` varchar(255) DEFAULT NULL,
  `panch_licence_fee_paid` varchar(255) DEFAULT NULL,
  `panchayat_authority_id` bigint(20) UNSIGNED DEFAULT NULL,
  `panchayat_jurisdiction_id` bigint(20) UNSIGNED DEFAULT NULL,
  `status` tinyint(4) NOT NULL DEFAULT 1,
  `created_by` bigint(20) UNSIGNED DEFAULT NULL,
  `updated_by` bigint(20) UNSIGNED DEFAULT NULL,
  `created_at` timestamp NULL DEFAULT NULL,
  `updated_at` timestamp NULL DEFAULT NULL
) ENGINE=InnoDB DEFAULT CHARSET=utf8mb4 COLLATE=utf8mb4_unicode_ci;

--
-- Dumping data for table `client_location_tab4`
--

INSERT INTO `client_location_tab4` (`id`, `client_location_id`, `uuid`, `fire_licence_no`, `fire_licence_dt`, `fire_licence_reg_no`, `fire_licence_reg_dt`, `fire_licence_fee_paid`, `fire_authority_id`, `fire_jurisdiction_id`, `panch_licence_no`, `panch_licence_dt`, `panch_licence_reg_no`, `panch_licence_reg_dt`, `panch_licence_fee_paid`, `panchayat_authority_id`, `panchayat_jurisdiction_id`, `status`, `created_by`, `updated_by`, `created_at`, `updated_at`) VALUES
(1, 3, '2f9d589e-13bc-4cfa-a7ec-40d17e1f4233', '1', '2025-07-10', '1', '2025-07-10', '1', 21, 27, '1', '2025-07-10', '1', '2025-07-10', '1', 22, 23, 1, 2, 2, '2025-07-09 11:22:43', '2025-07-09 11:22:43'),
(2, 4, 'bf63870d-d752-4bd2-ab31-47c9f1fb550f', 'PT-REG-003', '2025-07-24', 'Chennai City Corporation', '2025-07-24', '3200', 21, 27, 'SH-REG-003', '2025-07-24', '12-06-2023', '2025-07-24', '3200', 22, 23, 1, 2, 2, '2025-07-24 14:16:50', '2025-07-24 14:16:50'),
(3, 5, 'ae24540d-bb17-4495-9e22-8b8f63299132', 'PT-REG-003', '2025-07-24', 'Chennai City Corporation', '2025-07-24', '3200', 21, 27, 'SH-REG-003', '2025-07-24', '12-06-2023', '2025-07-24', '3200', 22, 23, 1, 2, 2, '2025-07-24 14:22:09', '2025-07-24 14:22:09'),
(4, 6, 'f1e51452-5a28-4ffe-afcc-d074d67589c2', 'FIRE001', '2025-01-23', 'REGFIRE001', '2025-12-18', '3000', 21, 27, 'PANCH001', '2025-10-15', 'REGPANCH001', '2025-01-23', '1000', 22, 23, 1, 2, 2, '2025-07-24 14:31:42', '2025-07-24 14:31:42'),
(5, 7, 'e74fe85d-a6b9-45b4-a341-1b6b32c9ba2c', 'PT-REG-007', '2025-07-22', 'FL-REG-007', '2025-07-20', '3450', 21, 27, 'PNCH-009', '2025-07-21', 'PNCH-REG-009', '2025-07-10', '3000', 22, 23, 1, 2, 2, '2025-07-24 17:52:12', '2025-07-24 17:52:12'),
(6, 8, 'fd29a0db-ef2c-48c6-8340-9dafd4b6e185', 'PT-REG-007', '2025-07-22', 'FL-REG-007', '2025-07-20', '3450', 21, 27, 'PNCH-009', '2025-07-21', 'PNCH-REG-009', '2025-07-10', '3000', 22, 23, 1, 2, 2, '2025-07-25 04:55:03', '2025-07-25 04:55:03'),
(7, 9, '16b4a5dd-82e6-42be-9c0a-995914418a85', 'PT-REG-003', '2025-07-18', 'FL-REG-003', '2025-07-11', '3200', 21, 27, 'PNCH-003', '2025-07-23', 'PNCH-REG-003', '2025-07-15', '2800', 22, 23, 1, 2, 2, '2025-07-25 05:22:37', '2025-07-25 05:22:37'),
(8, 10, 'ca2d6284-13c1-4983-9e21-6a53d0a3eea2', 'FL-CHE-006', '2025-07-10', 'FLREG-CHE-8806', '2025-07-11', '3500', 21, 27, 'PNC-CHE-009', '2025-07-10', 'PNCREG-CHE-4421', '2025-07-24', '2900', 22, 23, 1, 2, 2, '2025-07-25 05:48:04', '2025-07-25 05:48:04'),
(9, 11, 'd93d8922-fd5c-4733-97af-c439e10f7d93', '787897', '2025-08-07', '98908098', '2025-08-10', '5000', 21, 27, '87987897', '2025-08-20', '87897987', '2025-08-09', '2000', 22, 23, 1, 2, 2, '2025-08-23 07:39:20', '2025-08-23 07:39:20'),
(10, 12, '21f1eff3-6500-42cb-9c5f-11c3b4719f33', 'LIC123456', '2025-08-01', 'FIRE123456', '2025-08-01', '15000', 21, 27, 'PACH123456789', '2025-08-01', 'PANCH123456789', '2025-08-01', 'PANCH1234', 22, 23, 1, 2, 2, '2025-09-09 03:37:45', '2025-09-09 03:37:45'),
(11, 13, '49566e55-18f6-4999-beac-c8a209b587e6', 'LIC123165146', '2025-08-01', 'FIRE123566', '2025-08-01', '15000', 21, 27, 'PACH12341541', '2025-08-01', 'PANCH12345515', '2025-08-01', 'PANCH115415', 22, 23, 1, 2, 2, '2025-09-17 07:06:25', '2025-09-17 07:06:25');

-- --------------------------------------------------------

--
-- Table structure for table `client_location_tab5`
--

CREATE TABLE `client_location_tab5` (
  `id` bigint(20) UNSIGNED NOT NULL,
  `client_location_id` bigint(20) UNSIGNED NOT NULL COMMENT 'first tab id',
  `uuid` varchar(255) NOT NULL,
  `police_licence_no` varchar(255) DEFAULT NULL,
  `police_licence_dt` varchar(255) DEFAULT NULL,
  `police_licence_reg_no` varchar(255) DEFAULT NULL,
  `police_licence_reg_dt` varchar(255) DEFAULT NULL,
  `police_licence_fee` varchar(255) DEFAULT NULL,
  `police_authority_id` bigint(20) UNSIGNED DEFAULT NULL,
  `police_jurisdiction_id` bigint(20) UNSIGNED DEFAULT NULL,
  `rc_no` varchar(255) DEFAULT NULL,
  `rc_dt` varchar(255) DEFAULT NULL,
  `rc_reg_no` varchar(255) DEFAULT NULL,
  `rc_reg_dt` varchar(255) DEFAULT NULL,
  `rc_fee_paid` varchar(255) DEFAULT NULL,
  `clra_rc_authority_id` bigint(20) UNSIGNED DEFAULT NULL,
  `cont_license_no` varchar(255) DEFAULT NULL,
  `cont_license_dt` varchar(255) DEFAULT NULL,
  `cont_license_reg_no` varchar(255) DEFAULT NULL,
  `cont_license_reg_dt` varchar(255) DEFAULT NULL,
  `cont_license_fee` varchar(255) DEFAULT NULL,
  `clra_lic_authority_id` bigint(20) UNSIGNED DEFAULT NULL,
  `status` tinyint(4) NOT NULL DEFAULT 1,
  `created_by` bigint(20) UNSIGNED DEFAULT NULL,
  `updated_by` bigint(20) UNSIGNED DEFAULT NULL,
  `created_at` timestamp NULL DEFAULT NULL,
  `updated_at` timestamp NULL DEFAULT NULL
) ENGINE=InnoDB DEFAULT CHARSET=utf8mb4 COLLATE=utf8mb4_unicode_ci;

--
-- Dumping data for table `client_location_tab5`
--

INSERT INTO `client_location_tab5` (`id`, `client_location_id`, `uuid`, `police_licence_no`, `police_licence_dt`, `police_licence_reg_no`, `police_licence_reg_dt`, `police_licence_fee`, `police_authority_id`, `police_jurisdiction_id`, `rc_no`, `rc_dt`, `rc_reg_no`, `rc_reg_dt`, `rc_fee_paid`, `clra_rc_authority_id`, `cont_license_no`, `cont_license_dt`, `cont_license_reg_no`, `cont_license_reg_dt`, `cont_license_fee`, `clra_lic_authority_id`, `status`, `created_by`, `updated_by`, `created_at`, `updated_at`) VALUES
(1, 3, 'e206b5fd-6b1a-445e-a4a7-a6f9ca782062', '1', '2025-07-10', '1', '2025-07-10', '1', 24, 28, '1', '2025-07-10', '1', '2025-07-10', '1', 25, '1', '2025-07-10', '1', '2025-07-10', '1', 26, 1, 2, 2, '2025-07-09 11:23:33', '2025-07-09 11:23:33'),
(2, 4, '602d13ea-62b7-465f-8ec6-c4a4b39f7df1', 'POL-003', '2025-07-24', 'POL-REG-003', '2025-07-24', '2500', 24, 28, 'RC-003', '2025-07-24', 'RC-REG-003', '2025-07-24', '3000', 25, 'CL-003', '2025-07-24', 'CL-REG-003', '2025-07-24', '4000.00', 26, 1, 2, 2, '2025-07-24 14:20:10', '2025-07-24 14:20:10'),
(3, 5, 'a4f2bb99-ccc4-4c0c-afbd-a437f484eaf7', 'POL-003', '2025-07-24', 'POL-REG-003', '2025-07-24', '2500', 24, 28, 'RC-003', '2025-07-24', 'RC-REG-003', '2025-07-24', '3000', 25, 'CL-003', '2025-07-24', 'CL-REG-003', '2025-07-24', '4000.00', 26, 1, 2, 2, '2025-07-24 14:22:11', '2025-07-24 14:22:11'),
(4, 6, 'c89d7967-5982-475c-87ae-cfd588ce886a', 'POL001', '2025-08-15', 'REGPOL001', '2025-09-26', '1200', 24, 28, 'RC001', '2025-05-07', 'REGRC001', '2025-09-27', '1800', 25, 'CONT001', '2025-09-25', 'REGCONT001', '2025-05-31', '2000', 26, 1, 2, 2, '2025-07-24 14:33:40', '2025-07-24 14:33:40'),
(5, 7, '95623da6-cab2-49b1-ad62-92255d28a8e7', 'POL-008', '2025-07-15', 'POL-REG-008', '2025-07-17', '2000', 24, 28, 'RC-008', '2025-07-01', 'RC-REG-008', '2025-07-19', '3300', 25, 'CL-REG-008', '2025-07-22', 'CL-REG-008', '2025-07-02', '4200', 26, 1, 2, 2, '2025-07-24 17:57:48', '2025-07-24 17:57:48'),
(6, 8, 'aabefbdb-a4ae-46be-ac2c-ac04937d48a9', 'POL-008', '2025-07-15', 'POL-REG-008', '2025-07-11', '2850', 24, 28, 'RC-008', '2025-07-11', 'RC-REG-008', '2025-07-19', '3300', 25, 'CL-008', '2025-07-17', '4200', '2025-07-22', '420000', 26, 1, 2, 2, '2025-07-25 04:57:14', '2025-07-25 04:57:14'),
(7, 8, '89e89bc4-c744-414e-9504-c064275dbd43', 'POL-008', '2025-07-15', 'POL-REG-008', '2025-07-11', '2850', 24, 28, 'RC-008', '2025-07-11', 'RC-REG-008', '2025-07-19', '3300', 25, 'CL-008', '2025-07-17', '4200', '2025-07-22', '420000', 26, 1, 2, 2, '2025-07-25 05:06:05', '2025-07-25 05:06:05'),
(8, 9, '6da65b92-504a-4cb1-ada8-208834bc7e88', 'POL-003', '2025-07-15', 'POL-REG-003', '2025-07-06', '2500', 24, 28, 'RC-003', '2025-07-10', 'RC-REG-003', '2025-07-08', '3000', 25, 'CL-003', '2025-07-15', 'CL-REG-003', '2025-07-30', '4000.00', 26, 1, 2, 2, '2025-07-25 05:25:03', '2025-07-25 05:25:03'),
(9, 10, '65e1883b-a5c4-4553-8652-f77b2a48dd63', 'POL-003', '2025-07-04', 'POL-REG-003', '2025-07-17', '2500', 24, 28, 'RC-003', '2025-07-10', 'RC-REG-003', '2025-07-16', '3000', 25, 'CL-003', '2025-07-17', 'CL-REG-003', '2025-07-15', 'CL-003', 26, 1, 2, 2, '2025-07-25 05:51:11', '2025-07-25 05:51:11'),
(10, 11, '2f28d9ea-fceb-404e-b35a-cee61243c098', '77879878', '2025-08-09', '78798', '2025-08-09', '5000', 24, 28, '789798798', '2025-08-21', '8979789', '2025-08-08', '5000', 25, '879878', '2025-08-21', '789798', '2025-08-07', '5000', 26, 1, 2, 2, '2025-08-23 07:40:11', '2025-08-23 07:40:11'),
(11, 12, '975613fc-67b9-404e-a811-28a2e73c8c1d', 'POL123456789', '2025-08-01', 'LIC123456789', '2025-08-01', 'LIC123456789', 24, 28, 'RC123456789', '2025-08-01', 'RC123456789', '2025-08-01', '15000', 25, 'CLRA123456789', '2025-08-01', 'CLRA123345', '2025-08-01', '1800', 26, 1, 2, 2, '2025-09-09 03:39:16', '2025-09-09 03:39:16'),
(12, 13, '3a7df5ed-0780-4f6b-b2e9-256b06b47f33', 'POL12345155', '2025-08-01', 'LIC123415151', '2025-08-01', 'LIC12351515', 24, 28, 'RC123451514', '2025-08-01', 'RC1234515', '2025-08-01', '15000', 25, 'CLRA12345151', '2025-08-01', 'CLRA12151', '2025-08-01', '1800', 26, 1, 2, 2, '2025-09-17 07:07:28', '2025-09-17 07:07:28');

-- --------------------------------------------------------

--
-- Table structure for table `client_location_tab6`
--

CREATE TABLE `client_location_tab6` (
  `id` bigint(20) UNSIGNED NOT NULL,
  `client_location_id` bigint(20) UNSIGNED NOT NULL COMMENT 'first tab id',
  `uuid` varchar(255) NOT NULL,
  `contractor_convicted` varchar(255) DEFAULT NULL,
  `order_against_contractor` varchar(255) DEFAULT NULL,
  `contractor_worked_anywhere` varchar(255) DEFAULT NULL,
  `mw_industry_category` varchar(255) DEFAULT NULL,
  `mw_zone_classification` varchar(255) DEFAULT NULL,
  `date_of_closure` varchar(255) DEFAULT NULL,
  `reason_of_closure` varchar(255) DEFAULT NULL,
  `telephone_number` varchar(255) DEFAULT NULL,
  `mobile_number` varchar(255) DEFAULT NULL,
  `fax_number` varchar(255) DEFAULT NULL,
  `email` varchar(255) DEFAULT NULL,
  `website` varchar(255) DEFAULT NULL,
  `manager_ipscode` bigint(20) UNSIGNED DEFAULT NULL,
  `occupier_ipscode` bigint(20) UNSIGNED DEFAULT NULL,
  `toll_free_number` varchar(255) DEFAULT NULL,
  `pan_number` varchar(255) DEFAULT NULL,
  `cli_loc_gst_number` varchar(255) DEFAULT NULL,
  `is_active` varchar(255) DEFAULT NULL,
  `close_date` varchar(255) DEFAULT NULL,
  `status` tinyint(4) NOT NULL DEFAULT 1,
  `created_by` bigint(20) UNSIGNED DEFAULT NULL,
  `updated_by` bigint(20) UNSIGNED DEFAULT NULL,
  `created_at` timestamp NULL DEFAULT NULL,
  `updated_at` timestamp NULL DEFAULT NULL
) ENGINE=InnoDB DEFAULT CHARSET=utf8mb4 COLLATE=utf8mb4_unicode_ci;

--
-- Dumping data for table `client_location_tab6`
--

INSERT INTO `client_location_tab6` (`id`, `client_location_id`, `uuid`, `contractor_convicted`, `order_against_contractor`, `contractor_worked_anywhere`, `mw_industry_category`, `mw_zone_classification`, `date_of_closure`, `reason_of_closure`, `telephone_number`, `mobile_number`, `fax_number`, `email`, `website`, `manager_ipscode`, `occupier_ipscode`, `toll_free_number`, `pan_number`, `cli_loc_gst_number`, `is_active`, `close_date`, `status`, `created_by`, `updated_by`, `created_at`, `updated_at`) VALUES
(1, 3, 'd369bf0b-270a-4e28-ad6a-faba4819479b', '1', '1', '11', '1', '1', '1111-11-11', '1', '1', '1', '1', '121@qeeqe', '1', 1, 1, '1', '1', '1', '1', '0011-01-01', 1, 2, 2, '2025-07-09 11:24:14', '2025-07-09 11:24:14'),
(2, 6, '3c08ebd6-01e6-451b-8bd3-f3d1fbcc73da', 'No', 'no', 'yes', 'Manufacturing', 'Zone A', '2025-03-05', 'Project completed', '044-12345678', '9876543210', '044-87654321', 'info@client1.com', 'www.client1.com', 2501, 2601, '1800-123-456', 'PAN1234567', 'Hai', '1', '2025-07-24', 1, 2, 2, '2025-07-24 14:36:30', '2025-07-24 14:36:30'),
(3, 8, '14fbaa85-8ba1-473b-923a-b5028418bda5', 'No', 'NO', 'Yes – Ambattur Industrial Area', 'Engineering', 'Zone B – Chennai Urban', '2025-07-09', '[Leave Blank if Active]', '044-22223344', '9876543210', '044-22223345', 'contact@greentech003.in', 'www.greentech003.in', 100, 3, '1800-890-0033', 'ACGP0033M', 'hey', '1', '2025-07-29', 1, 2, 2, '2025-07-25 05:07:52', '2025-07-25 05:07:52'),
(4, 9, '1b1d2b41-441f-4925-933e-6462922302ee', 'No', 'No', 'Yes – Ambattur Industrial Area', 'Engineering', 'Zone B – Chennai Urban', '2025-07-09', '[Leave Blank if Active]', '044-22223344', '9876543210', '044-22223345', 'dhna@gmail.com', 'contact@greentech003.in', 0, 0, '1800-890-0033', 'ACGP0033M', '33ACGP0033M1ZQ', '1', '2025-07-16', 1, 2, 2, '2025-07-25 05:31:21', '2025-07-25 05:31:21'),
(5, 10, '006da1eb-e316-455d-bc04-1d59c8751591', 'No', 'No', 'Yes – Ambattur Industrial Area', 'Engineering', 'Zone B – Chennai Urban', '2025-07-10', '[Leave Blank if Active]', '044-22223344', '9876543210', '044-22223345', 'contact@greentech003.com', 'www.greentech003.in', 0, 0, '1800-890-0033', 'ACGP0033M', '33ACGP0033M1ZQ', '2', '2025-07-08', 1, 2, 2, '2025-07-25 05:59:54', '2025-07-25 05:59:54'),
(6, 11, 'cdaf27ba-05c7-46dc-b8f8-1f081b06e112', 'NIL', 'NIL', 'NIl', NULL, NULL, '2025-08-08', 'NIl', '2323232324545', '232323', '23232', '2323', '23232', NULL, NULL, '2323', '232323', '232323', '1', '2025-08-08', 1, 2, 2, '2025-08-23 07:42:55', '2025-09-08 05:45:54'),
(7, 12, '718eca2d-d743-4a7c-9ed1-148aff2f96ec', 'NIL', 'NIL', 'NIL', NULL, NULL, '2026-07-31', 'Closed', '044-22652222', '09962356584', '044-22652222', 'n_santhosh_kumar@yahoo.com', 'No:3/18,bharathimatha st,', NULL, NULL, '180000000164564', 'AAJCA2297F', 'GST12337498794', '1', '2026-07-31', 1, 2, 2, '2025-09-09 03:40:29', '2025-09-09 03:40:29'),
(8, 13, '53c53266-8055-49bf-aace-4d27772f87a7', 'NIL', 'NIL', 'NIL', NULL, NULL, '1900-01-01', 'Closed', '044-22652222', '9962356584', '044-22652245', 'santhosh_kumar_n@yahoo.com', 'WWW.s2hr.com', NULL, NULL, '18000000016455154', 'AAJCA2297F', 'GST12337498454', '1', '1900-01-01', 1, 2, 2, '2025-09-17 07:10:05', '2025-09-17 07:10:05');

-- --------------------------------------------------------

--
-- Table structure for table `client_tab1`
--

CREATE TABLE `client_tab1` (
  `id` bigint(20) UNSIGNED NOT NULL,
  `uuid` varchar(255) NOT NULL,
  `code` varchar(255) DEFAULT NULL,
  `establishment_name` varchar(255) DEFAULT NULL,
  `business_commencement_dt` varchar(255) DEFAULT NULL,
  `address_of_establishment` varchar(255) DEFAULT NULL,
  `employer_name` varchar(255) DEFAULT NULL,
  `employer_address` varchar(255) DEFAULT NULL,
  `employer_signature` varchar(255) DEFAULT NULL,
  `s2_code` varchar(255) DEFAULT NULL,
  `pf_establish_no` varchar(255) DEFAULT NULL,
  `edli_exemption` varchar(255) DEFAULT NULL,
  `esi_establish_no` varchar(255) DEFAULT NULL,
  `proceedings_no` varchar(255) DEFAULT NULL,
  `proceedings_date` date DEFAULT NULL,
  `mobile_no` varchar(255) DEFAULT NULL,
  `telephone_no1` varchar(255) DEFAULT NULL,
  `telephone_no2` varchar(255) DEFAULT NULL,
  `telephone_no3` varchar(255) DEFAULT NULL,
  `ownershiptype_id` bigint(20) UNSIGNED DEFAULT NULL,
  `is_temp` tinyint(4) DEFAULT 1,
  `status` tinyint(4) DEFAULT 1,
  `created_by` bigint(20) UNSIGNED DEFAULT NULL,
  `updated_by` bigint(20) UNSIGNED DEFAULT NULL,
  `created_at` timestamp NULL DEFAULT NULL,
  `updated_at` timestamp NULL DEFAULT NULL
) ENGINE=InnoDB DEFAULT CHARSET=utf8mb4 COLLATE=utf8mb4_unicode_ci;

--
-- Dumping data for table `client_tab1`
--

INSERT INTO `client_tab1` (`id`, `uuid`, `code`, `establishment_name`, `business_commencement_dt`, `address_of_establishment`, `employer_name`, `employer_address`, `employer_signature`, `s2_code`, `pf_establish_no`, `edli_exemption`, `esi_establish_no`, `proceedings_no`, `proceedings_date`, `mobile_no`, `telephone_no1`, `telephone_no2`, `telephone_no3`, `ownershiptype_id`, `is_temp`, `status`, `created_by`, `updated_by`, `created_at`, `updated_at`) VALUES
(1, '1b90c1ad-1874-46a9-b593-c4e0315ee20a', '001', 'Test catch', '2025-08-14', '1', 'Pugal', 'address', 'sign', '0', 'pf', 'edli', 'esi', 'proc', '2025-07-02', '7998959999', '1234', '32324', '535', 1, 0, 1, 2, 2, '2025-07-02 07:38:31', '2025-08-16 01:47:03'),
(2, '93be48ba-070f-4f79-a7e6-f168b5e4d81e', '002', 'GreenTech Solutions', '2015-06-01', '45 MG Road, Bengaluru', 'Rajesh Kumar', '22 Residency Rd, Bengaluru', 'RajeshK_Sign', 'S2GTS001', 'KN/BN/123456', 'No', '1234567890', 'PR001', '2025-07-24', '9876264748', '080-12345678', '080-87654321', '080-11223344', 3, 0, 1, 2, 2, '2025-07-24 13:36:26', '2025-07-24 13:51:15'),
(3, '1c3d779e-660c-41b7-8d8f-c024b278ac8c', '003', 'Sunrise Textiles', '2010-03-15', '12 Mill Street, Tirupur', 'Meena Iyer', '5 Lakshmi Nagar, Coimbatore', 'MeenaI_Sign', 'S2STX002', 'TN/CBE/789012', 'Yes', '9876543210', 'PR002', '2025-07-24', '9123456789', '0421-234567', '0421-765432', '0421-998877', 3, 0, 1, 2, 2, '2025-07-24 13:53:46', '2025-07-24 14:00:40'),
(4, '10a3cff2-e18d-4b62-b3ae-7165def55c3c', '004', 'Apex Logistics', '2018-11-20', '88 Cargo Lane, Mumbai', 'Arvind Kumar', '101 Nehru Rd, Mumbai', 'ArvindP_Kumar', '0', 'MH/MUM/345678', 'No', '1122334455', 'PR003', '2025-07-24', 'ArvindP_Kumar', '9988776655', '022-87654321', '022-12345678', 4, 0, 1, 2, 2, '2025-07-24 14:03:14', '2025-07-31 06:20:28'),
(5, 'a8410931-7d16-48e0-812a-4f86befe5ec9', '005', 'Ocean Park', '2022-01-01', 'Kilpauk,Chennai', 'Karthick', 'Kilpauk,chennai', 'Karthick', '0', 'KN / 53034 / 72580', 'yes', '121000388110001302', 'MH12-CV-1234-2024', '2023-01-12', '4545454545', '4545454545', '4545454545', '4545454545', 3, 1, 1, 2, 2, '2025-08-23 04:53:31', '2025-08-23 04:53:31'),
(6, '413de68a-c1e5-4109-82a6-256ec87201c2', '006', 'Ocean Park', '2022-01-07', 'Kilpauk,Chennai', 'Karthick', 'Kilpauk,chennai', 'Karthick', '0', 'KN / 53034 / 72580', 'yes', '121000388110001302', 'MH12-CV-1234-2024', '2023-05-23', '4545454545', '4545454545', '4545454545', '4545454545', 3, 1, 1, 2, 2, '2025-08-23 05:03:50', '2025-08-23 05:03:50'),
(7, '5d1c667f-a48a-4fa3-8bb4-8a16d9043020', '007', 'Ocean Park', '2022-01-10', 'Kilpauk,Chennai', 'Karthick', 'Kilpauk,chennai', 'Karthick', '0', 'KN / 53034 / 72580', 'yes', '121000388110001302', 'MH12-CV-1234-2024', '2022-01-05', '4545454545', '4545454545', '4545454545', '4545454545', 6, 1, 1, 2, 2, '2025-08-23 06:35:41', '2025-08-23 06:35:41'),
(8, '799aeeda-3de2-4593-b55d-77d7a80c930b', '008', 'Ocean Park', '2025-08-01', 'Kilpauk,Chennai', 'Karthick', 'Kilpauk,chennai', 'Karthick', '0', 'KN / 53034 / 72580', 'yes', '121000388110001302', 'MH12-CV-1234-2024', '2025-08-09', '4545454545', '4545454545', '4545454545', '4545454545', 6, 0, 1, 2, 2, '2025-08-23 06:48:26', '2025-08-23 07:07:28'),
(9, '6584924c-d892-4e4d-a618-c02274e73f49', '009', 'Santhosh TEST', '2025-08-01', 'No:3/18,bharathimatha st,', 'Santhosh kumar N', 'No:3/18,bharathimatha st, bharathipuram chrompet chennai - 600044', 'Santhosh', '0', 'TBTAM006077600A', 'YES and NO', '5100000000000001', 'TN/AIL/202501082025-S2', '2025-08-01', '09962356584', '09962356584', '044-22650000', '044-22650001', 3, 1, 1, 2, 2, '2025-09-07 16:28:18', '2025-09-07 16:28:18'),
(10, '6ced502a-929d-466e-9028-f8721430fc2c', '009', 'Santhosh TEST', '2025-08-01', 'No:3/18,bharathimatha st,', 'Santhosh kumar N', 'No:3/18,bharathimatha st, bharathipuram chrompet chennai - 600044', 'Santhosh', '0', 'TBTAM006077600A', 'YES and NO', '5100000000000001', 'TN/AIL/202501082025-S2', '2025-08-01', '09962356584', '09962356584', '044-22650000', '044-22650001', 3, 1, 1, 2, 2, '2025-09-07 16:32:46', '2025-09-07 16:32:46'),
(11, 'cd21150c-02ff-4558-8358-3d9976ead67a', '009', 'Santhosh TEST', '2025-08-01', 'No:3/18,bharathimatha st,', 'Santhosh kumar N', 'No:3/18,bharathimatha st, bharathipuram chrompet chennai - 600044', 'Santhosh', '0', 'TBTAM006077600A', 'YES and NO', '5100000000000001', 'TN/AIL/202501082025-S2', '2025-08-01', '09962356584', '09962356584', '044-22650000', '044-22650001', 3, 1, 1, 2, 2, '2025-09-07 16:47:18', '2025-09-07 16:47:18'),
(12, '9fed05b2-5c4c-45f2-9477-75d3d94abdac', '010', 'Santhosh TEST', '2025-08-01', 'No:3/18,bharathimatha st,', 'Santhosh kumar N', 'No:3/18,bharathimatha st,', 'Santhosh', '0', 'TBTAM006077600A', 'YES and NO', '5100000000000001', 'TN/AIL/202501082025-S2', '2025-08-01', '09962356584', '044-22650001', '044-22650002', '044-22650003', 3, 1, 1, 2, 2, '2025-09-09 03:20:50', '2025-09-09 03:20:50'),
(13, 'ddbf5d1e-6122-493f-8064-ae799dd486a6', '010', 'Santhosh TEST', '2025-08-01', 'No:3/18,bharathimatha st,', 'Santhosh kumar N', 'No:3/18,bharathimatha st,', 'Santhosh', '0', 'TBTAM006077600A', 'YES and NO', '5100000000000001', 'TN/AIL/202501082025-S2', '2025-08-01', '09962356584', '044-22650001', '044-22650002', '044-22650003', 3, 0, 1, 2, 2, '2025-09-09 03:22:06', '2025-09-09 03:27:36');

-- --------------------------------------------------------

--
-- Table structure for table `client_tab2`
--

CREATE TABLE `client_tab2` (
  `id` bigint(20) UNSIGNED NOT NULL,
  `uuid` varchar(255) NOT NULL,
  `client_id` bigint(20) UNSIGNED DEFAULT NULL,
  `fax_number` varchar(255) DEFAULT NULL,
  `tollfree_number` varchar(255) DEFAULT NULL,
  `email` varchar(255) DEFAULT NULL,
  `website_address` varchar(255) DEFAULT NULL,
  `client_location` varchar(255) DEFAULT NULL,
  `pan_no` varchar(255) DEFAULT NULL,
  `registration_number` varchar(255) DEFAULT NULL,
  `registration_date` date DEFAULT NULL,
  `licence_no` varchar(255) DEFAULT NULL,
  `obtaining_licence_date` date DEFAULT NULL,
  `industry_type` varchar(255) DEFAULT NULL,
  `inception_date` date DEFAULT NULL,
  `coverage_date` date DEFAULT NULL,
  `esi_calculation_id` bigint(20) UNSIGNED DEFAULT NULL,
  `pf_calculation_id` bigint(20) UNSIGNED DEFAULT NULL,
  `pt_calculation_type` varchar(255) DEFAULT NULL,
  `tnlwf_calculation_id` bigint(20) UNSIGNED DEFAULT NULL,
  `localbody_id` bigint(20) UNSIGNED DEFAULT NULL,
  `status` tinyint(4) DEFAULT 1,
  `created_by` bigint(20) UNSIGNED DEFAULT NULL,
  `updated_by` bigint(20) UNSIGNED DEFAULT NULL,
  `created_at` timestamp NULL DEFAULT NULL,
  `updated_at` timestamp NULL DEFAULT NULL
) ENGINE=InnoDB DEFAULT CHARSET=utf8mb4 COLLATE=utf8mb4_unicode_ci;

--
-- Dumping data for table `client_tab2`
--

INSERT INTO `client_tab2` (`id`, `uuid`, `client_id`, `fax_number`, `tollfree_number`, `email`, `website_address`, `client_location`, `pan_no`, `registration_number`, `registration_date`, `licence_no`, `obtaining_licence_date`, `industry_type`, `inception_date`, `coverage_date`, `esi_calculation_id`, `pf_calculation_id`, `pt_calculation_type`, `tnlwf_calculation_id`, `localbody_id`, `status`, `created_by`, `updated_by`, `created_at`, `updated_at`) VALUES
(1, '06c60cfd-8f58-4eb8-a4a4-76341e79c4db', 1, '3456', '87', '621712@haha', '876', '1', '786', '8976', '2025-07-03', '9876', '2025-07-03', '9876', '2025-07-02', '2025-07-02', 1, 1, '678', 1, NULL, 1, 2, 2, '2025-07-02 07:39:29', '2025-07-09 10:38:32'),
(2, 'ba2f5ff0-6214-4a82-a7de-12a3e97c298a', 2, '080-33445566', '1800-111-222', 'contact@greentech.com', 'www.greentech.com', '1', 'ABCDE1234F', 'REG001', '2025-07-09', 'LIC001', '2024-06-24', 'IT Services', '2025-02-13', '2025-02-05', 1, 1, 'Monthly', 1, NULL, 1, 2, 2, '2025-07-24 13:44:30', '2025-07-24 13:44:30'),
(3, '006afb5a-898c-4ff7-9da4-e31cdbe3587d', 3, '0421-556677', '1800-333-444', 'info@sunrisetextiles.in', 'www.sunrisetextiles.in', '1', 'FGHIJ5678K', 'REG002', '2021-01-24', 'LIC002', '2023-06-24', 'Textile Manufacturing', '2024-11-14', '2024-12-25', 3, 2, 'Quarterly', 2, NULL, 1, 2, 2, '2025-07-24 13:55:43', '2025-07-24 13:55:43'),
(4, 'eed25c60-4d7e-4b97-bf61-4c5435bdb7c4', 4, '022-77889900', '1800-555-666', 'support@apexlogistics.com', 'www.apexlogistics.com', '2', 'LMNOP9012Q', 'REG003', '2022-07-24', 'LIC003', '2024-06-24', 'Logistics', '2024-10-16', '2024-12-24', 4, 3, 'Monthly', 3, NULL, 1, 2, 2, '2025-07-24 14:05:04', '2025-07-29 12:31:38'),
(5, '8456c6a3-3db7-42fd-9b95-4014466455b8', 4, '022-77889900', '1800-555-666', 'support@apexlogistics.com', 'www.apexlogistics.com', '1', 'LMNOP9012Q', 'REG003', '2022-07-24', 'LIC003', '2024-06-24', 'Logistics', '2024-10-16', '2024-12-24', 4, 3, 'Monthly', 3, NULL, 1, 2, 2, '2025-07-24 14:06:19', '2025-07-24 14:06:19'),
(6, '8366ef4d-ddaf-4888-9831-0b7c07a62e2c', 7, '1-800-555-9876', '1-800-555-9876', 'karthick@oceanpark.com', 'www.oceanpark.com', '12', 'AAAPA1234A', 'L01631KA2010PTC096843', '2022-01-21', 'U12345MH2024PLC567890', '2022-01-21', 'Partnership', '2022-01-19', '2022-06-16', 1, 1, 'Duplicate field', 1, NULL, 1, 2, 2, '2025-08-23 06:39:32', '2025-08-23 06:39:32'),
(7, 'cadc37a7-0480-42a2-a33e-1cfb80027e08', 8, '1-800-555-9876', '1-800-555-9876', 'karthick@oceanpark.com', 'www.oceanpark.com', '12', 'AAAPA1234A', 'L01631KA2010PTC096843', '2025-08-09', 'U12345MH2024PLC567890', '2025-08-16', 'Partnership', '2025-08-15', '2025-08-09', 1, 1, 'Duplicate field', 1, NULL, 1, 2, 2, '2025-08-23 06:49:07', '2025-08-23 06:49:07'),
(8, '84f493aa-771c-49f6-8054-c5012c650c22', 10, '044-22652222', '044-22652224', 'n.santhoshbalaji@gmail.com', 'www.s2hrsolutions.com', '1', 'ABCD1234E', 'UC100000000000002025', '2025-08-01', 'KMP12345', '2025-08-01', 'Software', '2025-08-20', '2025-08-01', 1, 1, 'Select option', 1, NULL, 1, 2, 2, '2025-09-07 16:32:48', '2025-09-07 16:32:48'),
(9, 'debbd874-daf9-49ff-9143-4811ef706b88', 10, '044-22652222', '044-22652224', 'n.santhoshbalaji@gmail.com', 'www.s2hrsolutions.com', '1', 'ABCD1234E', 'UC100000000000002025', '2025-08-01', 'KMP12345', '2025-08-01', 'Software', '2025-08-20', '2025-08-01', 1, 1, 'Select option', 1, NULL, 1, 2, 2, '2025-09-07 16:35:03', '2025-09-07 16:35:03'),
(10, 'b631be2c-2df1-4d8a-9cd8-91a840fee45f', 13, '044-22652222', '044-22652224', 'n.santhoshbalaji@gmail.com', 'No:3/18,bharathimatha st,', '1', 'ABCD1234E', 'UC100000000000002025', '2025-08-01', 'KMP12345', '2025-08-01', 'Software', '2025-08-01', '2025-08-01', 1, 1, 'Select option should come', 1, NULL, 1, 2, 2, '2025-09-09 03:22:08', '2025-09-09 03:22:08'),
(11, 'c2b5ffb6-929e-48e6-8582-a50ea0e25c67', 13, '044-22652222', '044-22652224', 'n.santhoshbalaji@gmail.com', 'No:3/18,bharathimatha st,', '1', 'ABCD1234E', 'UC100000000000002025', '2025-08-01', 'KMP12345', '2025-08-01', 'Software', '2025-08-01', '2025-08-01', 1, 1, 'Select option should come', 1, NULL, 1, 2, 2, '2025-09-09 03:23:12', '2025-09-09 03:23:12');

-- --------------------------------------------------------

--
-- Table structure for table `client_tab3`
--

CREATE TABLE `client_tab3` (
  `id` bigint(20) UNSIGNED NOT NULL,
  `uuid` varchar(255) NOT NULL,
  `client_id` bigint(20) UNSIGNED DEFAULT NULL,
  `attendance_marking_id` bigint(20) UNSIGNED DEFAULT NULL,
  `attendance_markings` varchar(255) DEFAULT NULL,
  `weeklyoff_id` bigint(20) UNSIGNED DEFAULT NULL,
  `weeklyoff_markers` varchar(255) DEFAULT NULL,
  `weeklyoff1_id` bigint(20) UNSIGNED DEFAULT NULL,
  `weeklyoff1_markers` varchar(255) DEFAULT NULL,
  `denomination_salary_id` bigint(20) UNSIGNED DEFAULT NULL,
  `single_point_contact` varchar(255) DEFAULT NULL,
  `esi_office_id` bigint(20) UNSIGNED DEFAULT NULL,
  `if_jurisdiction_id` bigint(20) UNSIGNED DEFAULT NULL,
  `il_jurisdiction_id` bigint(20) UNSIGNED DEFAULT NULL,
  `pf_jurisdiction_notused` bigint(20) UNSIGNED DEFAULT NULL,
  `pf_group` varchar(255) DEFAULT NULL,
  `fire_jurisdiction_id` bigint(20) UNSIGNED DEFAULT NULL,
  `police_jurisdiction_id` bigint(20) UNSIGNED DEFAULT NULL,
  `trade_licence_id` bigint(20) UNSIGNED DEFAULT NULL,
  `pf_jurisdiction_id` varchar(255) DEFAULT NULL,
  `status` tinyint(4) DEFAULT 1,
  `created_by` bigint(20) UNSIGNED DEFAULT NULL,
  `updated_by` bigint(20) UNSIGNED DEFAULT NULL,
  `created_at` timestamp NULL DEFAULT NULL,
  `updated_at` timestamp NULL DEFAULT NULL
) ENGINE=InnoDB DEFAULT CHARSET=utf8mb4 COLLATE=utf8mb4_unicode_ci;

--
-- Dumping data for table `client_tab3`
--

INSERT INTO `client_tab3` (`id`, `uuid`, `client_id`, `attendance_marking_id`, `attendance_markings`, `weeklyoff_id`, `weeklyoff_markers`, `weeklyoff1_id`, `weeklyoff1_markers`, `denomination_salary_id`, `single_point_contact`, `esi_office_id`, `if_jurisdiction_id`, `il_jurisdiction_id`, `pf_jurisdiction_notused`, `pf_group`, `fire_jurisdiction_id`, `police_jurisdiction_id`, `trade_licence_id`, `pf_jurisdiction_id`, `status`, `created_by`, `updated_by`, `created_at`, `updated_at`) VALUES
(1, '1827427a-7d50-44c7-8d34-d731ea115032', 1, 1, '8765', 1, '9876', 4, NULL, 1, '98765', 1, 1, 1, 1, '76', 2, 2, 1, '9876', 1, 2, 2, '2025-07-02 07:39:52', '2025-07-29 14:40:57'),
(2, 'db792850-aa82-4dfa-b888-ea5509a99fb2', 2, 1, 'Biometric', 1, 'Sunday', 1, NULL, 1, 'Anjali Verma', 1, 1, 1, 1, 'North Zone', 8, 8, 1, 'PFG001', 1, 2, 2, '2025-07-24 13:46:02', '2025-07-24 13:46:02'),
(3, '26290227-0609-40ae-938d-dfc637eb8419', 2, 1, 'Biometric', 1, 'Sunday', 1, NULL, 1, 'Anjali Verma', 1, 1, 1, 1, 'North Zone', 8, 8, 8, 'PFG001', 1, 2, 2, '2025-07-24 13:46:10', '2025-07-24 13:46:10'),
(4, '0dfe0e8b-1fb3-48b6-aae7-be24002498b7', 3, 3, 'Manual', 3, 'Saturday', 3, NULL, 3, 'Karthik R', 2, 3, 3, 5, 'North Zone', 2, 2, 7, 'PFG002', 1, 2, 2, '2025-07-24 13:57:13', '2025-07-24 13:57:13'),
(5, 'b3045187-ab98-4fb7-a9d6-328ea4e92537', 4, 4, 'RFID', 4, 'Sunday', 1, NULL, 4, 'Neha Shah', 1, 3, 4, 4, '52/2', 3, 4, 8, 'PFG003', 1, 2, 2, '2025-07-24 14:06:53', '2025-08-19 18:03:44'),
(6, '0b2c7971-b700-456a-9521-72663ad52e2c', 8, NULL, 'test Attendance Markings', 1, NULL, 1, NULL, 1, 'karthick', 9, 3, 7, 1, 'exempted establishments', 8, 8, 9, NULL, 1, 2, 2, '2025-08-23 06:51:48', '2025-09-08 05:45:36'),
(7, '58daf745-85ee-4a5a-9773-9878cb36a065', 13, NULL, 'Select option should come', 3, NULL, 4, NULL, 1, 'santhosh', 1, 3, 1, 1, '56/4', 2, 2, 1, NULL, 1, 2, 2, '2025-09-09 03:23:13', '2025-09-09 03:23:13');

-- --------------------------------------------------------

--
-- Table structure for table `client_tab4`
--

CREATE TABLE `client_tab4` (
  `id` bigint(20) UNSIGNED NOT NULL,
  `uuid` varchar(255) NOT NULL,
  `client_id` bigint(20) UNSIGNED DEFAULT NULL,
  `ot_calculation_id` bigint(20) UNSIGNED DEFAULT NULL,
  `own_code` varchar(255) DEFAULT NULL,
  `mw_industry_id` bigint(20) UNSIGNED DEFAULT NULL,
  `mw_zone_id` bigint(20) UNSIGNED DEFAULT NULL,
  `nf_holiday` varchar(255) DEFAULT NULL,
  `applicable_shifts` varchar(255) DEFAULT NULL,
  `applicable_leave` varchar(255) DEFAULT NULL,
  `time_end` varchar(255) DEFAULT NULL,
  `max_no_employee` varchar(255) DEFAULT NULL,
  `closure_date` date DEFAULT NULL,
  `is_seasonal_industry` tinyint(4) DEFAULT 1,
  `relevant_information` varchar(255) DEFAULT NULL,
  `remarks` varchar(255) DEFAULT NULL,
  `applicable_enactments` varchar(255) DEFAULT NULL,
  `client_type_id` bigint(20) UNSIGNED DEFAULT NULL,
  `status` tinyint(4) DEFAULT 1,
  `created_by` bigint(20) UNSIGNED DEFAULT NULL,
  `updated_by` bigint(20) UNSIGNED DEFAULT NULL,
  `created_at` timestamp NULL DEFAULT NULL,
  `updated_at` timestamp NULL DEFAULT NULL
) ENGINE=InnoDB DEFAULT CHARSET=utf8mb4 COLLATE=utf8mb4_unicode_ci;

--
-- Dumping data for table `client_tab4`
--

INSERT INTO `client_tab4` (`id`, `uuid`, `client_id`, `ot_calculation_id`, `own_code`, `mw_industry_id`, `mw_zone_id`, `nf_holiday`, `applicable_shifts`, `applicable_leave`, `time_end`, `max_no_employee`, `closure_date`, `is_seasonal_industry`, `relevant_information`, `remarks`, `applicable_enactments`, `client_type_id`, `status`, `created_by`, `updated_by`, `created_at`, `updated_at`) VALUES
(1, '9c8a8367-8653-4424-bff1-fc477f39b468', 1, 1, '7865', 1, 1, '7689', 'y6567', '9876', 'uyt', '876', '2025-07-03', 1, '98765', '98765', '876', 1, 1, 2, 2, '2025-07-02 07:40:26', '2025-07-02 07:40:26'),
(2, '0d2e1dde-d6e8-4c07-9c7e-32c02ca13e33', 2, 1, 'GT001', 4, 4, 'Diwali', 'Day', 'Casual/Sick', '18:00', '150', '2025-03-12', 1, 'ISO Certified', 'Active', 'Shops Act, PF, ESI', 1, 1, 2, 2, '2025-07-24 13:48:31', '2025-07-24 13:48:31'),
(3, '9d3e80b1-a3f0-422c-adb3-46adc815be86', 3, 4, 'ST002', 4, 4, 'Pongal', 'Day', 'Casual', '17:30', '3000', '2025-07-09', 1, 'Export Oriented', 'Seasonal', 'Factories Act, PF', 3, 1, 2, 2, '2025-07-24 13:58:40', '2025-07-24 13:58:40'),
(4, 'dee7d331-b230-449c-b7b2-5eaae267de49', 4, 5, 'AL003', 1, 6, 'Pongal', 'Night', 'Sick', '20:00', '2000', '2024-05-24', 0, 'Fleet of 500+', 'New Client', 'Transport', 3, 1, 2, 2, '2025-07-24 14:08:44', '2025-08-19 18:07:01'),
(5, 'ac363e62-ffd0-42dd-9b8c-9f983ca6a9e6', 8, 1, NULL, NULL, NULL, NULL, 'general', '2', 'how to describe the value here', '50', '2025-08-08', 1, 'no', 'no', 'nil', 11, 1, 2, 2, '2025-08-23 06:54:33', '2025-09-08 05:45:37'),
(6, '99440128-458e-40f1-8104-c72010376b80', 13, 1, NULL, NULL, NULL, NULL, '9.30 AM', '6.30 PM', '1.00 to 1.30 PM', '100', '1900-01-01', 0, 'Nothing', 'Issue', 'Shop Act', 3, 1, 2, 2, '2025-09-09 03:24:46', '2025-09-09 03:24:46');

-- --------------------------------------------------------

--
-- Table structure for table `client_tab5`
--

CREATE TABLE `client_tab5` (
  `id` bigint(20) UNSIGNED NOT NULL,
  `uuid` varchar(255) NOT NULL,
  `client_id` bigint(20) UNSIGNED DEFAULT NULL,
  `wage_period` varchar(255) DEFAULT NULL,
  `fy_from` varchar(255) DEFAULT NULL,
  `fy_to` varchar(255) DEFAULT NULL,
  `fromatt_period` varchar(255) DEFAULT NULL,
  `uptoatt_period` varchar(255) DEFAULT NULL,
  `rul_to_pay` varchar(255) DEFAULT NULL,
  `rul_notto_pay` varchar(255) DEFAULT NULL,
  `attdays_calculation_type` varchar(255) DEFAULT NULL,
  `is_live_client` tinyint(4) DEFAULT 1,
  `is_billable_client` tinyint(4) DEFAULT 1,
  `agreement_date` date DEFAULT NULL,
  `service_effective_date` date DEFAULT NULL,
  `service_termination_date` date DEFAULT NULL,
  `billing_frequency` tinyint(4) DEFAULT 1,
  `billing_custom_type` tinyint(4) DEFAULT 1,
  `locationwise_billing` tinyint(4) DEFAULT 1,
  `shift_id` bigint(20) UNSIGNED DEFAULT NULL,
  `gst_no` varchar(255) DEFAULT NULL,
  `collection_exec` varchar(255) DEFAULT NULL,
  `status` tinyint(4) DEFAULT 1,
  `created_by` bigint(20) UNSIGNED DEFAULT NULL,
  `updated_by` bigint(20) UNSIGNED DEFAULT NULL,
  `created_at` timestamp NULL DEFAULT NULL,
  `updated_at` timestamp NULL DEFAULT NULL
) ENGINE=InnoDB DEFAULT CHARSET=utf8mb4 COLLATE=utf8mb4_unicode_ci;

--
-- Dumping data for table `client_tab5`
--

INSERT INTO `client_tab5` (`id`, `uuid`, `client_id`, `wage_period`, `fy_from`, `fy_to`, `fromatt_period`, `uptoatt_period`, `rul_to_pay`, `rul_notto_pay`, `attdays_calculation_type`, `is_live_client`, `is_billable_client`, `agreement_date`, `service_effective_date`, `service_termination_date`, `billing_frequency`, `billing_custom_type`, `locationwise_billing`, `shift_id`, `gst_no`, `collection_exec`, `status`, `created_by`, `updated_by`, `created_at`, `updated_at`) VALUES
(1, '27e96bde-d8fb-45ac-b98f-25703bd29d21', 1, '98765', '9876', '09876', '876', 'iuy', '9876', '9876', 'iuyt', 1, 0, '2025-07-03', '2025-07-03', '2025-07-03', 7, 1, 1, 1, '9876', '9876', 1, 2, 2, '2025-07-02 07:42:39', '2025-07-02 07:42:39'),
(2, '3a0aea9f-dbed-4b69-bda4-413a64526b45', 2, 'Monthly', '2024-04-01', '2025-03-31', '2024-04-01', '2025-07-01', 'Present, Paid Leave', 'Absent, Unpaid Leave', 'Calendar Days', 0, 1, '2025-05-16', '2025-07-24', '2025-07-02', 1, 1, 1, 1, 'GST0001', 'Anjali Verma', 1, 2, 2, '2025-07-24 13:51:15', '2025-07-24 13:51:15'),
(3, '075e9e8a-62a1-4de4-8d54-c11a8dd1b0f6', 3, 'Weekly', '2024-04-01', '2025-03-31', '2024-04-01', '2025-06-07', 'Present, Paid Leave, Holiday', 'Absent', 'Working Days', 0, 0, '2024-07-24', '2025-07-09', '2025-01-16', 1, 1, 1, 3, 'GST0002', 'Karthik R', 1, 2, 2, '2025-07-24 14:00:40', '2025-07-24 14:00:40'),
(4, '641de1f0-eb62-4ba1-a449-79fe72d3dd26', 4, 'Monthly', '2024-04-01', '2025-03-31', '2024-04-01', '2025-07-01', 'Present, Paid Leave', 'Absent, Unpaid Leave', 'Calendar Days', 1, 1, '2023-11-24', '2025-01-24', '2024-12-11', 3, 1, 1, 4, 'GST0003', 'Neha Shah', 1, 2, 2, '2025-07-24 14:10:52', '2025-07-24 14:10:52'),
(5, 'bfa0a840-0de3-49da-8c65-1cb5f728a5d3', 8, 'DLy', NULL, NULL, 'Nil', 'Nil', 'nil', 'no', 'What type dropdown', 0, 0, '2025-08-08', '2025-08-16', '2025-08-08', 1, 1, 1, 1, '09AAACH7409R1ZZ', 'Santhosh', 1, 2, 2, '2025-08-23 07:07:28', '2025-09-08 05:45:39'),
(6, '593e1728-da7d-4360-b980-e7e7e6ebac20', 13, 'MONTHLY', '2025-08-01', '2025-08-31', '01', '31', 'NO', 'NO', 'Calendar', 1, 0, '2025-08-01', '2026-07-31', '2026-07-31', 1, 1, 0, 1, 'GST000000000123456', 'Santhosh', 1, 2, 2, '2025-09-09 03:27:36', '2025-09-09 03:27:36');

-- --------------------------------------------------------

--
-- Table structure for table `client_types`
--

CREATE TABLE `client_types` (
  `id` bigint(20) UNSIGNED NOT NULL,
  `uuid` varchar(255) NOT NULL,
  `name` varchar(255) DEFAULT NULL,
  `code` varchar(255) DEFAULT NULL,
  `status` tinyint(4) DEFAULT 1,
  `created_by` bigint(20) UNSIGNED DEFAULT NULL,
  `updated_by` bigint(20) UNSIGNED DEFAULT NULL,
  `created_at` timestamp NULL DEFAULT NULL,
  `updated_at` timestamp NULL DEFAULT NULL
) ENGINE=InnoDB DEFAULT CHARSET=utf8mb4 COLLATE=utf8mb4_unicode_ci;

--
-- Dumping data for table `client_types`
--

INSERT INTO `client_types` (`id`, `uuid`, `name`, `code`, `status`, `created_by`, `updated_by`, `created_at`, `updated_at`) VALUES
(1, '8ad75f75-3651-40ea-bc7e-88975afe0282', 'Only Payroll', '001', 1, 2, 2, '2025-06-24 13:58:26', '2025-06-24 13:58:26'),
(3, 'c148afda-1a91-4c51-8997-81e05c874e7c', 'Payroll and Records Updation', '002', 1, 2, 2, '2025-07-24 13:49:26', '2025-07-24 13:49:26'),
(4, 'e5fdacce-85fa-4d77-ade9-7b16df5691f9', 'Only Non Payroll', '003', 1, 2, 2, '2025-07-24 13:49:35', '2025-07-24 13:49:35'),
(5, 'fe37fe8c-30f2-4682-9273-dac0b74e20e4', 'Non Payroll and Records Updation', '004', 1, 2, 2, '2025-07-24 13:50:06', '2025-07-24 13:50:06'),
(6, 'd0236d99-d023-492c-9d7f-e03ebac6b239', 'Only Records Updation', '005', 1, 2, 2, '2025-07-24 13:50:32', '2025-07-24 13:50:32'),
(7, '1f0cea34-41cf-4915-b325-1ec09eaa4561', 'Only Esi and Records Updation', '006', 1, 2, 2, '2025-07-24 13:50:41', '2025-07-24 13:50:41'),
(8, '9a370cd0-e5c8-4195-8204-5d0aa09bd0ce', 'Only PF', '007', 1, 2, 2, '2025-07-24 13:50:47', '2025-07-24 13:50:47'),
(9, 'b34a3a65-c3aa-484c-82f8-9f6971fa7813', 'Only PF and Esi', '008', 1, 2, 2, '2025-07-24 13:51:19', '2025-07-24 13:51:19'),
(10, 'ae14592b-27d2-49d8-99f0-0c08b2cf7856', 'Only PF and Records Updation', '009', 1, 2, 2, '2025-07-24 13:51:30', '2025-07-24 13:51:30'),
(11, 'ebc4692a-cc6d-4b58-93aa-191bc75b5706', 'Only Esi', '010', 1, 2, 2, '2025-07-24 13:51:59', '2025-07-24 13:51:59');

-- --------------------------------------------------------

--
-- Table structure for table `clra_slab_rates`
--

CREATE TABLE `clra_slab_rates` (
  `id` bigint(20) UNSIGNED NOT NULL,
  `uuid` varchar(255) NOT NULL,
  `uid` varchar(255) DEFAULT NULL,
  `code` varchar(255) DEFAULT NULL,
  `enactment` varchar(255) DEFAULT NULL,
  `location_id` varchar(255) DEFAULT NULL,
  `min_strength` varchar(255) DEFAULT NULL,
  `max_strength` varchar(255) DEFAULT NULL,
  `fee_payable` varchar(255) DEFAULT NULL,
  `security_deposit` varchar(255) DEFAULT NULL,
  `is_rc` varchar(255) DEFAULT '1',
  `status` tinyint(4) DEFAULT 1,
  `created_by` bigint(20) UNSIGNED DEFAULT NULL,
  `updated_by` bigint(20) UNSIGNED DEFAULT NULL,
  `created_at` timestamp NULL DEFAULT NULL,
  `updated_at` timestamp NULL DEFAULT NULL
) ENGINE=InnoDB DEFAULT CHARSET=utf8mb4 COLLATE=utf8mb4_unicode_ci;

--
-- Dumping data for table `clra_slab_rates`
--

INSERT INTO `clra_slab_rates` (`id`, `uuid`, `uid`, `code`, `enactment`, `location_id`, `min_strength`, `max_strength`, `fee_payable`, `security_deposit`, `is_rc`, `status`, `created_by`, `updated_by`, `created_at`, `updated_at`) VALUES
(1, 'ffc0949c-01dd-4def-a077-5975aa979ade', NULL, '001', '1', '1', '10', '100', '1000', '200', '1', 1, 2, 2, '2025-07-09 06:39:04', '2025-07-24 13:22:04'),
(2, 'cfbc5401-9343-4275-8444-9a5debfeda46', NULL, '002', '2', '1', '21', '50', '400', '4000', '1', 1, 2, 2, '2025-07-24 13:20:12', '2025-07-24 13:20:12'),
(3, '4dd082c7-0625-4910-9f1b-02e8fdf97f11', NULL, '003', '3', '1', '40', '80', '500', '6000', '1', 1, 2, 2, '2025-07-24 13:20:51', '2025-07-24 13:20:51'),
(4, '053303bf-bb4f-494f-90e6-58827ad42d03', NULL, '004', '4', '1', '21', '50', '600', '7000', '1', 1, 2, 2, '2025-07-24 13:21:28', '2025-07-24 13:21:28'),
(5, 'aa964780-b3ae-4f35-9eae-355e763bc751', NULL, '005', '5', '1', '30', '70', '350', '5000', '1', 1, 2, 2, '2025-07-24 13:21:55', '2025-07-24 13:21:55');

-- --------------------------------------------------------

--
-- Table structure for table `contents`
--

CREATE TABLE `contents` (
  `id` bigint(20) UNSIGNED NOT NULL,
  `uuid` varchar(255) NOT NULL,
  `enactment_id` bigint(20) UNSIGNED DEFAULT NULL,
  `content_id` varchar(255) DEFAULT NULL,
  `name` varchar(255) DEFAULT NULL,
  `code` varchar(255) DEFAULT NULL,
  `frequency` varchar(255) DEFAULT NULL,
  `enactment_code` varchar(255) DEFAULT NULL,
  `is_legal_report` tinyint(4) DEFAULT 1,
  `no_of_days_from_closure` varchar(255) DEFAULT NULL,
  `activity_plan` varchar(255) DEFAULT NULL,
  `scope_id` varchar(255) DEFAULT NULL,
  `is_required` varchar(255) DEFAULT '1',
  `status` tinyint(4) DEFAULT 1,
  `created_by` bigint(20) UNSIGNED DEFAULT NULL,
  `updated_by` bigint(20) UNSIGNED DEFAULT NULL,
  `created_at` timestamp NULL DEFAULT NULL,
  `updated_at` timestamp NULL DEFAULT NULL
) ENGINE=InnoDB DEFAULT CHARSET=utf8mb4 COLLATE=utf8mb4_unicode_ci;

--
-- Dumping data for table `contents`
--

INSERT INTO `contents` (`id`, `uuid`, `enactment_id`, `content_id`, `name`, `code`, `frequency`, `enactment_code`, `is_legal_report`, `no_of_days_from_closure`, `activity_plan`, `scope_id`, `is_required`, `status`, `created_by`, `updated_by`, `created_at`, `updated_at`) VALUES
(1, '67e7627a-29b1-4038-a1fe-3c788507ef6f', 1, NULL, 'Content', '001', '1', NULL, 1, '10', '1', '1', '1', 1, 2, 2, '2025-07-09 06:36:24', '2025-07-09 06:36:24'),
(2, '09ef5957-e0db-4f9b-a4e8-0697e9e1eb2c', 5, NULL, 'PF Challan Online', '002', 'Monthly', NULL, 1, '25', 'Sent it to Client', '23', '1', 1, 2, 2, '2025-07-24 12:58:47', '2025-07-24 12:58:47'),
(3, '1a2bc462-1573-4e2e-9e46-4b897096d509', 3, NULL, 'ESI Cheque', '003', 'Monthly', NULL, 1, '21', 'Remit it to SBI', '49', '1', 1, 2, 2, '2025-07-24 12:59:46', '2025-07-24 12:59:46'),
(4, '1f7843a7-d63f-4023-8b30-7482ab1c304d', 1, NULL, 'PF Form 3A', '004', 'Yearly', NULL, 1, '61', 'Prepare / Submit to PF Department', '9', '1', 1, 2, 2, '2025-07-24 13:02:43', '2025-07-24 13:02:43'),
(5, '3750dc35-b25c-493c-8f88-60d8cfa44b44', 1, NULL, 'PF Form 6A', '005', 'Yearly', NULL, 1, '61', 'Prepare / Submit to PF Department', '9', '1', 1, 2, 2, '2025-07-24 13:03:16', '2025-07-24 13:03:16'),
(6, '5b60c3c5-92df-4be3-af89-22626a696be1', 3, NULL, 'UAN New Employees Link', '006', 'Monthly', NULL, 1, '7', 'Upload in PF Online', '23', '1', 1, 2, 2, '2025-07-24 13:05:41', '2025-07-24 13:05:41'),
(7, 'e950a8d4-97ff-4e98-a79c-9db761819f39', 3, NULL, 'UAN New Employees Fresh Generation', '007', 'Monthly', NULL, 1, '5', 'Upload in PF Online', '23', '1', 1, 2, 2, '2025-07-24 13:07:01', '2025-07-24 13:07:01');

-- --------------------------------------------------------

--
-- Table structure for table `country_details`
--

CREATE TABLE `country_details` (
  `id` bigint(20) UNSIGNED NOT NULL,
  `uuid` varchar(255) NOT NULL,
  `country_id` varchar(255) DEFAULT NULL,
  `description` varchar(255) DEFAULT NULL,
  `pf_country_code` varchar(255) DEFAULT NULL,
  `pf_country_description` varchar(255) DEFAULT NULL,
  `pf_nationality` varchar(255) DEFAULT NULL,
  `status` tinyint(4) DEFAULT 1,
  `created_by` bigint(20) UNSIGNED DEFAULT NULL,
  `updated_by` bigint(20) UNSIGNED DEFAULT NULL,
  `created_at` timestamp NULL DEFAULT NULL,
  `updated_at` timestamp NULL DEFAULT NULL
) ENGINE=InnoDB DEFAULT CHARSET=utf8mb4 COLLATE=utf8mb4_unicode_ci;

--
-- Dumping data for table `country_details`
--

INSERT INTO `country_details` (`id`, `uuid`, `country_id`, `description`, `pf_country_code`, `pf_country_description`, `pf_nationality`, `status`, `created_by`, `updated_by`, `created_at`, `updated_at`) VALUES
(1, '80d43339-6793-4c0c-a5d4-fb08049a0ac1', NULL, 'India', '75', 'INDIA', 'India', 1, 2, 2, '2025-07-24 12:01:45', '2025-07-24 12:01:45'),
(2, '17326d77-62e1-4f27-b6bd-40bb260ebb28', NULL, 'Azerbaijan', '11', 'AZERBAIJAN', 'Azerbaijani', 1, 2, 2, '2025-07-24 12:03:54', '2025-07-24 12:03:54'),
(3, '7fe88c1a-8340-44d3-b4bf-2d291889644b', NULL, 'Bangladesh', '14', 'BANGLADESH', 'Bangladeshi', 1, 2, 2, '2025-07-24 12:04:42', '2025-07-24 12:04:42'),
(4, '60b02f0c-3ec5-4f35-ba0e-10ad964e938e', NULL, 'Australia', '9', 'AUSTRALIA', 'Australian', 1, 2, 2, '2025-07-24 12:06:44', '2025-07-24 12:06:44'),
(5, 'a1e0a937-6138-410c-8a95-b13b34141041', NULL, 'Belgium', '17', 'BELGIUM', 'Belgian', 1, 2, 2, '2025-07-24 12:07:32', '2025-07-24 12:07:32'),
(6, '5e1d50f6-7cb7-4e45-a5fb-a3d2651c29a2', NULL, 'Argentina', '7', 'ARGENTINA', 'Argentina', 1, 2, 2, '2025-07-24 12:08:12', '2025-07-24 12:08:12'),
(7, '4311fe78-3fcf-4186-a975-3b89e70d65b3', NULL, 'Bhutan', '20', 'BHUTAN', 'Bhutanese', 1, 2, 2, '2025-07-24 12:08:46', '2025-07-24 12:08:46');

-- --------------------------------------------------------

--
-- Table structure for table `damage_rates`
--

CREATE TABLE `damage_rates` (
  `id` bigint(20) UNSIGNED NOT NULL,
  `uuid` varchar(255) NOT NULL,
  `enactment_id` varchar(255) DEFAULT NULL,
  `from_delay` varchar(255) DEFAULT NULL,
  `to_delay` varchar(255) DEFAULT NULL,
  `type` varchar(255) DEFAULT NULL,
  `rate` varchar(255) DEFAULT NULL,
  `effective_from` date DEFAULT NULL,
  `effective_to` date DEFAULT NULL,
  `status` tinyint(4) DEFAULT 1,
  `created_by` bigint(20) UNSIGNED DEFAULT NULL,
  `updated_by` bigint(20) UNSIGNED DEFAULT NULL,
  `created_at` timestamp NULL DEFAULT NULL,
  `updated_at` timestamp NULL DEFAULT NULL
) ENGINE=InnoDB DEFAULT CHARSET=utf8mb4 COLLATE=utf8mb4_unicode_ci;

--
-- Dumping data for table `damage_rates`
--

INSERT INTO `damage_rates` (`id`, `uuid`, `enactment_id`, `from_delay`, `to_delay`, `type`, `rate`, `effective_from`, `effective_to`, `status`, `created_by`, `updated_by`, `created_at`, `updated_at`) VALUES
(1, '1d7656bc-5e50-4583-8e35-b5c1ff9c2e31', '1', '0', '60', '1', '5', '2025-06-27', '2025-07-03', 1, 2, 2, '2025-06-27 11:37:49', '2025-06-27 11:37:49');

-- --------------------------------------------------------

--
-- Table structure for table `denomination_wc`
--

CREATE TABLE `denomination_wc` (
  `id` bigint(20) UNSIGNED NOT NULL,
  `uuid` varchar(255) NOT NULL,
  `code` varchar(255) DEFAULT NULL,
  `formula` varchar(255) DEFAULT NULL,
  `status` tinyint(4) DEFAULT 1,
  `created_by` bigint(20) UNSIGNED DEFAULT NULL,
  `updated_by` bigint(20) UNSIGNED DEFAULT NULL,
  `created_at` timestamp NULL DEFAULT NULL,
  `updated_at` timestamp NULL DEFAULT NULL
) ENGINE=InnoDB DEFAULT CHARSET=utf8mb4 COLLATE=utf8mb4_unicode_ci;

--
-- Dumping data for table `denomination_wc`
--

INSERT INTO `denomination_wc` (`id`, `uuid`, `code`, `formula`, `status`, `created_by`, `updated_by`, `created_at`, `updated_at`) VALUES
(1, 'fb40b31a-27be-4581-b89a-afbb50339699', '001', '1', 1, 2, 2, '2025-06-26 10:36:19', '2025-06-26 10:36:19'),
(3, 'ae750069-1930-4710-97a2-02eefd5d3ced', '002', '26', 1, 2, 2, '2025-07-24 13:04:55', '2025-07-24 13:04:55'),
(4, 'eea71a92-1e73-4998-a337-b9f2d3710e90', '003', '30', 1, 2, 2, '2025-07-24 13:05:01', '2025-07-24 13:05:01'),
(5, '765cf617-3818-426e-a9c6-731c86febc94', '004', '31', 1, 2, 2, '2025-07-24 13:05:07', '2025-07-24 13:05:07'),
(6, 'b380e12c-7fc3-4123-8684-56bcdf507453', '005', 'Calendar Days', 1, 2, 2, '2025-07-24 13:05:15', '2025-07-24 13:05:15'),
(7, 'e5638101-6402-4369-bb71-3334a334e0b6', '006', '35', 1, 2, 2, '2025-07-24 13:05:27', '2025-07-24 13:05:27');

-- --------------------------------------------------------

--
-- Table structure for table `education_details`
--

CREATE TABLE `education_details` (
  `id` bigint(20) UNSIGNED NOT NULL,
  `uuid` varchar(255) NOT NULL,
  `name` varchar(255) DEFAULT NULL,
  `code` varchar(255) DEFAULT NULL,
  `status` tinyint(4) DEFAULT 1,
  `created_by` bigint(20) UNSIGNED DEFAULT NULL,
  `updated_by` bigint(20) UNSIGNED DEFAULT NULL,
  `created_at` timestamp NULL DEFAULT NULL,
  `updated_at` timestamp NULL DEFAULT NULL
) ENGINE=InnoDB DEFAULT CHARSET=utf8mb4 COLLATE=utf8mb4_unicode_ci;

--
-- Dumping data for table `education_details`
--

INSERT INTO `education_details` (`id`, `uuid`, `name`, `code`, `status`, `created_by`, `updated_by`, `created_at`, `updated_at`) VALUES
(1, '6f347238-bfbd-4b6a-a803-36093ac15f8e', 'Illiterate', '001', 1, 2, 2, '2025-06-25 04:00:27', '2025-06-25 04:00:27'),
(3, '911964dc-f56e-427e-a1ae-473119fcfb56', 'Matric', '002', 1, 2, 2, '2025-07-24 11:50:02', '2025-07-24 11:50:02'),
(4, 'ff00aca1-e056-4609-8253-1ab56dc9cfbe', 'Non Matric', '003', 1, 2, 2, '2025-07-24 11:50:13', '2025-07-24 11:50:13'),
(5, 'ac43e297-839b-4da5-ad0e-db8130dc95f1', 'Graduate', '004', 1, 2, 2, '2025-07-24 11:50:33', '2025-07-24 11:50:33'),
(6, 'e7714638-a874-436c-9567-ee9d3215627c', 'Post Graduate', '005', 1, 2, 2, '2025-07-24 11:50:44', '2025-07-24 11:50:44'),
(7, '4ea5cae8-ddb4-4320-8588-1257f78bba3e', 'Doctorate', '006', 1, 2, 2, '2025-07-24 11:51:00', '2025-07-24 11:51:00'),
(8, '1a8b60c7-ae27-41eb-bdb6-cdeb67b45130', 'Literate', '007', 1, 2, 2, '2025-07-24 11:51:22', '2025-07-24 11:51:22');

-- --------------------------------------------------------

--
-- Table structure for table `employee_attendance`
--

CREATE TABLE `employee_attendance` (
  `id` bigint(20) UNSIGNED NOT NULL,
  `uuid` varchar(255) NOT NULL,
  `client_id` bigint(20) UNSIGNED DEFAULT NULL,
  `location_id` bigint(20) UNSIGNED DEFAULT NULL,
  `file_path` varchar(255) DEFAULT NULL,
  `client_name` varchar(255) DEFAULT NULL,
  `location_name` varchar(255) DEFAULT NULL,
  `month` varchar(255) DEFAULT NULL,
  `year` varchar(255) DEFAULT NULL,
  `status` tinyint(4) NOT NULL DEFAULT 1,
  `is_generated` tinyint(4) NOT NULL DEFAULT 0,
  `created_by` bigint(20) UNSIGNED DEFAULT NULL,
  `updated_by` bigint(20) UNSIGNED DEFAULT NULL,
  `created_at` timestamp NULL DEFAULT NULL,
  `updated_at` timestamp NULL DEFAULT NULL
) ENGINE=InnoDB DEFAULT CHARSET=utf8mb4 COLLATE=utf8mb4_unicode_ci;

--
-- Dumping data for table `employee_attendance`
--

INSERT INTO `employee_attendance` (`id`, `uuid`, `client_id`, `location_id`, `file_path`, `client_name`, `location_name`, `month`, `year`, `status`, `is_generated`, `created_by`, `updated_by`, `created_at`, `updated_at`) VALUES
(61, '9b16be28-6713-43d4-a51d-01488dffc735', 4, 10, 'uploads/attendanceimports/attendance_import_20250814_175456.csv', 'Arvind Kumar', 'Branch-1', '4', '2025', 1, 1, 2, 2, '2025-08-14 12:24:56', '2025-08-14 12:25:15'),
(65, '02a40d76-abf0-4cca-8937-db40910361e1', 8, 11, 'uploads/attendanceimports/attendance_import_20250905_112046.csv', 'Ocean Park', 'Kilpauk,chennai', '6', '2025', 1, 1, 2, 2, '2025-09-05 05:50:46', '2025-09-05 05:51:26');

-- --------------------------------------------------------

--
-- Table structure for table `employee_attendance_data`
--

CREATE TABLE `employee_attendance_data` (
  `id` bigint(20) UNSIGNED NOT NULL,
  `uuid` varchar(255) NOT NULL,
  `attendance_import_id` bigint(20) UNSIGNED DEFAULT NULL,
  `emp_id` varchar(255) DEFAULT NULL,
  `emp_code` varchar(255) DEFAULT NULL,
  `emp_name` varchar(255) DEFAULT NULL,
  `empid_psc` varchar(255) DEFAULT NULL,
  `dt` varchar(255) DEFAULT NULL,
  `young` varchar(255) DEFAULT NULL,
  `timecomein` varchar(255) DEFAULT NULL,
  `timeend` varchar(255) DEFAULT NULL,
  `rest_interval` varchar(255) DEFAULT NULL,
  `hrs_worked` text DEFAULT NULL,
  `ot_worked` text DEFAULT NULL,
  `mat_l` text DEFAULT NULL COMMENT 'Maternity Leave',
  `pl` text DEFAULT NULL COMMENT 'Paternity Leave',
  `sl` text DEFAULT NULL COMMENT 'Sick Leave',
  `el` text DEFAULT NULL COMMENT 'Earned Leave',
  `cl` text DEFAULT NULL COMMENT 'Casual Leave',
  `present_days` text DEFAULT NULL,
  `absent_days` text DEFAULT NULL,
  `total_working_days` varchar(255) DEFAULT NULL,
  `total_days` text DEFAULT NULL,
  `total_woff` text DEFAULT NULL,
  `total_ot_days` varchar(255) DEFAULT NULL,
  `total_holiday` text DEFAULT NULL,
  `ot_cash_qui` text DEFAULT NULL,
  `rmrk_sat` text DEFAULT NULL,
  `esi` text DEFAULT NULL,
  `acc` text DEFAULT NULL,
  `group11` text DEFAULT NULL,
  `relay11` text DEFAULT NULL,
  `nhrs` text DEFAULT NULL,
  `nrat` text DEFAULT NULL,
  `otrat` text DEFAULT NULL,
  `otearing` text DEFAULT NULL,
  `totearing` text DEFAULT NULL,
  `otpaymen` text DEFAULT NULL,
  `leavewages` text DEFAULT NULL,
  `dwyn` text DEFAULT NULL,
  `absent` text DEFAULT NULL,
  `withoutpay` text DEFAULT NULL,
  `totpbleday` text DEFAULT NULL,
  `holiday` text DEFAULT NULL,
  `woff` text DEFAULT NULL,
  `totnotbepd` text DEFAULT NULL,
  `lv_cl` text DEFAULT NULL,
  `lv_el` text DEFAULT NULL,
  `lv_cr` text DEFAULT NULL,
  `lv_sl` text DEFAULT NULL,
  `lv_sat` text DEFAULT NULL,
  `lv_sun` text DEFAULT NULL,
  `lv_ph` text DEFAULT NULL,
  `lv_plb` text DEFAULT NULL,
  `lv_bt` text DEFAULT NULL,
  `lv_rb` text DEFAULT NULL,
  `status` tinyint(4) NOT NULL DEFAULT 1,
  `created_by` bigint(20) UNSIGNED DEFAULT NULL,
  `updated_by` bigint(20) UNSIGNED DEFAULT NULL,
  `created_at` timestamp NULL DEFAULT NULL,
  `updated_at` timestamp NULL DEFAULT NULL
) ENGINE=InnoDB DEFAULT CHARSET=utf8mb4 COLLATE=utf8mb4_unicode_ci;

--
-- Dumping data for table `employee_attendance_data`
--

INSERT INTO `employee_attendance_data` (`id`, `uuid`, `attendance_import_id`, `emp_id`, `emp_code`, `emp_name`, `empid_psc`, `dt`, `young`, `timecomein`, `timeend`, `rest_interval`, `hrs_worked`, `ot_worked`, `mat_l`, `pl`, `sl`, `el`, `cl`, `present_days`, `absent_days`, `total_working_days`, `total_days`, `total_woff`, `total_ot_days`, `total_holiday`, `ot_cash_qui`, `rmrk_sat`, `esi`, `acc`, `group11`, `relay11`, `nhrs`, `nrat`, `otrat`, `otearing`, `totearing`, `otpaymen`, `leavewages`, `dwyn`, `absent`, `withoutpay`, `totpbleday`, `holiday`, `woff`, `totnotbepd`, `lv_cl`, `lv_el`, `lv_cr`, `lv_sl`, `lv_sat`, `lv_sun`, `lv_ph`, `lv_plb`, `lv_bt`, `lv_rb`, `status`, `created_by`, `updated_by`, `created_at`, `updated_at`) VALUES
(121, '8d42ecde-75f6-43ab-9f58-9687489b0197', 61, '2', 'SAP007', 'Pugal', NULL, '2025-08-14 17:54:56', NULL, NULL, NULL, NULL, '184', '0', '0', '0', '0', '2', '0', '23', '1', '26', NULL, '4', '0', '0', NULL, NULL, NULL, NULL, NULL, NULL, NULL, NULL, NULL, NULL, NULL, NULL, NULL, NULL, NULL, NULL, NULL, NULL, NULL, NULL, NULL, NULL, NULL, NULL, NULL, NULL, NULL, NULL, NULL, NULL, 1, 2, 2, '2025-08-14 12:24:56', '2025-08-14 12:25:15'),
(122, 'ec890dec-6446-4d36-ab94-00ddf135f449', 61, '3', 'SAP008', 'Sridhar', NULL, '2025-08-14 17:54:56', NULL, NULL, NULL, NULL, '148', '0', '0', '0', '0', '2', '0', '18.5', '0.5', '21', NULL, '9', '0', '0', NULL, NULL, NULL, NULL, NULL, NULL, NULL, NULL, NULL, NULL, NULL, NULL, NULL, NULL, NULL, NULL, NULL, NULL, NULL, NULL, NULL, NULL, NULL, NULL, NULL, NULL, NULL, NULL, NULL, NULL, 1, 2, 2, '2025-08-14 12:24:56', '2025-08-14 12:25:15'),
(123, 'c0e0f5ff-7289-494c-b29b-ffdf8b1f540c', 61, '4', 'emp001', 'Aniruth', NULL, '2025-08-14 17:54:56', NULL, NULL, NULL, NULL, '164', '0', '0', '0', '0', '3', '0', '20.5', '2.5', '26', NULL, '4', '0', '0', NULL, NULL, NULL, NULL, NULL, NULL, NULL, NULL, NULL, NULL, NULL, NULL, NULL, NULL, NULL, NULL, NULL, NULL, NULL, NULL, NULL, NULL, NULL, NULL, NULL, NULL, NULL, NULL, NULL, NULL, 1, 2, 2, '2025-08-14 12:24:56', '2025-08-14 12:25:15'),
(124, '4e52f536-4fd8-48da-b29e-1f441cec0c7f', 61, '5', 'emp002', 'mahesh', NULL, '2025-08-14 17:54:56', NULL, NULL, NULL, NULL, '148', '0', '0', '0', '0', '2', '0', '18.5', '0.5', '21', NULL, '9', '0', '0', NULL, NULL, NULL, NULL, NULL, NULL, NULL, NULL, NULL, NULL, NULL, NULL, NULL, NULL, NULL, NULL, NULL, NULL, NULL, NULL, NULL, NULL, NULL, NULL, NULL, NULL, NULL, NULL, NULL, NULL, 1, 2, 2, '2025-08-14 12:24:56', '2025-08-14 12:25:15'),
(243, 'b4f0d4ff-0509-49a5-b608-115201f52d5e', 65, '143', 'Emp001', 'Vignesh', NULL, '2025-09-05 11:20:46', NULL, NULL, NULL, NULL, '200', '0', '0', '0', '0', '0', '0', '25', '0', '25', NULL, '5', '0', '0', NULL, NULL, NULL, NULL, NULL, NULL, NULL, NULL, NULL, NULL, NULL, NULL, NULL, NULL, NULL, NULL, NULL, NULL, NULL, NULL, NULL, NULL, NULL, NULL, NULL, NULL, NULL, NULL, NULL, NULL, 1, 2, 2, '2025-09-05 05:50:46', '2025-09-05 05:51:26'),
(244, 'db56d744-7bf8-4cda-a664-b452962577f7', 65, '144', 'Emp002', 'Dhanapal', NULL, '2025-09-05 11:20:46', NULL, NULL, NULL, NULL, '176', '0', '0', '0', '0', '0', '0', '22', '0', '22', NULL, '8', '0', '0', NULL, NULL, NULL, NULL, NULL, NULL, NULL, NULL, NULL, NULL, NULL, NULL, NULL, NULL, NULL, NULL, NULL, NULL, NULL, NULL, NULL, NULL, NULL, NULL, NULL, NULL, NULL, NULL, NULL, NULL, 1, 2, 2, '2025-09-05 05:50:46', '2025-09-05 05:51:26'),
(245, '00817170-ca5d-4435-b347-f8f09e3c486a', 65, '145', 'EMP2', 'Mr. MANIKANDAN DEVENDRAN', NULL, '2025-09-05 11:20:46', NULL, NULL, NULL, NULL, '196', '0', '0', '0', '0', '0', '0', '24.5', '0.5', '25', NULL, '5', '0', '0', NULL, NULL, NULL, NULL, NULL, NULL, NULL, NULL, NULL, NULL, NULL, NULL, NULL, NULL, NULL, NULL, NULL, NULL, NULL, NULL, NULL, NULL, NULL, NULL, NULL, NULL, NULL, NULL, NULL, NULL, 1, 2, 2, '2025-09-05 05:50:46', '2025-09-05 05:51:26'),
(246, '354f2f7f-e4d0-4fe5-9555-23384b0d32bf', 65, '146', 'EMP3', 'Mr. ABEY THOMAS', NULL, '2025-09-05 11:20:46', NULL, NULL, NULL, NULL, '200', '0', '0', '0', '0', '0', '0', '25', '0', '25', NULL, '5', '0', '0', NULL, NULL, NULL, NULL, NULL, NULL, NULL, NULL, NULL, NULL, NULL, NULL, NULL, NULL, NULL, NULL, NULL, NULL, NULL, NULL, NULL, NULL, NULL, NULL, NULL, NULL, NULL, NULL, NULL, NULL, 1, 2, 2, '2025-09-05 05:50:46', '2025-09-05 05:51:26'),
(247, 'd58c9ba7-ad51-427d-8334-9169057565ec', 65, '147', 'EMP4', 'Mr. PARTHASARATHY J', NULL, '2025-09-05 11:20:46', NULL, NULL, NULL, NULL, '184', '0', '0', '0', '0', '0', '0', '23', '2', '25', NULL, '5', '0', '0', NULL, NULL, NULL, NULL, NULL, NULL, NULL, NULL, NULL, NULL, NULL, NULL, NULL, NULL, NULL, NULL, NULL, NULL, NULL, NULL, NULL, NULL, NULL, NULL, NULL, NULL, NULL, NULL, NULL, NULL, 1, 2, 2, '2025-09-05 05:50:46', '2025-09-05 05:51:26'),
(248, '5e43531e-0a77-4056-8acb-eaae9b68fc3f', 65, '148', 'EMP5', 'Mr. SEENIVASAGAM GANESAN', NULL, '2025-09-05 11:20:46', NULL, NULL, NULL, NULL, '200', '0', '0', '0', '0', '0', '0', '25', '0', '25', NULL, '5', '0', '0', NULL, NULL, NULL, NULL, NULL, NULL, NULL, NULL, NULL, NULL, NULL, NULL, NULL, NULL, NULL, NULL, NULL, NULL, NULL, NULL, NULL, NULL, NULL, NULL, NULL, NULL, NULL, NULL, NULL, NULL, 1, 2, 2, '2025-09-05 05:50:46', '2025-09-05 05:51:26'),
(249, '479832b5-a644-46c1-8bdc-966b563d5813', 65, '149', 'EMP6', 'Mrs. AMUL MUNIYAN', NULL, '2025-09-05 11:20:46', NULL, NULL, NULL, NULL, '200', '0', '0', '0', '0', '0', '0', '25', '0', '25', NULL, '5', '0', '0', NULL, NULL, NULL, NULL, NULL, NULL, NULL, NULL, NULL, NULL, NULL, NULL, NULL, NULL, NULL, NULL, NULL, NULL, NULL, NULL, NULL, NULL, NULL, NULL, NULL, NULL, NULL, NULL, NULL, NULL, 1, 2, 2, '2025-09-05 05:50:46', '2025-09-05 05:51:26'),
(250, '432b164a-b633-4471-bd8f-49b5ee1d3bff', 65, '150', 'EMP7', 'Mr. P VELUMANI', NULL, '2025-09-05 11:20:46', NULL, NULL, NULL, NULL, '200', '0', '0', '0', '0', '0', '0', '25', '0', '25', NULL, '5', '0', '0', NULL, NULL, NULL, NULL, NULL, NULL, NULL, NULL, NULL, NULL, NULL, NULL, NULL, NULL, NULL, NULL, NULL, NULL, NULL, NULL, NULL, NULL, NULL, NULL, NULL, NULL, NULL, NULL, NULL, NULL, 1, 2, 2, '2025-09-05 05:50:46', '2025-09-05 05:51:26'),
(251, '8938da62-2c88-49d2-a09f-4bab06264248', 65, '151', 'EMP8', 'Ms. AMUTHA SELVI VARATHAN', NULL, '2025-09-05 11:20:46', NULL, NULL, NULL, NULL, '200', '0', '0', '0', '0', '0', '0', '25', '0', '25', NULL, '5', '0', '0', NULL, NULL, NULL, NULL, NULL, NULL, NULL, NULL, NULL, NULL, NULL, NULL, NULL, NULL, NULL, NULL, NULL, NULL, NULL, NULL, NULL, NULL, NULL, NULL, NULL, NULL, NULL, NULL, NULL, NULL, 1, 2, 2, '2025-09-05 05:50:46', '2025-09-05 05:51:26'),
(252, '49189aae-58d3-4312-b653-e052ea86bfd9', 65, '152', 'EMP9', 'Mr. GOGULNATH', NULL, '2025-09-05 11:20:46', NULL, NULL, NULL, NULL, '200', '0', '0', '0', '0', '0', '0', '25', '0', '25', NULL, '5', '0', '0', NULL, NULL, NULL, NULL, NULL, NULL, NULL, NULL, NULL, NULL, NULL, NULL, NULL, NULL, NULL, NULL, NULL, NULL, NULL, NULL, NULL, NULL, NULL, NULL, NULL, NULL, NULL, NULL, NULL, NULL, 1, 2, 2, '2025-09-05 05:50:46', '2025-09-05 05:51:26'),
(253, 'd29b7d7e-4bf7-426e-869a-75b1f1b6161b', 65, '153', 'EMP10', 'Mr. ARAVINDASAMY R', NULL, '2025-09-05 11:20:46', NULL, NULL, NULL, NULL, '200', '0', '0', '0', '0', '0', '0', '25', '0', '25', NULL, '5', '0', '0', NULL, NULL, NULL, NULL, NULL, NULL, NULL, NULL, NULL, NULL, NULL, NULL, NULL, NULL, NULL, NULL, NULL, NULL, NULL, NULL, NULL, NULL, NULL, NULL, NULL, NULL, NULL, NULL, NULL, NULL, 1, 2, 2, '2025-09-05 05:50:46', '2025-09-05 05:51:26');

-- --------------------------------------------------------

--
-- Table structure for table `employee_attendance_days`
--

CREATE TABLE `employee_attendance_days` (
  `id` bigint(20) UNSIGNED NOT NULL,
  `uuid` varchar(255) NOT NULL,
  `attendance_data_id` bigint(20) UNSIGNED NOT NULL,
  `leave_type` varchar(255) DEFAULT NULL,
  `date` varchar(255) DEFAULT NULL,
  `day` varchar(255) DEFAULT NULL,
  `time_in` time DEFAULT NULL,
  `time_out` time DEFAULT NULL,
  `remarks` varchar(255) DEFAULT NULL,
  `status` tinyint(4) NOT NULL DEFAULT 1,
  `created_by` bigint(20) UNSIGNED DEFAULT NULL,
  `updated_by` bigint(20) UNSIGNED DEFAULT NULL,
  `created_at` timestamp NULL DEFAULT NULL,
  `updated_at` timestamp NULL DEFAULT NULL
) ENGINE=InnoDB DEFAULT CHARSET=utf8mb4 COLLATE=utf8mb4_unicode_ci;

--
-- Dumping data for table `employee_attendance_days`
--

INSERT INTO `employee_attendance_days` (`id`, `uuid`, `attendance_data_id`, `leave_type`, `date`, `day`, `time_in`, `time_out`, `remarks`, `status`, `created_by`, `updated_by`, `created_at`, `updated_at`) VALUES
(1913, '421991f3-7fab-4c94-90bd-3993d5ac98cc', 121, 'WOFF', '2025-04-06', '6', NULL, NULL, 'WOFF', 1, 2, 2, '2025-08-14 12:25:15', '2025-08-14 12:25:15'),
(1914, '28faba91-3598-410c-a592-73affeaad400', 121, 'EL', '2025-04-08', '8', NULL, NULL, 'EL', 1, 2, 2, '2025-08-14 12:25:15', '2025-08-14 12:25:15'),
(1915, '5d5251cb-e8d0-4591-a07a-313a209c2f36', 121, 'WOFF', '2025-04-13', '13', NULL, NULL, 'WOFF', 1, 2, 2, '2025-08-14 12:25:15', '2025-08-14 12:25:15'),
(1916, 'e8127179-e2e8-4809-b258-f3639dc106f8', 121, 'WOFF', '2025-04-20', '20', NULL, NULL, 'WOFF', 1, 2, 2, '2025-08-14 12:25:15', '2025-08-14 12:25:15'),
(1917, '65a7a91a-0fa7-49e5-a221-b171eae785e1', 121, 'WOFF', '2025-04-27', '27', NULL, NULL, 'WOFF', 1, 2, 2, '2025-08-14 12:25:15', '2025-08-14 12:25:15'),
(1918, '01d14406-913d-4bf4-9b62-d79c59e51557', 121, 'EL', '2025-04-28', '28', NULL, NULL, 'EL', 1, 2, 2, '2025-08-14 12:25:15', '2025-08-14 12:25:15'),
(1919, '09226c55-28df-40e0-b0d6-0f9347a4fb99', 121, 'LOP', '2025-04-29', '29', NULL, NULL, 'LOP', 1, 2, 2, '2025-08-14 12:25:15', '2025-08-14 12:25:15'),
(1920, 'd0036302-d129-4268-8073-26f37ac56a65', 122, 'WOFF', '2025-04-02', '2', NULL, NULL, 'WOFF', 1, 2, 2, '2025-08-14 12:25:15', '2025-08-14 12:25:15'),
(1921, '1393c0e6-3590-4c1d-8d11-76e90241bd83', 122, '4/LOP', '2025-04-03', '3', NULL, NULL, '4/LOP', 1, 2, 2, '2025-08-14 12:25:15', '2025-08-14 12:25:15'),
(1922, 'de301a69-8cdd-4487-be3b-d11e8d3f95ac', 122, 'WOFF', '2025-04-05', '5', NULL, NULL, 'WOFF', 1, 2, 2, '2025-08-14 12:25:15', '2025-08-14 12:25:15'),
(1923, '95dfd934-846e-4f0a-9ade-a2ac1899180b', 122, 'EL', '2025-04-08', '8', NULL, NULL, 'EL', 1, 2, 2, '2025-08-14 12:25:15', '2025-08-14 12:25:15'),
(1924, '290aad25-53da-48e8-a68d-113457015f29', 122, 'WOFF', '2025-04-09', '9', NULL, NULL, 'WOFF', 1, 2, 2, '2025-08-14 12:25:15', '2025-08-14 12:25:15'),
(1925, '45932aa6-dd01-44b0-9456-adbc5047c705', 122, 'WOFF', '2025-04-12', '12', NULL, NULL, 'WOFF', 1, 2, 2, '2025-08-14 12:25:15', '2025-08-14 12:25:15'),
(1926, 'a764278c-8c2e-48cb-bef6-a3897e575717', 122, 'WOFF', '2025-04-16', '16', NULL, NULL, 'WOFF', 1, 2, 2, '2025-08-14 12:25:15', '2025-08-14 12:25:15'),
(1927, '1cc77f84-0453-43c1-b8ca-48db97e21c7b', 122, 'WOFF', '2025-04-19', '19', NULL, NULL, 'WOFF', 1, 2, 2, '2025-08-14 12:25:15', '2025-08-14 12:25:15'),
(1928, '19f62f0f-7853-4ce4-9ccf-ebbc7395c37a', 122, 'WOFF', '2025-04-23', '23', NULL, NULL, 'WOFF', 1, 2, 2, '2025-08-14 12:25:15', '2025-08-14 12:25:15'),
(1929, 'd985ecb4-5620-40fb-b00b-74d23fd8c3ad', 122, 'WOFF', '2025-04-26', '26', NULL, NULL, 'WOFF', 1, 2, 2, '2025-08-14 12:25:15', '2025-08-14 12:25:15'),
(1930, '8e237167-39bf-45ea-b0c1-933c947b1643', 122, 'EL', '2025-04-28', '28', NULL, NULL, 'EL', 1, 2, 2, '2025-08-14 12:25:15', '2025-08-14 12:25:15'),
(1931, 'fecf5ada-6d14-4569-9ff5-25da7d0aec9d', 122, 'WOFF', '2025-04-30', '30', NULL, NULL, 'WOFF', 1, 2, 2, '2025-08-14 12:25:15', '2025-08-14 12:25:15'),
(1932, '9c57a1b4-9039-40cf-b4df-6164517d0a3e', 123, 'EL', '2025-04-02', '2', NULL, NULL, 'EL', 1, 2, 2, '2025-08-14 12:25:15', '2025-08-14 12:25:15'),
(1933, '3deb8f47-7351-4a3e-831c-18904bc22300', 123, '4/LOP', '2025-04-03', '3', NULL, NULL, '4/LOP', 1, 2, 2, '2025-08-14 12:25:15', '2025-08-14 12:25:15'),
(1934, 'ac2f8231-c6ee-4fbb-90f2-af50872d406c', 123, 'WOFF', '2025-04-06', '6', NULL, NULL, 'WOFF', 1, 2, 2, '2025-08-14 12:25:15', '2025-08-14 12:25:15'),
(1935, 'f63d0a0e-d869-4284-b0a0-407b8500711c', 123, 'EL', '2025-04-08', '8', NULL, NULL, 'EL', 1, 2, 2, '2025-08-14 12:25:15', '2025-08-14 12:25:15'),
(1936, '673f4de7-560e-4911-88e4-ee3735b928e3', 123, 'WOFF', '2025-04-13', '13', NULL, NULL, 'WOFF', 1, 2, 2, '2025-08-14 12:25:15', '2025-08-14 12:25:15'),
(1937, '3dd7962a-f6cd-4b3e-8fe5-1812e28ea0bb', 123, 'WOFF', '2025-04-20', '20', NULL, NULL, 'WOFF', 1, 2, 2, '2025-08-14 12:25:15', '2025-08-14 12:25:15'),
(1938, 'f4e39c25-3653-4504-8d3b-7007e335a6ac', 123, '4/LOP', '2025-04-26', '26', NULL, NULL, '4/LOP', 1, 2, 2, '2025-08-14 12:25:15', '2025-08-14 12:25:15'),
(1939, 'e7b01e56-f1b0-4009-80b5-1caedc08bd5b', 123, 'WOFF', '2025-04-27', '27', NULL, NULL, 'WOFF', 1, 2, 2, '2025-08-14 12:25:15', '2025-08-14 12:25:15'),
(1940, '42ccaf52-f123-46bf-af31-51da2d7b07b9', 123, 'EL', '2025-04-28', '28', NULL, NULL, 'EL', 1, 2, 2, '2025-08-14 12:25:15', '2025-08-14 12:25:15'),
(1941, 'f8ad1b10-9878-49b1-a780-cb40d2fe45ca', 123, 'LOP', '2025-04-29', '29', NULL, NULL, 'LOP', 1, 2, 2, '2025-08-14 12:25:15', '2025-08-14 12:25:15'),
(1942, '85c525b8-28a5-48e5-b337-59646fff8706', 123, '4/LOP', '2025-04-30', '30', NULL, NULL, '4/LOP', 1, 2, 2, '2025-08-14 12:25:15', '2025-08-14 12:25:15'),
(1943, '5d741b99-ba4d-4051-bac4-30f6f940efba', 124, 'WOFF', '2025-04-02', '2', NULL, NULL, 'WOFF', 1, 2, 2, '2025-08-14 12:25:15', '2025-08-14 12:25:15'),
(1944, '0e218532-8101-411a-bd81-50d16caa3095', 124, '4/LOP', '2025-04-03', '3', NULL, NULL, '4/LOP', 1, 2, 2, '2025-08-14 12:25:15', '2025-08-14 12:25:15'),
(1945, 'e12e7b05-bf81-40b1-8ab0-2ebaca4fa830', 124, 'WOFF', '2025-04-05', '5', NULL, NULL, 'WOFF', 1, 2, 2, '2025-08-14 12:25:15', '2025-08-14 12:25:15'),
(1946, '0da1af63-5bd8-49c8-8a24-3e59f0ea9197', 124, 'EL', '2025-04-08', '8', NULL, NULL, 'EL', 1, 2, 2, '2025-08-14 12:25:15', '2025-08-14 12:25:15'),
(1947, '5ba46fbe-c8d6-47fa-bfd1-96840d579f8f', 124, 'WOFF', '2025-04-09', '9', NULL, NULL, 'WOFF', 1, 2, 2, '2025-08-14 12:25:15', '2025-08-14 12:25:15'),
(1948, '0de3406e-a086-4af4-9632-d2967ca9d325', 124, 'WOFF', '2025-04-12', '12', NULL, NULL, 'WOFF', 1, 2, 2, '2025-08-14 12:25:15', '2025-08-14 12:25:15'),
(1949, 'beae3297-e58a-4a76-829d-17fee3461fd9', 124, 'WOFF', '2025-04-16', '16', NULL, NULL, 'WOFF', 1, 2, 2, '2025-08-14 12:25:15', '2025-08-14 12:25:15'),
(1950, '73497df6-b71a-4a57-b890-e4d11ae7cfbb', 124, 'WOFF', '2025-04-19', '19', NULL, NULL, 'WOFF', 1, 2, 2, '2025-08-14 12:25:15', '2025-08-14 12:25:15'),
(1951, '89e4077c-767a-4b69-970c-c05e889c8f39', 124, 'WOFF', '2025-04-23', '23', NULL, NULL, 'WOFF', 1, 2, 2, '2025-08-14 12:25:15', '2025-08-14 12:25:15'),
(1952, '408e0b6c-9a4a-450e-91e2-f171460420cf', 124, 'WOFF', '2025-04-26', '26', NULL, NULL, 'WOFF', 1, 2, 2, '2025-08-14 12:25:15', '2025-08-14 12:25:15'),
(1953, 'bb942ebf-388a-49ce-b570-4c5db3c6b87e', 124, 'EL', '2025-04-28', '28', NULL, NULL, 'EL', 1, 2, 2, '2025-08-14 12:25:15', '2025-08-14 12:25:15'),
(1954, 'b9cd8554-6b04-41dc-bda0-b01087ba9cfe', 124, 'WOFF', '2025-04-30', '30', NULL, NULL, 'WOFF', 1, 2, 2, '2025-08-14 12:25:15', '2025-08-14 12:25:15'),
(2752, 'f190309f-55e2-49d0-aa8b-bbce681d02a3', 243, 'WOFF', '2025-06-01', '1', NULL, NULL, 'WOFF', 1, 2, 2, '2025-09-05 05:51:26', '2025-09-05 05:51:26'),
(2753, 'ae41e437-ddf9-4c7e-a888-6d1e4d7f21bd', 243, 'WOFF', '2025-06-08', '8', NULL, NULL, 'WOFF', 1, 2, 2, '2025-09-05 05:51:26', '2025-09-05 05:51:26'),
(2754, '7ac6ae89-4fee-42f3-bfe8-6885d27f8f4d', 243, 'WOFF', '2025-06-15', '15', NULL, NULL, 'WOFF', 1, 2, 2, '2025-09-05 05:51:26', '2025-09-05 05:51:26'),
(2755, '0b924e33-00ee-4b46-90f2-4c1e83c73f9e', 243, 'WOFF', '2025-06-22', '22', NULL, NULL, 'WOFF', 1, 2, 2, '2025-09-05 05:51:26', '2025-09-05 05:51:26'),
(2756, '294c77a6-3ac7-4128-bb79-7d7c7d827fb6', 243, 'WOFF', '2025-06-29', '29', NULL, NULL, 'WOFF', 1, 2, 2, '2025-09-05 05:51:26', '2025-09-05 05:51:26'),
(2757, '2625e91f-e9e5-47cf-960b-f100164e15a3', 244, 'WOFF', '2025-06-04', '4', NULL, NULL, 'WOFF', 1, 2, 2, '2025-09-05 05:51:26', '2025-09-05 05:51:26'),
(2758, '59a139aa-98e3-43d4-907a-686a324c7e42', 244, 'WOFF', '2025-06-07', '7', NULL, NULL, 'WOFF', 1, 2, 2, '2025-09-05 05:51:26', '2025-09-05 05:51:26'),
(2759, '3d229e40-2307-440e-98a0-70d6a3a951b9', 244, 'WOFF', '2025-06-11', '11', NULL, NULL, 'WOFF', 1, 2, 2, '2025-09-05 05:51:26', '2025-09-05 05:51:26'),
(2760, '8cd6fd5e-3dd2-4905-8323-09798c544e73', 244, 'WOFF', '2025-06-14', '14', NULL, NULL, 'WOFF', 1, 2, 2, '2025-09-05 05:51:26', '2025-09-05 05:51:26'),
(2761, '775b7534-d2da-4c87-8fb5-689ffdd7894c', 244, 'WOFF', '2025-06-18', '18', NULL, NULL, 'WOFF', 1, 2, 2, '2025-09-05 05:51:26', '2025-09-05 05:51:26'),
(2762, '6fec2cf3-65cd-4097-b0d7-6d16b2100edc', 244, 'WOFF', '2025-06-21', '21', NULL, NULL, 'WOFF', 1, 2, 2, '2025-09-05 05:51:26', '2025-09-05 05:51:26'),
(2763, '6c959d0f-5a8f-4071-a827-729b3213dec1', 244, 'WOFF', '2025-06-25', '25', NULL, NULL, 'WOFF', 1, 2, 2, '2025-09-05 05:51:26', '2025-09-05 05:51:26'),
(2764, 'a1548938-00b2-404c-a5e7-768d374a097a', 244, 'WOFF', '2025-06-28', '28', NULL, NULL, 'WOFF', 1, 2, 2, '2025-09-05 05:51:26', '2025-09-05 05:51:26'),
(2765, '0e15c4cc-9bbf-46da-af0d-6d1c3e384a93', 245, 'WOFF', '2025-06-01', '1', NULL, NULL, 'WOFF', 1, 2, 2, '2025-09-05 05:51:26', '2025-09-05 05:51:26'),
(2766, '9365fcf4-6dce-4cff-80cc-2448cd1d5ee9', 245, '4/LOP', '2025-06-02', '2', NULL, NULL, '4/LOP', 1, 2, 2, '2025-09-05 05:51:26', '2025-09-05 05:51:26'),
(2767, 'e75e3d4d-9466-40c6-9bac-35f2b1125a85', 245, 'WOFF', '2025-06-08', '8', NULL, NULL, 'WOFF', 1, 2, 2, '2025-09-05 05:51:26', '2025-09-05 05:51:26'),
(2768, '73e921e0-9f39-4bd7-a648-4662af8572d4', 245, 'WOFF', '2025-06-15', '15', NULL, NULL, 'WOFF', 1, 2, 2, '2025-09-05 05:51:26', '2025-09-05 05:51:26'),
(2769, 'd3e2ea96-09ab-4f7a-9417-9af5baab6c1d', 245, 'WOFF', '2025-06-22', '22', NULL, NULL, 'WOFF', 1, 2, 2, '2025-09-05 05:51:26', '2025-09-05 05:51:26'),
(2770, '5840cc23-94ba-4a76-b832-965d054a7803', 245, 'WOFF', '2025-06-29', '29', NULL, NULL, 'WOFF', 1, 2, 2, '2025-09-05 05:51:26', '2025-09-05 05:51:26'),
(2771, '12eaf30a-2e10-4f1e-8fd0-0f1d290edf7b', 246, 'WOFF', '2025-06-01', '1', NULL, NULL, 'WOFF', 1, 2, 2, '2025-09-05 05:51:26', '2025-09-05 05:51:26'),
(2772, 'ecad36f9-d6b7-469c-a65c-d7d57bf9c2f0', 246, 'WOFF', '2025-06-08', '8', NULL, NULL, 'WOFF', 1, 2, 2, '2025-09-05 05:51:26', '2025-09-05 05:51:26'),
(2773, '284ee52a-7c9f-4e93-8721-6598ca0d8c55', 246, 'WOFF', '2025-06-15', '15', NULL, NULL, 'WOFF', 1, 2, 2, '2025-09-05 05:51:26', '2025-09-05 05:51:26'),
(2774, '8142529c-6fb9-47cb-8a95-95a07fc37d87', 246, 'WOFF', '2025-06-22', '22', NULL, NULL, 'WOFF', 1, 2, 2, '2025-09-05 05:51:26', '2025-09-05 05:51:26'),
(2775, '29152ad1-7b40-4634-9b00-37f72525d28f', 246, 'WOFF', '2025-06-29', '29', NULL, NULL, 'WOFF', 1, 2, 2, '2025-09-05 05:51:26', '2025-09-05 05:51:26'),
(2776, '0f2e5721-1822-4bd2-bf46-8dca43c4ccc9', 247, 'WOFF', '2025-06-01', '1', NULL, NULL, 'WOFF', 1, 2, 2, '2025-09-05 05:51:26', '2025-09-05 05:51:26'),
(2777, 'eaecb311-ffee-40f9-93d6-5c633810450e', 247, '4/LOP', '2025-06-02', '2', NULL, NULL, '4/LOP', 1, 2, 2, '2025-09-05 05:51:26', '2025-09-05 05:51:26'),
(2778, 'be7679e9-bc1c-4861-8be4-1aba7769a222', 247, '4/LOP', '2025-06-03', '3', NULL, NULL, '4/LOP', 1, 2, 2, '2025-09-05 05:51:26', '2025-09-05 05:51:26'),
(2779, '3b39ea07-b22c-45d4-8443-fa07950c4724', 247, '4/LOP', '2025-06-04', '4', NULL, NULL, '4/LOP', 1, 2, 2, '2025-09-05 05:51:26', '2025-09-05 05:51:26'),
(2780, '93e538c3-0aaf-4665-9ee3-d264eb792f0e', 247, '4/LOP', '2025-06-05', '5', NULL, NULL, '4/LOP', 1, 2, 2, '2025-09-05 05:51:26', '2025-09-05 05:51:26'),
(2781, '88844101-8a1c-4478-98a4-c7f9f9a3b14b', 247, 'WOFF', '2025-06-08', '8', NULL, NULL, 'WOFF', 1, 2, 2, '2025-09-05 05:51:26', '2025-09-05 05:51:26'),
(2782, 'b7aaac59-5c0f-448b-b893-63488e860215', 247, 'WOFF', '2025-06-15', '15', NULL, NULL, 'WOFF', 1, 2, 2, '2025-09-05 05:51:26', '2025-09-05 05:51:26'),
(2783, '6addb9ca-1ac3-4040-b121-3e487723b17c', 247, 'WOFF', '2025-06-22', '22', NULL, NULL, 'WOFF', 1, 2, 2, '2025-09-05 05:51:26', '2025-09-05 05:51:26'),
(2784, '4dca9080-4b91-4fda-ac8c-16986870e310', 247, 'WOFF', '2025-06-29', '29', NULL, NULL, 'WOFF', 1, 2, 2, '2025-09-05 05:51:26', '2025-09-05 05:51:26'),
(2785, '1cff3dd6-4204-4f36-9ed1-1ffbd3880f26', 248, 'WOFF', '2025-06-01', '1', NULL, NULL, 'WOFF', 1, 2, 2, '2025-09-05 05:51:26', '2025-09-05 05:51:26'),
(2786, '45af6a15-e97b-4c1f-8f9d-94e2ef11621f', 248, 'WOFF', '2025-06-08', '8', NULL, NULL, 'WOFF', 1, 2, 2, '2025-09-05 05:51:26', '2025-09-05 05:51:26'),
(2787, '4e7507da-b9bb-4f30-84e7-80c572839c79', 248, 'WOFF', '2025-06-15', '15', NULL, NULL, 'WOFF', 1, 2, 2, '2025-09-05 05:51:26', '2025-09-05 05:51:26'),
(2788, '0aeb24e3-b8d5-4b3f-bc31-a8484b3df252', 248, 'WOFF', '2025-06-22', '22', NULL, NULL, 'WOFF', 1, 2, 2, '2025-09-05 05:51:26', '2025-09-05 05:51:26'),
(2789, '62da5a46-19ec-4cad-9608-c57e14da010a', 248, 'WOFF', '2025-06-29', '29', NULL, NULL, 'WOFF', 1, 2, 2, '2025-09-05 05:51:26', '2025-09-05 05:51:26'),
(2790, 'a2af4f9f-1429-4584-9846-b4bb3fcb31ef', 249, 'WOFF', '2025-06-01', '1', NULL, NULL, 'WOFF', 1, 2, 2, '2025-09-05 05:51:26', '2025-09-05 05:51:26'),
(2791, '67be043f-ac5e-4939-af46-844a962d951f', 249, 'WOFF', '2025-06-08', '8', NULL, NULL, 'WOFF', 1, 2, 2, '2025-09-05 05:51:26', '2025-09-05 05:51:26'),
(2792, 'ddae5784-b434-4b79-a3e8-4f8d3332bb16', 249, 'WOFF', '2025-06-15', '15', NULL, NULL, 'WOFF', 1, 2, 2, '2025-09-05 05:51:26', '2025-09-05 05:51:26'),
(2793, '1fdc7fde-727d-450b-a16b-90a531b71ffc', 249, 'WOFF', '2025-06-22', '22', NULL, NULL, 'WOFF', 1, 2, 2, '2025-09-05 05:51:26', '2025-09-05 05:51:26'),
(2794, '274cddd0-9a1e-43a3-93e3-bb5fdc23b091', 249, 'WOFF', '2025-06-29', '29', NULL, NULL, 'WOFF', 1, 2, 2, '2025-09-05 05:51:26', '2025-09-05 05:51:26'),
(2795, 'abd5863c-0023-4c02-8951-bf231097e463', 250, 'WOFF', '2025-06-01', '1', NULL, NULL, 'WOFF', 1, 2, 2, '2025-09-05 05:51:26', '2025-09-05 05:51:26'),
(2796, '399bdab4-664f-4bbc-87c1-ad0fcb004fa2', 250, 'WOFF', '2025-06-08', '8', NULL, NULL, 'WOFF', 1, 2, 2, '2025-09-05 05:51:26', '2025-09-05 05:51:26'),
(2797, '7657c162-16c4-4a35-9f62-957702f254bf', 250, 'WOFF', '2025-06-15', '15', NULL, NULL, 'WOFF', 1, 2, 2, '2025-09-05 05:51:26', '2025-09-05 05:51:26'),
(2798, '41185c84-dc4f-4a71-bf94-bb4b6a96dd53', 250, 'WOFF', '2025-06-22', '22', NULL, NULL, 'WOFF', 1, 2, 2, '2025-09-05 05:51:26', '2025-09-05 05:51:26'),
(2799, 'fad69a3e-259d-4d1b-91f0-a388f08d070d', 250, 'WOFF', '2025-06-29', '29', NULL, NULL, 'WOFF', 1, 2, 2, '2025-09-05 05:51:26', '2025-09-05 05:51:26'),
(2800, '21711d4e-6155-498e-b8e5-b9c262c54baf', 251, 'WOFF', '2025-06-01', '1', NULL, NULL, 'WOFF', 1, 2, 2, '2025-09-05 05:51:26', '2025-09-05 05:51:26'),
(2801, 'ecf38c63-8025-4c17-9df6-55b2462dc99e', 251, 'WOFF', '2025-06-08', '8', NULL, NULL, 'WOFF', 1, 2, 2, '2025-09-05 05:51:26', '2025-09-05 05:51:26'),
(2802, '6cdbce95-4c8a-425d-af1e-9ef2f7fba2e5', 251, 'WOFF', '2025-06-15', '15', NULL, NULL, 'WOFF', 1, 2, 2, '2025-09-05 05:51:26', '2025-09-05 05:51:26'),
(2803, 'a729c6e8-15fb-47ea-9eca-4e04737bcadb', 251, 'WOFF', '2025-06-22', '22', NULL, NULL, 'WOFF', 1, 2, 2, '2025-09-05 05:51:26', '2025-09-05 05:51:26'),
(2804, 'a47f5494-6fe7-4d5f-81da-25d2d67d78ce', 251, 'WOFF', '2025-06-29', '29', NULL, NULL, 'WOFF', 1, 2, 2, '2025-09-05 05:51:26', '2025-09-05 05:51:26'),
(2805, 'a2074e06-1c47-4b49-a08e-d6e6bee75cb1', 252, 'WOFF', '2025-06-01', '1', NULL, NULL, 'WOFF', 1, 2, 2, '2025-09-05 05:51:26', '2025-09-05 05:51:26'),
(2806, 'b2dd4198-ecc2-43aa-b75e-16cf225a48ec', 252, 'WOFF', '2025-06-08', '8', NULL, NULL, 'WOFF', 1, 2, 2, '2025-09-05 05:51:26', '2025-09-05 05:51:26'),
(2807, 'c6034707-1a8c-408d-877d-696d2944f212', 252, 'WOFF', '2025-06-15', '15', NULL, NULL, 'WOFF', 1, 2, 2, '2025-09-05 05:51:26', '2025-09-05 05:51:26'),
(2808, 'd9f2c2ee-ff0a-4a47-9d44-5e7e06e4cdc9', 252, 'WOFF', '2025-06-22', '22', NULL, NULL, 'WOFF', 1, 2, 2, '2025-09-05 05:51:26', '2025-09-05 05:51:26'),
(2809, '36a7beb1-13d2-45c4-b26a-1b8562c59b0a', 252, 'WOFF', '2025-06-29', '29', NULL, NULL, 'WOFF', 1, 2, 2, '2025-09-05 05:51:26', '2025-09-05 05:51:26'),
(2810, 'de4f3c98-d8d8-4340-8409-09dc5a7b9896', 253, 'WOFF', '2025-06-01', '1', NULL, NULL, 'WOFF', 1, 2, 2, '2025-09-05 05:51:26', '2025-09-05 05:51:26'),
(2811, '4af5d810-98cc-43a2-9ab7-a038ec6bfedf', 253, 'WOFF', '2025-06-08', '8', NULL, NULL, 'WOFF', 1, 2, 2, '2025-09-05 05:51:26', '2025-09-05 05:51:26'),
(2812, 'b086e804-05c9-4e32-a9e8-ac5bdd914fcc', 253, 'WOFF', '2025-06-15', '15', NULL, NULL, 'WOFF', 1, 2, 2, '2025-09-05 05:51:26', '2025-09-05 05:51:26'),
(2813, '0984d398-9e33-4def-8abd-facb6b72e114', 253, 'WOFF', '2025-06-22', '22', NULL, NULL, 'WOFF', 1, 2, 2, '2025-09-05 05:51:26', '2025-09-05 05:51:26'),
(2814, '42945707-f31d-44c8-9529-7f324f0ac6c6', 253, 'WOFF', '2025-06-29', '29', NULL, NULL, 'WOFF', 1, 2, 2, '2025-09-05 05:51:26', '2025-09-05 05:51:26');

-- --------------------------------------------------------

--
-- Table structure for table `employee_salary_types`
--

CREATE TABLE `employee_salary_types` (
  `id` bigint(20) UNSIGNED NOT NULL,
  `uuid` varchar(255) NOT NULL,
  `salary_type` varchar(255) DEFAULT NULL,
  `status` tinyint(4) NOT NULL DEFAULT 1,
  `created_by` bigint(20) UNSIGNED DEFAULT NULL,
  `updated_by` bigint(20) UNSIGNED DEFAULT NULL,
  `created_at` timestamp NULL DEFAULT NULL,
  `updated_at` timestamp NULL DEFAULT NULL
) ENGINE=InnoDB DEFAULT CHARSET=utf8mb4 COLLATE=utf8mb4_unicode_ci;

--
-- Dumping data for table `employee_salary_types`
--

INSERT INTO `employee_salary_types` (`id`, `uuid`, `salary_type`, `status`, `created_by`, `updated_by`, `created_at`, `updated_at`) VALUES
(1, '7e3d7879-a5d1-4f67-b551-5d51a775b604', 'basic', 1, NULL, 1, '2025-07-31 04:52:02', '2025-07-31 04:52:02'),
(2, '4905caad-45ec-419f-be91-28c79a6bbc1b', 'bohe', 1, NULL, 1, '2025-07-31 04:52:02', '2025-07-31 04:52:02'),
(3, '0e1b88a2-7767-4e6f-b800-91158f8a67c3', 'daily_wage', 1, NULL, 1, '2025-07-31 04:52:02', '2025-07-31 04:52:02'),
(4, '5aded914-7c49-4fd2-8f8f-6c2a9e35960a', 'da', 1, NULL, 1, '2025-07-31 04:52:02', '2025-07-31 04:52:02'),
(5, '81137d5f-0109-4635-b239-d14f9e92b5b3', 'fda', 1, NULL, 1, '2025-07-31 04:52:02', '2025-07-31 04:52:02'),
(6, '1eb148d0-c7e4-45b6-95a0-8be5deb7ad60', 'hra', 1, NULL, 1, '2025-07-31 04:52:02', '2025-07-31 04:52:02'),
(7, 'e5e24bf7-e86f-43b4-b791-5d191eafd922', 'car_allowance', 1, NULL, 1, '2025-07-31 04:52:02', '2025-07-31 04:52:02'),
(8, '913a7348-6b1d-48ce-a40f-a1b9a3976236', 'compensatsatory_allowance', 1, NULL, 1, '2025-07-31 04:52:02', '2025-07-31 04:52:02'),
(9, '5e2b335d-0e67-4b78-bb17-52cdf74fcde5', 'conveyance', 1, NULL, 1, '2025-07-31 04:52:02', '2025-07-31 04:52:02'),
(10, '5fb479f9-b746-45e2-9d09-6baf1f15853a', 'other_allowance', 1, NULL, 1, '2025-07-31 04:52:02', '2025-07-31 04:52:02'),
(11, '441cfedf-1f76-45f1-a954-7b44facd9c76', 'medical_allowance', 1, NULL, 1, '2025-07-31 04:52:02', '2025-07-31 04:52:02'),
(12, '27bb8df6-51fb-49e3-ad22-1b82dc184cfd', 'special_allowance', 1, NULL, 1, '2025-07-31 04:52:02', '2025-07-31 04:52:02'),
(13, '1dd6dac9-92e4-4653-a1fc-d28329d55af8', 'partimer_allowance', 1, NULL, 1, '2025-07-31 04:52:02', '2025-07-31 04:52:02'),
(14, '925dec89-4dd6-4b71-97b1-12f7f822226e', 'piece_rate', 1, NULL, 1, '2025-07-31 04:52:02', '2025-07-31 04:52:02'),
(15, '241828d2-0ea6-4846-a361-4f46d9f38fce', 'gross', 1, NULL, 1, '2025-07-31 04:52:02', '2025-07-31 04:52:02'),
(16, '48c0e237-1f28-4f82-b5d5-93b9eba73c77', 'incentive', 1, NULL, 1, '2025-07-31 04:52:02', '2025-07-31 04:52:02'),
(17, '5ba81a37-c252-4903-9ca0-e1650028d997', 'washing_allowance', 1, NULL, 1, '2025-07-31 04:52:02', '2025-07-31 04:52:02'),
(18, '460c4b9e-5a59-4d04-b75f-1a49f8b0d905', 'educational_allowance', 1, NULL, 1, '2025-07-31 04:52:02', '2025-07-31 04:52:02'),
(19, 'c2f7ab62-b5ea-473d-9a46-73d6ad199ad3', 'daily_batta', 1, NULL, 1, '2025-07-31 04:52:02', '2025-07-31 04:52:02'),
(20, 'ead1b432-25f0-474f-a4da-fb7b03e31e71', 'basic_da', 1, NULL, 1, '2025-07-31 04:52:02', '2025-07-31 04:52:02'),
(21, '04c8a717-ec6a-4f56-b9a1-7c1bfc02249c', 'esi', 1, NULL, 1, '2025-08-09 15:11:49', '2025-08-09 15:11:49'),
(22, 'af85604b-fc2d-4226-a9c7-08195deea1ad', 'pf', 1, NULL, 1, '2025-08-09 15:11:49', '2025-08-09 15:11:49');

-- --------------------------------------------------------

--
-- Table structure for table `employee_tab1`
--

CREATE TABLE `employee_tab1` (
  `id` bigint(20) UNSIGNED NOT NULL,
  `uuid` varchar(255) NOT NULL,
  `client_id` bigint(20) UNSIGNED NOT NULL,
  `client_location` bigint(20) UNSIGNED DEFAULT NULL,
  `salutation_id` varchar(255) DEFAULT NULL,
  `code` varchar(255) DEFAULT NULL COMMENT 'Employee Code',
  `s2_code` varchar(255) DEFAULT NULL,
  `employee_code_ips` varchar(255) DEFAULT NULL,
  `doj` varchar(255) DEFAULT NULL COMMENT 'date of joining',
  `joining_month` varchar(255) DEFAULT NULL COMMENT 'joining month',
  `emp_name` varchar(255) DEFAULT NULL,
  `location_id` bigint(20) UNSIGNED DEFAULT NULL,
  `location_code` varchar(255) DEFAULT NULL,
  `designation` varchar(255) DEFAULT NULL,
  `father_name` varchar(255) DEFAULT NULL,
  `husband_name` varchar(255) DEFAULT NULL,
  `signature` varchar(255) DEFAULT NULL,
  `gender` varchar(255) DEFAULT NULL,
  `martial_status` varchar(255) DEFAULT NULL,
  `marrige_date` varchar(255) DEFAULT NULL COMMENT 'date of marriage',
  `religion` varchar(255) DEFAULT NULL,
  `dob` varchar(255) DEFAULT NULL COMMENT 'date of birth',
  `age` varchar(255) DEFAULT NULL,
  `blood_group` varchar(255) DEFAULT NULL,
  `separation_date` varchar(255) DEFAULT NULL COMMENT 'date of separation',
  `separation_reason` varchar(255) DEFAULT NULL,
  `leaving_month` varchar(255) DEFAULT NULL COMMENT 'leaving month',
  `service_period` varchar(255) DEFAULT NULL,
  `status` tinyint(4) NOT NULL DEFAULT 1,
  `is_temp` tinyint(4) DEFAULT 1 COMMENT 'temp-1,saved-0',
  `created_by` bigint(20) UNSIGNED DEFAULT NULL,
  `updated_by` bigint(20) UNSIGNED DEFAULT NULL,
  `created_at` timestamp NULL DEFAULT NULL,
  `updated_at` timestamp NULL DEFAULT NULL
) ENGINE=InnoDB DEFAULT CHARSET=utf8mb4 COLLATE=utf8mb4_unicode_ci;

--
-- Dumping data for table `employee_tab1`
--

INSERT INTO `employee_tab1` (`id`, `uuid`, `client_id`, `client_location`, `salutation_id`, `code`, `s2_code`, `employee_code_ips`, `doj`, `joining_month`, `emp_name`, `location_id`, `location_code`, `designation`, `father_name`, `husband_name`, `signature`, `gender`, `martial_status`, `marrige_date`, `religion`, `dob`, `age`, `blood_group`, `separation_date`, `separation_reason`, `leaving_month`, `service_period`, `status`, `is_temp`, `created_by`, `updated_by`, `created_at`, `updated_at`) VALUES
(2, '9cf3b1c1-b518-4bfb-92c3-a813de2eb893', 4, 10, NULL, 'SAP007', '001', NULL, '2025-06-16', NULL, 'Pugal', 2, NULL, 'Sr Executive Stores', 'Arunachalam', 'NA', NULL, 'M', 'married', NULL, NULL, '1996-09-10', NULL, NULL, NULL, NULL, NULL, NULL, 1, 0, NULL, 2, '2025-08-04 05:22:22', '2025-08-14 11:31:37'),
(3, 'd3a32b04-0c63-4ed3-813d-7d65f3781a81', 4, 10, NULL, 'SAP008', '002', NULL, '2025-06-16', NULL, 'Sridhar', 11, NULL, 'receptionist', 'dhanush', 'NA', NULL, 'M', 'single', NULL, NULL, '2001-09-10', NULL, NULL, NULL, NULL, NULL, NULL, 1, 0, NULL, 2, '2025-08-04 05:22:22', '2025-08-14 11:31:25'),
(4, '4aba12ed-2443-4196-b29c-e0a7e500634b', 4, 10, NULL, 'emp001', '003', NULL, '2025-06-16', NULL, 'Aniruth', 2, NULL, 'Sr Executive Stores', 'Arunachalam', 'NA', NULL, 'M', 'married', NULL, NULL, '1996-09-10', NULL, NULL, NULL, NULL, NULL, NULL, 1, 0, NULL, 2, '2025-08-05 06:34:53', '2025-08-05 06:49:01'),
(5, 'ae522360-e655-4da7-9010-ef70fa65200e', 4, 10, NULL, 'emp002', '004', NULL, '2025-06-16', NULL, 'mahesh', 11, NULL, 'receptionist', 'dhanush', 'NA', NULL, 'M', 'single', NULL, NULL, '2001-09-10', NULL, NULL, NULL, NULL, NULL, NULL, 1, 0, NULL, 2, '2025-08-05 06:34:53', '2025-08-05 06:48:58'),
(145, '7a824d81-a96b-451b-ab93-4e21ab585760', 8, 11, NULL, 'EMP2', '007', NULL, '2025-07-19', NULL, 'Mr. MANIKANDAN DEVENDRAN', 6, NULL, 'Sr Executive Stores', 'DEVENDRAN', 'DEVENDRAN', NULL, 'M', 'single', NULL, NULL, '2003-06-16', NULL, NULL, NULL, NULL, NULL, NULL, 1, 0, NULL, 2, '2025-09-05 05:25:59', '2025-09-05 06:12:07'),
(146, 'd03c588f-03dd-4167-b7cd-23783c7ee272', 8, 11, NULL, 'EMP3', '008', NULL, '2025-07-01', NULL, 'Mr. ABEY THOMAS', 6, '', 'receptionist', 'P D THOMAS', 'P D THOMAS', NULL, 'M', 'single', NULL, NULL, '1995-07-07', NULL, NULL, NULL, NULL, NULL, NULL, 1, 0, NULL, 1, '2025-09-05 05:25:59', '2025-09-05 05:25:59'),
(147, 'ca8e322b-eed4-4d98-a344-17e9bc81678e', 8, 11, NULL, 'EMP4', '009', NULL, '2025-04-08', NULL, 'Mr. PARTHASARATHY J', 6, '', 'Sr Executive Stores', 'JANAKIRAMAN', 'JANAKIRAMAN', NULL, 'M', 'single', NULL, NULL, '2000-03-28', NULL, NULL, NULL, NULL, NULL, NULL, 1, 0, NULL, 1, '2025-09-05 05:25:59', '2025-09-05 05:26:00'),
(148, '83ecfe94-eb71-481a-b5c3-c93efb187716', 8, 11, NULL, 'EMP5', '010', NULL, '2025-04-07', NULL, 'Mr. SEENIVASAGAM GANESAN', 6, '', 'receptionist', 'GANESAN SANGARALINGAM', 'GANESAN SANGARALINGAM', NULL, 'M', 'single', NULL, NULL, '1991-04-15', NULL, NULL, NULL, NULL, NULL, NULL, 1, 0, NULL, 1, '2025-09-05 05:26:00', '2025-09-05 05:26:00'),
(149, '42363c37-e225-4d6b-9a7f-67b734dc96fd', 8, 11, NULL, 'EMP6', '011', NULL, '2025-03-06', NULL, 'Mrs. AMUL MUNIYAN', 6, '', 'Sr Executive Stores', 'MUNIYAN', 'MUNIYAN', NULL, 'F', 'married', NULL, NULL, '1975-11-20', NULL, NULL, NULL, NULL, NULL, NULL, 1, 0, NULL, 1, '2025-09-05 05:26:00', '2025-09-05 05:26:00'),
(150, 'b6b4494e-dc14-4777-9b49-b7d4fca6464c', 8, 11, NULL, 'EMP7', '012', NULL, '2025-03-05', NULL, 'Mr. P VELUMANI', 6, '', 'receptionist', 'PALANIVEL', 'PALANIVEL', NULL, 'M', 'married', NULL, NULL, '1984-06-10', NULL, NULL, NULL, NULL, NULL, NULL, 1, 0, NULL, 1, '2025-09-05 05:26:00', '2025-09-05 05:26:00'),
(151, '3e29c353-00c4-4386-800b-1061504f84ca', 8, 11, NULL, 'EMP8', '013', NULL, '2025-02-24', NULL, 'Ms. AMUTHA SELVI VARATHAN', 6, '', 'Sr Executive Stores', 'VARATHAN', 'VARATHAN', NULL, 'F', 'single', NULL, NULL, '2002-12-25', NULL, NULL, NULL, NULL, NULL, NULL, 1, 0, NULL, 1, '2025-09-05 05:26:00', '2025-09-05 05:26:00'),
(152, 'fc0304b7-db76-4dee-bec5-d09f165d1fbd', 8, 11, NULL, 'EMP9', '014', NULL, '2025-02-24', NULL, 'Mr. GOGULNATH', 6, '', 'receptionist', 'SUBRAMANI', 'SUBRAMANI', NULL, 'M', 'single', NULL, NULL, '1995-05-29', NULL, NULL, NULL, NULL, NULL, NULL, 1, 0, NULL, 1, '2025-09-05 05:26:00', '2025-09-05 05:26:00'),
(153, '98fd689b-007d-4d48-b063-216f7f8725e4', 8, 11, NULL, 'EMP10', '015', NULL, '2025-01-30', NULL, 'Mr. ARAVINDASAMY R', 6, NULL, 'Sr Executive Stores', 'RAJASEKAR', 'RAJASEKAR', NULL, 'M', 'single', NULL, NULL, '1999-04-01', NULL, NULL, NULL, NULL, NULL, NULL, 1, 0, NULL, 2, '2025-09-05 05:26:00', '2025-09-08 05:46:07'),
(154, '341deac6-8cbe-4784-971a-0f94848d1bde', 13, 12, 'Mr', 'S123', '016', NULL, '2025-08-01', 'August', 'Santhosh Kumar N', NULL, NULL, 'DIRECTOR', 'Nagu', NULL, 'Santhosh', 'M', 'married', '2015-10-19', 'Hindu', '1984-05-25', '41', 'A+', '1900-01-01', NULL, NULL, NULL, 1, 0, 2, 2, '2025-09-17 07:26:14', '2025-09-17 07:34:14');

-- --------------------------------------------------------

--
-- Table structure for table `employee_tab2`
--

CREATE TABLE `employee_tab2` (
  `id` bigint(20) UNSIGNED NOT NULL,
  `uuid` varchar(255) NOT NULL,
  `employee_id` bigint(20) UNSIGNED NOT NULL,
  `salary_type` varchar(255) DEFAULT NULL,
  `salary_period` varchar(255) DEFAULT NULL,
  `death_date` varchar(255) DEFAULT NULL COMMENT 'Date of death',
  `death_reason` varchar(255) DEFAULT NULL COMMENT 'Reason for death',
  `last_drawn_salary` varchar(255) DEFAULT NULL,
  `last_drawn_salary_gross` varchar(255) DEFAULT NULL,
  `gratuity_payable` varchar(255) DEFAULT NULL,
  `grade_code` varchar(255) DEFAULT NULL,
  `grade` varchar(255) DEFAULT NULL,
  `designation_code` bigint(20) UNSIGNED DEFAULT NULL,
  `designation_mw_act` varchar(255) DEFAULT NULL COMMENT 'Designation as Per MW Act',
  `emp_address` varchar(255) DEFAULT NULL,
  `emp_email` varchar(255) DEFAULT NULL,
  `emp_phone` varchar(255) DEFAULT NULL,
  `emp_tele_phone` varchar(255) DEFAULT NULL,
  `emp_status_code` varchar(255) DEFAULT NULL,
  `emp_department` varchar(255) DEFAULT NULL,
  `emp_pan_no` varchar(255) DEFAULT NULL,
  `emp_epf_no` varchar(255) DEFAULT NULL,
  `emp_esi_no` varchar(255) DEFAULT NULL,
  `emp_eps_no` varchar(255) DEFAULT NULL,
  `expat` varchar(255) DEFAULT NULL,
  `esi_office_id` bigint(20) UNSIGNED DEFAULT NULL,
  `esi_dispenary` varchar(255) DEFAULT NULL,
  `status` tinyint(4) NOT NULL DEFAULT 1,
  `created_by` bigint(20) UNSIGNED DEFAULT NULL,
  `updated_by` bigint(20) UNSIGNED DEFAULT NULL,
  `created_at` timestamp NULL DEFAULT NULL,
  `updated_at` timestamp NULL DEFAULT NULL
) ENGINE=InnoDB DEFAULT CHARSET=utf8mb4 COLLATE=utf8mb4_unicode_ci;

--
-- Dumping data for table `employee_tab2`
--

INSERT INTO `employee_tab2` (`id`, `uuid`, `employee_id`, `salary_type`, `salary_period`, `death_date`, `death_reason`, `last_drawn_salary`, `last_drawn_salary_gross`, `gratuity_payable`, `grade_code`, `grade`, `designation_code`, `designation_mw_act`, `emp_address`, `emp_email`, `emp_phone`, `emp_tele_phone`, `emp_status_code`, `emp_department`, `emp_pan_no`, `emp_epf_no`, `emp_esi_no`, `emp_eps_no`, `expat`, `esi_office_id`, `esi_dispenary`, `status`, `created_by`, `updated_by`, `created_at`, `updated_at`) VALUES
(2, '913cd107-ad37-4b5b-9f82-0c53660b2e0d', 2, NULL, NULL, NULL, NULL, NULL, NULL, NULL, NULL, 'A', NULL, NULL, NULL, 'ani091096@gmail.com', '7639848030', NULL, NULL, 'Stores', 'FRVPM9875A', '10159 2208885', NULL, NULL, '1', NULL, '7', 1, NULL, 2, '2025-08-04 05:22:22', '2025-08-04 13:25:48'),
(3, 'c75a600a-554a-4fea-b1c8-46f1baabab54', 3, NULL, NULL, NULL, NULL, NULL, NULL, NULL, NULL, 'O', NULL, NULL, NULL, 'mahi091096@gmail.com', '7639848030', NULL, NULL, 'Stores', 'FRVPM9875A', '10159 2208885', NULL, NULL, '1', NULL, '10', 1, NULL, 2, '2025-08-04 05:22:22', '2025-08-14 12:30:34'),
(4, '42dce6ae-a205-4a2e-a01b-e53a58b7d075', 4, NULL, NULL, NULL, NULL, NULL, NULL, NULL, NULL, 'A', NULL, NULL, NULL, 'ani091096@gmail.com', '7639848030', NULL, NULL, 'Stores', 'FRVPM9875A', '10159 2208885', NULL, NULL, 'N', NULL, '7', 1, NULL, 1, '2025-08-05 06:34:53', '2025-08-05 06:34:53'),
(5, '91a404a0-fe17-4c82-8f78-441d2f851949', 5, NULL, NULL, NULL, NULL, NULL, NULL, NULL, NULL, 'O', NULL, NULL, NULL, 'mahi091096@gmail.com', '7639848030', NULL, NULL, 'Stores', 'FRVPM9875A', '10159 2208885', NULL, NULL, '1', NULL, '10', 1, NULL, 2, '2025-08-05 06:34:53', '2025-08-05 07:57:24'),
(145, 'eaafc93b-4de0-47f3-a2d5-482d837b7493', 145, NULL, NULL, NULL, NULL, NULL, NULL, NULL, NULL, 'A', NULL, NULL, NULL, 'sample@therelek.com', '7639848030', NULL, NULL, 'Stores', 'FRVPM9875A', '10159 2208885', '123659689', NULL, '1', NULL, '1', 1, NULL, 2, '2025-09-05 05:25:59', '2025-09-05 06:12:09'),
(146, '8077df5c-a452-41e5-95bf-4007dfabe06a', 146, NULL, NULL, NULL, NULL, NULL, NULL, NULL, NULL, 'A', NULL, NULL, NULL, 'sample@therelek.com', '7639848030', NULL, NULL, 'Stores', 'FRVPM9875A', '10160 2208885', '123659690', NULL, 'N', NULL, '1', 1, NULL, 1, '2025-09-05 05:25:59', '2025-09-05 05:25:59'),
(147, 'a23639ef-4fc9-440e-83e2-066582053690', 147, NULL, NULL, NULL, NULL, NULL, NULL, NULL, NULL, 'A', NULL, NULL, NULL, 'sample@therelek.com', '7639848030', NULL, NULL, 'Stores', 'FRVPM9875A', '10161 2208885', '123659691', NULL, 'N', NULL, '1', 1, NULL, 1, '2025-09-05 05:25:59', '2025-09-05 05:25:59'),
(148, '303076ac-2d50-478c-afbe-ff1c03573b9e', 148, NULL, NULL, NULL, NULL, NULL, NULL, NULL, NULL, 'A', NULL, NULL, NULL, 'sample@therelek.com', '7639848030', NULL, NULL, 'Stores', 'FRVPM9875A', '10162 2208885', '123659692', NULL, 'N', NULL, '1', 1, NULL, 1, '2025-09-05 05:26:00', '2025-09-05 05:26:00'),
(149, 'acfbf852-f4b9-4178-9770-0d6fec72c14a', 149, NULL, NULL, NULL, NULL, NULL, NULL, NULL, NULL, 'A', NULL, NULL, NULL, 'sample@therelek.com', '7639848030', NULL, NULL, 'Stores', 'FRVPM9875A', '10163 2208885', '123659693', NULL, 'N', NULL, '1', 1, NULL, 1, '2025-09-05 05:26:00', '2025-09-05 05:26:00'),
(150, 'c66ef71e-0dcd-406e-b0d4-e3a803263845', 150, NULL, NULL, NULL, NULL, NULL, NULL, NULL, NULL, 'A', NULL, NULL, NULL, 'sample@therelek.com', '7639848030', NULL, NULL, 'Stores', 'FRVPM9875A', '10164 2208885', '123659694', NULL, 'N', NULL, '1', 1, NULL, 1, '2025-09-05 05:26:00', '2025-09-05 05:26:00'),
(151, '34b17ce8-ed83-4ee4-b5b6-c383f9d05bb3', 151, NULL, NULL, NULL, NULL, NULL, NULL, NULL, NULL, 'A', NULL, NULL, NULL, 'sample@therelek.com', '7639848030', NULL, NULL, 'Stores', 'FRVPM9875A', '10165 2208885', '123659695', NULL, 'N', NULL, '1', 1, NULL, 1, '2025-09-05 05:26:00', '2025-09-05 05:26:00'),
(152, 'd2d63b64-d1e9-454a-8d2e-149a3230626e', 152, NULL, NULL, NULL, NULL, NULL, NULL, NULL, NULL, 'A', NULL, NULL, NULL, 'sample@therelek.com', '7639848030', NULL, NULL, 'Stores', 'FRVPM9875A', '10166 2208885', '123659696', NULL, 'N', NULL, '1', 1, NULL, 1, '2025-09-05 05:26:00', '2025-09-05 05:26:00'),
(153, 'ad499146-6704-40a3-acc4-d775e570f19c', 153, NULL, NULL, NULL, NULL, NULL, NULL, NULL, NULL, 'A', NULL, NULL, NULL, 'sample@therelek.com', '7639848030', NULL, NULL, 'Stores', 'FRVPM9875A', '10167 2208885', '123659697', NULL, '1', NULL, '1', 1, NULL, 2, '2025-09-05 05:26:00', '2025-09-08 05:46:08'),
(154, '4e7f4ed2-566f-4037-b2c3-dcc41bcc601c', 154, 'MR', 'MNT', '1900-01-01', NULL, NULL, NULL, NULL, NULL, NULL, NULL, NULL, 'No:3/18,bharathimatha st,', 'n_santhosh_kumar@yahoo.com', '09962356584', NULL, NULL, 'HR Dept', 'ARAS1534R', '1053', '5100415461', '1053', '0', 1, '1', 1, 2, 2, '2025-09-17 07:29:04', '2025-09-17 07:29:04');

-- --------------------------------------------------------

--
-- Table structure for table `employee_tab3`
--

CREATE TABLE `employee_tab3` (
  `id` bigint(20) UNSIGNED NOT NULL,
  `uuid` varchar(255) NOT NULL,
  `employee_id` bigint(20) UNSIGNED NOT NULL,
  `basic` varchar(255) DEFAULT NULL COMMENT 'Contract Tab Details',
  `bohe` varchar(255) DEFAULT NULL,
  `daily_wage` varchar(255) DEFAULT NULL,
  `da` varchar(255) DEFAULT NULL,
  `fda` varchar(255) DEFAULT NULL,
  `hra` varchar(255) DEFAULT NULL,
  `car_allowance` varchar(255) DEFAULT NULL,
  `compensatsatory_allowance` varchar(255) DEFAULT NULL,
  `conveyance` varchar(255) DEFAULT NULL,
  `other_allowance` varchar(255) DEFAULT NULL,
  `medical_allowance` varchar(255) DEFAULT NULL,
  `special_allowance` varchar(255) DEFAULT NULL,
  `supplementary_allowance` varchar(255) DEFAULT NULL,
  `partimer_allowance` varchar(255) DEFAULT NULL,
  `piece_rate` varchar(255) DEFAULT NULL,
  `gross` varchar(255) DEFAULT NULL,
  `incentive` varchar(255) DEFAULT NULL,
  `washing_allowance` varchar(255) DEFAULT NULL,
  `educational_allowance` varchar(255) DEFAULT NULL,
  `daily_batta` varchar(255) DEFAULT NULL,
  `basic_da` varchar(255) DEFAULT NULL,
  `status` tinyint(4) NOT NULL DEFAULT 1,
  `created_by` bigint(20) UNSIGNED DEFAULT NULL,
  `updated_by` bigint(20) UNSIGNED DEFAULT NULL,
  `created_at` timestamp NULL DEFAULT NULL,
  `updated_at` timestamp NULL DEFAULT NULL
) ENGINE=InnoDB DEFAULT CHARSET=utf8mb4 COLLATE=utf8mb4_unicode_ci;

--
-- Dumping data for table `employee_tab3`
--

INSERT INTO `employee_tab3` (`id`, `uuid`, `employee_id`, `basic`, `bohe`, `daily_wage`, `da`, `fda`, `hra`, `car_allowance`, `compensatsatory_allowance`, `conveyance`, `other_allowance`, `medical_allowance`, `special_allowance`, `supplementary_allowance`, `partimer_allowance`, `piece_rate`, `gross`, `incentive`, `washing_allowance`, `educational_allowance`, `daily_batta`, `basic_da`, `status`, `created_by`, `updated_by`, `created_at`, `updated_at`) VALUES
(1, '627b1265-e9e8-496f-941b-07ea0bf12db0', 2, '22700', NULL, NULL, '1600', NULL, '5039', NULL, NULL, '1600', '5039', NULL, NULL, '90', NULL, NULL, '34469', NULL, NULL, '500', NULL, NULL, 1, NULL, 2, '2025-08-04 05:22:22', '2025-08-04 13:25:51'),
(2, 'a7298f27-4d75-4fbc-b42a-ba2acea1c3de', 3, '22700', NULL, NULL, '1600', NULL, '5039', NULL, NULL, '1600', '5039', NULL, NULL, '90', NULL, NULL, '34469', NULL, NULL, '500', NULL, NULL, 1, NULL, 2, '2025-08-04 05:22:22', '2025-08-14 12:31:41'),
(3, '7e7a2628-df8a-4a2c-a0c6-2f0f8ba50771', 4, '22700', NULL, NULL, '1600', NULL, '5039', NULL, NULL, '1600', '5039', NULL, NULL, '90', NULL, NULL, '34469', NULL, NULL, '500', NULL, NULL, 1, NULL, 1, '2025-08-05 06:34:53', '2025-08-05 06:34:53'),
(4, '5ec3904b-e1e6-417f-9f03-11210b9fe7f9', 5, '15000', NULL, NULL, '1600', NULL, '5039', NULL, NULL, '1600', '5039', NULL, NULL, '90', NULL, NULL, '20000', NULL, NULL, '500', NULL, NULL, 1, NULL, 2, '2025-08-05 06:34:53', '2025-08-11 07:32:34'),
(147, '2d268cd6-6262-44bb-9796-4d1369b56d0d', 145, '20517', NULL, NULL, '1446', NULL, '4554', NULL, NULL, '0', '4554', NULL, NULL, '100', NULL, NULL, '57672', NULL, NULL, '0', NULL, NULL, 1, NULL, 2, '2025-09-05 05:25:59', '2025-09-05 06:20:45'),
(148, 'a29716ef-8480-478f-b2b7-8ee32f906f4f', 146, '5447.9', NULL, NULL, '1600', NULL, '5039', NULL, NULL, '1600', '1500', NULL, NULL, '100', NULL, NULL, '54470', NULL, NULL, '500', NULL, NULL, 1, NULL, 1, '2025-09-05 05:25:59', '2025-09-05 05:25:59'),
(149, 'c81e8ccb-01f3-4a57-863a-911b814d0ee2', 147, '5448.9', NULL, NULL, '1600', NULL, '5039', NULL, NULL, '1600', '1500', NULL, NULL, '100', NULL, NULL, '54471', NULL, NULL, '500', NULL, NULL, 1, NULL, 1, '2025-09-05 05:25:59', '2025-09-05 05:25:59'),
(150, '4c707dd0-de56-4d28-881e-247efec5e25d', 148, '5449.9', NULL, NULL, '1600', NULL, '5039', NULL, NULL, '1600', '1500', NULL, NULL, '100', NULL, NULL, '54472', NULL, NULL, '500', NULL, NULL, 1, NULL, 1, '2025-09-05 05:26:00', '2025-09-05 05:26:00'),
(151, '5106c7cc-04fd-4c24-8850-0fbbf762b970', 149, '5450.9', NULL, NULL, '1600', NULL, '5039', NULL, NULL, '1600', '1500', NULL, NULL, '100', NULL, NULL, '54473', NULL, NULL, '500', NULL, NULL, 1, NULL, 1, '2025-09-05 05:26:00', '2025-09-05 05:26:00'),
(152, '4419b0cb-661c-46b2-bcf2-25d9a37cbecd', 150, '5451.9', NULL, NULL, '1600', NULL, '5039', NULL, NULL, '1600', '1500', NULL, NULL, '100', NULL, NULL, '54474', NULL, NULL, '500', NULL, NULL, 1, NULL, 1, '2025-09-05 05:26:00', '2025-09-05 05:26:00'),
(153, '74a26c3c-ee38-4f6d-94d6-004d2fccb38c', 151, '5452.9', NULL, NULL, '1600', NULL, '5039', NULL, NULL, '1600', '1500', NULL, NULL, '100', NULL, NULL, '54475', NULL, NULL, '500', NULL, NULL, 1, NULL, 1, '2025-09-05 05:26:00', '2025-09-05 05:26:00'),
(154, '36ca39f9-85a1-43d0-9a15-7f0c6d922874', 152, '5453.9', NULL, NULL, '1600', NULL, '5039', NULL, NULL, '1600', '1500', NULL, NULL, '100', NULL, NULL, '54476', NULL, NULL, '500', NULL, NULL, 1, NULL, 1, '2025-09-05 05:26:00', '2025-09-05 05:26:00'),
(155, '90c4607d-f8e9-465b-99d9-1c976eed0afe', 153, '5454.9', NULL, NULL, '1600', NULL, '5039', NULL, NULL, '1600', '1500', NULL, NULL, '100', NULL, NULL, '54477', NULL, NULL, '500', NULL, NULL, 1, NULL, 2, '2025-09-05 05:26:00', '2025-09-08 05:46:09'),
(156, '047e3ca4-c662-42f2-bcfd-5bfa26151501', 154, '1500', NULL, NULL, '500', NULL, '1000', NULL, NULL, NULL, NULL, NULL, NULL, NULL, NULL, NULL, '3000', NULL, NULL, NULL, NULL, NULL, 1, 2, 2, '2025-09-17 07:29:38', '2025-09-17 07:29:38');

-- --------------------------------------------------------

--
-- Table structure for table `employee_tab4`
--

CREATE TABLE `employee_tab4` (
  `id` bigint(20) UNSIGNED NOT NULL,
  `uuid` varchar(255) NOT NULL,
  `employee_id` bigint(20) UNSIGNED NOT NULL,
  `extra1` varchar(255) DEFAULT NULL,
  `validation` varchar(255) DEFAULT NULL,
  `bank_name` varchar(255) DEFAULT NULL,
  `bank_acc_num` varchar(255) DEFAULT NULL COMMENT 'Bank Account Number',
  `moderated` varchar(255) DEFAULT NULL,
  `eli_epfe` varchar(255) DEFAULT NULL,
  `eli_esie` varchar(255) DEFAULT NULL,
  `misc_c` varchar(255) DEFAULT NULL,
  `misc_1c` varchar(255) DEFAULT NULL,
  `misc_2c` varchar(255) DEFAULT NULL,
  `misc_3c` varchar(255) DEFAULT NULL,
  `recoverable_round_off` varchar(255) DEFAULT NULL,
  `misc_1n` varchar(255) DEFAULT NULL,
  `misc_2n` varchar(255) DEFAULT NULL,
  `misc_3n` varchar(255) DEFAULT NULL,
  `misc_dt` varchar(255) DEFAULT NULL,
  `misc_1dt` varchar(255) DEFAULT NULL,
  `misc_2dt` varchar(255) DEFAULT NULL,
  `misc_3dt` varchar(255) DEFAULT NULL,
  `status` tinyint(4) NOT NULL DEFAULT 1,
  `created_by` bigint(20) UNSIGNED DEFAULT NULL,
  `updated_by` bigint(20) UNSIGNED DEFAULT NULL,
  `created_at` timestamp NULL DEFAULT NULL,
  `updated_at` timestamp NULL DEFAULT NULL
) ENGINE=InnoDB DEFAULT CHARSET=utf8mb4 COLLATE=utf8mb4_unicode_ci;

--
-- Dumping data for table `employee_tab4`
--

INSERT INTO `employee_tab4` (`id`, `uuid`, `employee_id`, `extra1`, `validation`, `bank_name`, `bank_acc_num`, `moderated`, `eli_epfe`, `eli_esie`, `misc_c`, `misc_1c`, `misc_2c`, `misc_3c`, `recoverable_round_off`, `misc_1n`, `misc_2n`, `misc_3n`, `misc_dt`, `misc_1dt`, `misc_2dt`, `misc_3dt`, `status`, `created_by`, `updated_by`, `created_at`, `updated_at`) VALUES
(1, 'f2db5854-3ad0-448c-87ac-cf76eeb53059', 2, NULL, NULL, 'Union Bank', '33500 25200 60168', NULL, 'Y', 'N', NULL, NULL, NULL, NULL, NULL, NULL, NULL, NULL, NULL, NULL, NULL, NULL, 1, NULL, 2, '2025-08-04 05:22:22', '2025-08-04 13:25:58'),
(2, 'de53c891-a5a7-4713-971b-90a3c7e54e34', 3, NULL, NULL, 'Union Bank', '33500 25200 60168', NULL, 'Y', 'N', NULL, NULL, NULL, NULL, NULL, NULL, NULL, NULL, NULL, NULL, NULL, NULL, 1, NULL, 2, '2025-08-04 05:22:22', '2025-08-14 12:31:46'),
(3, 'b183a451-01dc-4525-b69a-4d81d34afb9a', 4, NULL, NULL, 'Union Bank', '33500 25200 60168', NULL, 'Y', 'N', NULL, NULL, NULL, NULL, NULL, NULL, NULL, NULL, NULL, NULL, NULL, NULL, 1, NULL, 1, '2025-08-05 06:34:53', '2025-08-05 06:34:53'),
(4, '18417fa9-ce06-4f4d-a404-a16a2c22f812', 5, NULL, NULL, 'Union Bank', '33500 25200 60168', NULL, 'Y', 'N', NULL, NULL, NULL, NULL, NULL, NULL, NULL, NULL, NULL, NULL, NULL, NULL, 1, NULL, 2, '2025-08-05 06:34:53', '2025-08-05 07:57:39'),
(147, '65231fc3-e84f-42d5-a01a-983089d62deb', 145, NULL, NULL, NULL, NULL, NULL, 'Y', 'N', NULL, NULL, NULL, NULL, NULL, NULL, NULL, NULL, NULL, NULL, NULL, NULL, 1, NULL, 2, '2025-09-05 05:25:59', '2025-09-05 06:16:58'),
(148, 'ea6809ce-51a3-487f-9d2f-435f9e9f5fbb', 146, NULL, NULL, '', '', NULL, 'Y', 'N', NULL, NULL, NULL, NULL, NULL, NULL, NULL, NULL, NULL, NULL, NULL, NULL, 1, NULL, 1, '2025-09-05 05:25:59', '2025-09-05 05:25:59'),
(149, '3b45bfc0-0d0b-4252-bca4-789b1ff20aa1', 147, NULL, NULL, '', '', NULL, 'Y', 'N', NULL, NULL, NULL, NULL, NULL, NULL, NULL, NULL, NULL, NULL, NULL, NULL, 1, NULL, 1, '2025-09-05 05:25:59', '2025-09-05 05:25:59'),
(150, '18207382-1204-459f-baf6-fcf19229c9c4', 148, NULL, NULL, '', '', NULL, 'Y', 'N', NULL, NULL, NULL, NULL, NULL, NULL, NULL, NULL, NULL, NULL, NULL, NULL, 1, NULL, 1, '2025-09-05 05:26:00', '2025-09-05 05:26:00'),
(151, 'd5822973-5ef1-412e-ac69-c527139855a2', 149, NULL, NULL, '', '', NULL, 'Y', 'N', NULL, NULL, NULL, NULL, NULL, NULL, NULL, NULL, NULL, NULL, NULL, NULL, 1, NULL, 1, '2025-09-05 05:26:00', '2025-09-05 05:26:00'),
(152, 'a7a4e737-bf20-424f-a673-bdcd2956a885', 150, NULL, NULL, '', '', NULL, 'Y', 'N', NULL, NULL, NULL, NULL, NULL, NULL, NULL, NULL, NULL, NULL, NULL, NULL, 1, NULL, 1, '2025-09-05 05:26:00', '2025-09-05 05:26:00'),
(153, '7d7ccc3d-772d-4a0e-adaa-6dbc0ee21c0d', 151, NULL, NULL, '', '', NULL, 'Y', 'N', NULL, NULL, NULL, NULL, NULL, NULL, NULL, NULL, NULL, NULL, NULL, NULL, 1, NULL, 1, '2025-09-05 05:26:00', '2025-09-05 05:26:00'),
(154, 'd7e2c901-4b2a-4642-88cc-970769bcaf0f', 152, NULL, NULL, '', '', NULL, 'Y', 'N', NULL, NULL, NULL, NULL, NULL, NULL, NULL, NULL, NULL, NULL, NULL, NULL, 1, NULL, 1, '2025-09-05 05:26:00', '2025-09-05 05:26:00'),
(155, '939a142a-e332-4a79-a9ce-cb769f319b74', 153, NULL, NULL, NULL, NULL, NULL, 'Y', 'N', NULL, NULL, NULL, NULL, NULL, NULL, NULL, NULL, NULL, NULL, NULL, NULL, 1, NULL, 2, '2025-09-05 05:26:00', '2025-09-08 05:46:11'),
(156, 'da67432b-3775-4a28-900c-1539c2bcd228', 154, NULL, NULL, 'KVB Bank', '4154646464', NULL, 'Y', 'Y', NULL, NULL, NULL, NULL, NULL, NULL, NULL, NULL, NULL, NULL, NULL, NULL, 1, 2, 2, '2025-09-17 07:30:56', '2025-09-17 07:30:56');

-- --------------------------------------------------------

--
-- Table structure for table `employee_tab5`
--

CREATE TABLE `employee_tab5` (
  `id` bigint(20) UNSIGNED NOT NULL,
  `uuid` varchar(255) NOT NULL,
  `employee_id` bigint(20) UNSIGNED NOT NULL,
  `pf_basic_joining` varchar(255) DEFAULT NULL COMMENT 'PF Basic On Joining',
  `pt_jurisdiction_code` bigint(20) UNSIGNED DEFAULT NULL,
  `dob` varchar(255) DEFAULT NULL COMMENT 'Date of Birth',
  `emp_address1` varchar(255) DEFAULT NULL,
  `emp_address2` varchar(255) DEFAULT NULL,
  `emp_address3` varchar(255) DEFAULT NULL,
  `category` varchar(255) DEFAULT NULL,
  `joining_date_esi` varchar(255) DEFAULT NULL,
  `joining_date_epf` varchar(255) DEFAULT NULL,
  `woff` varchar(255) DEFAULT NULL,
  `woff1` varchar(255) DEFAULT NULL,
  `attendance_marker_id` bigint(20) UNSIGNED DEFAULT NULL,
  `woff_marker` varchar(255) DEFAULT NULL,
  `woff_marker1` varchar(255) DEFAULT NULL,
  `prv_emp_pfno` varchar(255) DEFAULT NULL,
  `prv_empyr_pfno` varchar(255) DEFAULT NULL,
  `pf_wages` varchar(255) DEFAULT NULL,
  `prv_emp_epsno` varchar(255) DEFAULT NULL,
  `prv_pf_jurisd` varchar(255) DEFAULT NULL,
  `prv_emp_esino` varchar(255) DEFAULT NULL,
  `prv_empyr_esino` varchar(255) DEFAULT NULL,
  `status` tinyint(4) NOT NULL DEFAULT 1,
  `created_by` bigint(20) UNSIGNED DEFAULT NULL,
  `updated_by` bigint(20) UNSIGNED DEFAULT NULL,
  `created_at` timestamp NULL DEFAULT NULL,
  `updated_at` timestamp NULL DEFAULT NULL
) ENGINE=InnoDB DEFAULT CHARSET=utf8mb4 COLLATE=utf8mb4_unicode_ci;

--
-- Dumping data for table `employee_tab5`
--

INSERT INTO `employee_tab5` (`id`, `uuid`, `employee_id`, `pf_basic_joining`, `pt_jurisdiction_code`, `dob`, `emp_address1`, `emp_address2`, `emp_address3`, `category`, `joining_date_esi`, `joining_date_epf`, `woff`, `woff1`, `attendance_marker_id`, `woff_marker`, `woff_marker1`, `prv_emp_pfno`, `prv_empyr_pfno`, `pf_wages`, `prv_emp_epsno`, `prv_pf_jurisd`, `prv_emp_esino`, `prv_empyr_esino`, `status`, `created_by`, `updated_by`, `created_at`, `updated_at`) VALUES
(1, 'a7370ab0-b566-47df-8eba-2311e34784f7', 2, NULL, NULL, '1996-09-10', 'No1,? Vazha Munusamy Nagar', 'No1,? Vazha Munusamy Nagar', NULL, NULL, '2025-06-16', '2025-06-16', NULL, '1', NULL, '1', '1', '1012 3654 7895', NULL, '29430', NULL, NULL, '1012 3654 7895', NULL, 1, NULL, 2, '2025-08-04 05:22:22', '2025-08-04 13:26:24'),
(2, 'd9d2ab0c-8872-445b-9d3c-e63000bd7ee0', 3, NULL, NULL, '2001-09-10', 'No1,? Vazha Munusamy Nagar', 'No1,? Vazha Munusamy Nagar', NULL, NULL, '2025-06-16', '2025-06-16', '7', '5', NULL, '1', '1', '1012 3654 7895', NULL, '29430', NULL, NULL, '1012 3654 7895', NULL, 1, NULL, 2, '2025-08-04 05:22:22', '2025-08-14 12:32:11'),
(3, '97b79514-cc0d-4b4b-acbf-92e84a5f1b34', 4, NULL, NULL, '1996-09-10', 'No1,? Vazha Munusamy Nagar', 'No1,? Vazha Munusamy Nagar', NULL, '', '2025-06-16', '2025-06-16', 'Thursday', '1', NULL, NULL, NULL, '1012 3654 7895', NULL, '29430', NULL, NULL, '1012 3654 7895', NULL, 1, NULL, 1, '2025-08-05 06:34:53', '2025-08-05 06:34:53'),
(4, '9f22edc4-6943-45ff-850a-d472a1bc9d66', 5, NULL, NULL, '2001-09-10', 'No1,? Vazha Munusamy Nagar', 'No1,? Vazha Munusamy Nagar', NULL, NULL, '2025-06-16', '2025-06-16', '7', '5', NULL, '1', '1', '1012 3654 7895', NULL, '29430', NULL, NULL, '1012 3654 7895', NULL, 1, NULL, 2, '2025-08-05 06:34:53', '2025-08-05 07:57:48'),
(141, '22a6eb10-9fc1-4118-ba5c-bd794bd2c402', 140, NULL, NULL, '2003-06-16', 'Sample#', 'Sample', NULL, '', '2025-06-16', '2025-06-16', 'Thursday', '1', NULL, NULL, NULL, '24', NULL, 'afd', NULL, NULL, '$5', NULL, 1, NULL, 1, '2025-09-04 05:47:13', '2025-09-04 05:47:13'),
(142, 'c2d29938-7489-47cd-994b-a4cadf39d8fc', 141, NULL, NULL, '1995-07-07', 'Sample', 'Sample', NULL, '', '2025-06-16', '2025-06-16', 'Thursday', '1', NULL, NULL, NULL, '', NULL, '', NULL, NULL, '', NULL, 1, NULL, 1, '2025-09-04 05:47:13', '2025-09-04 05:47:13'),
(143, 'ea90c4cc-2811-414d-b9de-3a05bbf7e806', 142, NULL, NULL, '2000-03-28', 'Sample', 'Sample', NULL, '', '2025-06-16', '2025-06-16', 'Thursday', '1', NULL, NULL, NULL, '', NULL, '', NULL, NULL, '', NULL, 1, NULL, 1, '2025-09-04 05:47:13', '2025-09-04 05:47:13'),
(146, '42126d02-c730-4c67-9f39-36052b39e5e7', 145, NULL, NULL, '2003-06-16', 'Sample', 'Sample', NULL, NULL, '2025-06-16', '2025-06-16', NULL, '1', NULL, '1', '1', NULL, NULL, NULL, NULL, NULL, NULL, NULL, 1, NULL, 2, '2025-09-05 05:25:59', '2025-09-05 06:17:00'),
(147, '5ca50cc3-9649-4fe8-959b-8615c49605b6', 146, NULL, NULL, '1995-07-07', 'Sample', 'Sample', NULL, '', '2025-06-16', '2025-06-16', 'Thursday', '1', NULL, NULL, NULL, '', NULL, '', NULL, NULL, '', NULL, 1, NULL, 1, '2025-09-05 05:25:59', '2025-09-05 05:25:59'),
(148, '388412fa-0f70-4d7f-be95-f287f8b07b42', 147, NULL, NULL, '2000-03-28', 'Sample', 'Sample', NULL, '', '2025-06-16', '2025-06-16', 'Thursday', '1', NULL, NULL, NULL, '', NULL, '', NULL, NULL, '', NULL, 1, NULL, 1, '2025-09-05 05:25:59', '2025-09-05 05:25:59'),
(149, 'd825fa99-dc56-4979-8eea-77a881203e01', 148, NULL, NULL, '1991-04-15', 'Sample', 'Sample', NULL, '', '2025-06-16', '2025-06-16', 'Thursday', '1', NULL, NULL, NULL, '', NULL, '', NULL, NULL, '', NULL, 1, NULL, 1, '2025-09-05 05:26:00', '2025-09-05 05:26:00'),
(150, 'c68de1c2-0bd6-44f6-8612-3e6fc4b9482c', 149, NULL, NULL, '1975-11-20', 'Sample', 'Sample', NULL, '', '2025-06-16', '2025-06-16', 'Thursday', '1', NULL, NULL, NULL, '', NULL, '', NULL, NULL, '', NULL, 1, NULL, 1, '2025-09-05 05:26:00', '2025-09-05 05:26:00'),
(151, 'f06a62f1-8880-4744-bdfa-df3dc1ce28e8', 150, NULL, NULL, '1984-06-10', 'Sample', 'Sample', NULL, '', '2025-06-16', '2025-06-16', 'Thursday', '1', NULL, NULL, NULL, '', NULL, '', NULL, NULL, '', NULL, 1, NULL, 1, '2025-09-05 05:26:00', '2025-09-05 05:26:00'),
(152, '81de1d1a-e0fd-43df-9c3a-3c5120cc3d17', 151, NULL, NULL, '2002-12-25', 'Sample', 'Sample', NULL, '', '2025-06-16', '2025-06-16', 'Thursday', '1', NULL, NULL, NULL, '', NULL, '', NULL, NULL, '', NULL, 1, NULL, 1, '2025-09-05 05:26:00', '2025-09-05 05:26:00'),
(153, '9a8f9001-cc96-4e7b-9c0a-3b704a586007', 152, NULL, NULL, '1995-05-29', 'Sample', 'Sample', NULL, '', '2025-06-16', '2025-06-16', 'Thursday', '1', NULL, NULL, NULL, '', NULL, '', NULL, NULL, '', NULL, 1, NULL, 1, '2025-09-05 05:26:00', '2025-09-05 05:26:00'),
(154, '6b0e0f71-684f-45e6-bfb7-8d111648f9e1', 153, NULL, NULL, '1999-04-01', 'Sample', 'Sample', NULL, NULL, '2025-06-16', '2025-06-16', NULL, '1', NULL, '1', '1', NULL, NULL, NULL, NULL, NULL, NULL, NULL, 1, NULL, 2, '2025-09-05 05:26:00', '2025-09-08 05:46:12'),
(155, 'dd74bc63-2318-4453-910e-86549177f9eb', 154, NULL, 3, NULL, NULL, NULL, NULL, NULL, '2025-08-01', '2025-08-01', NULL, '3', 1, '2', '1', NULL, NULL, NULL, NULL, NULL, NULL, NULL, 1, 2, 2, '2025-09-17 07:33:55', '2025-09-17 07:33:55');

-- --------------------------------------------------------

--
-- Table structure for table `employee_tab6`
--

CREATE TABLE `employee_tab6` (
  `id` bigint(20) UNSIGNED NOT NULL,
  `uuid` varchar(255) NOT NULL,
  `employee_id` bigint(20) UNSIGNED NOT NULL,
  `prv_emp_disp` varchar(255) DEFAULT NULL,
  `prv_empyr_esilo` varchar(255) DEFAULT NULL,
  `prv_empyr_name` varchar(255) DEFAULT NULL,
  `prv_empyr_add` varchar(255) DEFAULT NULL,
  `dtoconf` varchar(255) DEFAULT NULL,
  `dtofprob` varchar(255) DEFAULT NULL,
  `prv_dol` varchar(255) DEFAULT NULL,
  `prv_doj` varchar(255) DEFAULT NULL,
  `department` varchar(255) DEFAULT NULL,
  `prv_tlno` varchar(255) DEFAULT NULL,
  `prv_mail` varchar(255) DEFAULT NULL,
  `m_child` varchar(255) DEFAULT NULL,
  `f_child` varchar(255) DEFAULT NULL,
  `clta` varchar(255) DEFAULT NULL,
  `ps_number` varchar(255) DEFAULT NULL,
  `bank_branch` varchar(255) DEFAULT NULL,
  `bank_add` varchar(255) DEFAULT NULL,
  `formatt_period` varchar(255) DEFAULT NULL,
  `upto_at_period` varchar(255) DEFAULT NULL,
  `rul_topay` varchar(255) DEFAULT NULL,
  `rul_not_topay` varchar(255) DEFAULT NULL,
  `uan` varchar(255) DEFAULT NULL,
  `ifsc_code` varchar(255) DEFAULT NULL,
  `status` tinyint(4) NOT NULL DEFAULT 1,
  `created_by` bigint(20) UNSIGNED DEFAULT NULL,
  `updated_by` bigint(20) UNSIGNED DEFAULT NULL,
  `created_at` timestamp NULL DEFAULT NULL,
  `updated_at` timestamp NULL DEFAULT NULL
) ENGINE=InnoDB DEFAULT CHARSET=utf8mb4 COLLATE=utf8mb4_unicode_ci;

--
-- Dumping data for table `employee_tab6`
--

INSERT INTO `employee_tab6` (`id`, `uuid`, `employee_id`, `prv_emp_disp`, `prv_empyr_esilo`, `prv_empyr_name`, `prv_empyr_add`, `dtoconf`, `dtofprob`, `prv_dol`, `prv_doj`, `department`, `prv_tlno`, `prv_mail`, `m_child`, `f_child`, `clta`, `ps_number`, `bank_branch`, `bank_add`, `formatt_period`, `upto_at_period`, `rul_topay`, `rul_not_topay`, `uan`, `ifsc_code`, `status`, `created_by`, `updated_by`, `created_at`, `updated_at`) VALUES
(1, '2fb5afa1-a1a9-4c53-825b-ca5b1a903dd7', 2, NULL, NULL, NULL, NULL, NULL, NULL, NULL, NULL, NULL, NULL, NULL, NULL, NULL, NULL, NULL, 'Thudiyaloor', 'Thudiyaloor', NULL, NULL, NULL, NULL, '101256398', 'ubino5025N', 1, NULL, 2, '2025-08-04 05:22:22', '2025-08-04 13:28:43'),
(2, '5275b216-a136-420c-ba5a-2c13fad03e04', 3, NULL, NULL, NULL, NULL, '16-12-2025', NULL, NULL, NULL, NULL, NULL, NULL, NULL, NULL, NULL, NULL, 'Thudiyaloor', 'Thudiyaloor', NULL, NULL, NULL, NULL, '101256398', 'ubino5025N', 1, NULL, 1, '2025-08-04 05:22:22', '2025-08-04 05:22:22'),
(3, '85500e93-9716-4562-8e1a-abbf5eb63879', 4, NULL, NULL, NULL, NULL, '16-12-2025', NULL, NULL, NULL, NULL, NULL, NULL, NULL, NULL, NULL, NULL, 'Thudiyaloor', 'Thudiyaloor', NULL, NULL, NULL, NULL, '101256398', 'ubino5025N', 1, NULL, 1, '2025-08-05 06:34:53', '2025-08-05 06:34:53'),
(4, 'f863c0b6-9734-4443-932f-1b686b93fcdd', 5, NULL, NULL, NULL, NULL, NULL, NULL, NULL, NULL, NULL, NULL, NULL, NULL, NULL, NULL, NULL, 'Thudiyaloor', 'Thudiyaloor', NULL, NULL, NULL, NULL, '101256398', 'ubino5025N', 1, NULL, 2, '2025-08-05 06:34:53', '2025-08-05 07:58:00'),
(148, '9351de21-f820-4adb-b207-dd0abb1d1715', 145, NULL, NULL, NULL, NULL, NULL, NULL, NULL, NULL, NULL, NULL, NULL, NULL, NULL, NULL, NULL, NULL, NULL, NULL, NULL, NULL, NULL, '458964785', NULL, 1, NULL, 2, '2025-09-05 05:25:59', '2025-09-05 06:17:01'),
(149, '7be33c3f-bf38-409e-81ef-729f6335c172', 146, NULL, NULL, NULL, NULL, '', NULL, NULL, NULL, NULL, NULL, NULL, NULL, NULL, NULL, NULL, '', '', NULL, NULL, NULL, NULL, '458964786', '', 1, NULL, 1, '2025-09-05 05:25:59', '2025-09-05 05:25:59'),
(150, 'cc17f7cc-5d5f-4c06-8261-661264328a95', 147, NULL, NULL, NULL, NULL, '', NULL, NULL, NULL, NULL, NULL, NULL, NULL, NULL, NULL, NULL, '', '', NULL, NULL, NULL, NULL, '458964787', '', 1, NULL, 1, '2025-09-05 05:25:59', '2025-09-05 05:25:59'),
(151, 'f87baa45-886e-4826-b0be-31af5528725e', 148, NULL, NULL, NULL, NULL, '', NULL, NULL, NULL, NULL, NULL, NULL, NULL, NULL, NULL, NULL, '', '', NULL, NULL, NULL, NULL, '458964788', '', 1, NULL, 1, '2025-09-05 05:26:00', '2025-09-05 05:26:00'),
(152, 'eabc8c46-a73c-4f89-93d9-06440f662c3a', 149, NULL, NULL, NULL, NULL, '', NULL, NULL, NULL, NULL, NULL, NULL, NULL, NULL, NULL, NULL, '', '', NULL, NULL, NULL, NULL, '458964789', '', 1, NULL, 1, '2025-09-05 05:26:00', '2025-09-05 05:26:00'),
(153, 'c993d3eb-ed82-4b89-8917-bed90466f037', 150, NULL, NULL, NULL, NULL, '', NULL, NULL, NULL, NULL, NULL, NULL, NULL, NULL, NULL, NULL, '', '', NULL, NULL, NULL, NULL, '458964790', '', 1, NULL, 1, '2025-09-05 05:26:00', '2025-09-05 05:26:00'),
(154, '8aa44860-6def-4966-86c1-5dc3beb29888', 151, NULL, NULL, NULL, NULL, '', NULL, NULL, NULL, NULL, NULL, NULL, NULL, NULL, NULL, NULL, '', '', NULL, NULL, NULL, NULL, '458964791', '', 1, NULL, 1, '2025-09-05 05:26:00', '2025-09-05 05:26:00'),
(155, 'a93371f3-4234-44de-a7d8-109a9047dd0b', 152, NULL, NULL, NULL, NULL, '', NULL, NULL, NULL, NULL, NULL, NULL, NULL, NULL, NULL, NULL, '', '', NULL, NULL, NULL, NULL, '458964792', '', 1, NULL, 1, '2025-09-05 05:26:00', '2025-09-05 05:26:00'),
(156, '5f8f7ad2-b7a8-4ce8-8859-e37f541f2cb7', 153, NULL, NULL, NULL, NULL, NULL, NULL, NULL, NULL, NULL, NULL, NULL, NULL, NULL, NULL, NULL, NULL, NULL, NULL, NULL, NULL, NULL, '458964793', NULL, 1, NULL, 2, '2025-09-05 05:26:00', '2025-09-08 05:46:14'),
(157, '464fe3b2-4163-4839-b36d-723b2df3fc9d', 154, NULL, NULL, NULL, NULL, NULL, NULL, NULL, NULL, NULL, NULL, NULL, NULL, NULL, NULL, NULL, NULL, NULL, NULL, NULL, NULL, NULL, NULL, NULL, 1, 2, 2, '2025-09-17 07:34:02', '2025-09-17 07:34:02');

-- --------------------------------------------------------

--
-- Table structure for table `employee_tab8`
--

CREATE TABLE `employee_tab8` (
  `id` bigint(20) UNSIGNED NOT NULL,
  `uuid` varchar(255) NOT NULL,
  `employee_id` bigint(20) UNSIGNED NOT NULL,
  `name_aadhar` varchar(255) DEFAULT NULL COMMENT 'Name as per Aadhar',
  `name_pan` varchar(255) DEFAULT NULL,
  `name_bank` varchar(255) DEFAULT NULL,
  `name_passport` varchar(255) DEFAULT NULL,
  `name_driving_license` varchar(255) DEFAULT NULL,
  `name_vote_id` varchar(255) DEFAULT NULL,
  `pmrpy_flag` varchar(255) DEFAULT NULL,
  `pmrpy_date` varchar(255) DEFAULT NULL,
  `mobile2` varchar(255) DEFAULT NULL,
  `father_dob` varchar(255) DEFAULT NULL,
  `father_aadhar` varchar(255) DEFAULT NULL,
  `mother_name` varchar(255) DEFAULT NULL,
  `mother_dob` varchar(255) DEFAULT NULL,
  `mother_aadhar` varchar(255) DEFAULT NULL,
  `spouse_dob` varchar(255) DEFAULT NULL,
  `spouse_name` varchar(255) DEFAULT NULL,
  `spouse_aadhar` varchar(255) DEFAULT NULL,
  `child1_name` varchar(255) DEFAULT NULL,
  `child1_dob` varchar(255) DEFAULT NULL,
  `child1_gender` varchar(255) DEFAULT NULL,
  `child1_aadhar` varchar(255) DEFAULT NULL,
  `child2_name` varchar(255) DEFAULT NULL,
  `child2_dob` varchar(255) DEFAULT NULL,
  `child2_gender` varchar(255) DEFAULT NULL,
  `child2_aadhar` varchar(255) DEFAULT NULL,
  `nominee1_name` varchar(255) DEFAULT NULL,
  `nominee1_dob` varchar(255) DEFAULT NULL,
  `nominee1_gender` varchar(255) DEFAULT NULL,
  `nominee2_name` varchar(255) DEFAULT NULL,
  `nominee2_dob` varchar(255) DEFAULT NULL,
  `nominee2_gender` varchar(255) DEFAULT NULL,
  `nominee1_relationship` varchar(255) DEFAULT NULL COMMENT 'Nominee 1 Relationship with the employee',
  `nominee2_relationship` varchar(255) DEFAULT NULL COMMENT 'Nominee 2 Relationship with the employee',
  `monthly_ctc` varchar(255) DEFAULT NULL,
  `annual_ctc` varchar(255) DEFAULT NULL,
  `esi_gross` varchar(255) DEFAULT NULL COMMENT 'Fixed Gross ESI',
  `emp_status` varchar(255) DEFAULT NULL COMMENT 'Employment Status',
  `statutory_bonus` varchar(255) DEFAULT NULL,
  `status` tinyint(4) NOT NULL DEFAULT 1,
  `created_by` bigint(20) UNSIGNED DEFAULT NULL,
  `updated_by` bigint(20) UNSIGNED DEFAULT NULL,
  `created_at` timestamp NULL DEFAULT NULL,
  `updated_at` timestamp NULL DEFAULT NULL
) ENGINE=InnoDB DEFAULT CHARSET=utf8mb4 COLLATE=utf8mb4_unicode_ci;

--
-- Dumping data for table `employee_tab8`
--

INSERT INTO `employee_tab8` (`id`, `uuid`, `employee_id`, `name_aadhar`, `name_pan`, `name_bank`, `name_passport`, `name_driving_license`, `name_vote_id`, `pmrpy_flag`, `pmrpy_date`, `mobile2`, `father_dob`, `father_aadhar`, `mother_name`, `mother_dob`, `mother_aadhar`, `spouse_dob`, `spouse_name`, `spouse_aadhar`, `child1_name`, `child1_dob`, `child1_gender`, `child1_aadhar`, `child2_name`, `child2_dob`, `child2_gender`, `child2_aadhar`, `nominee1_name`, `nominee1_dob`, `nominee1_gender`, `nominee2_name`, `nominee2_dob`, `nominee2_gender`, `nominee1_relationship`, `nominee2_relationship`, `monthly_ctc`, `annual_ctc`, `esi_gross`, `emp_status`, `statutory_bonus`, `status`, `created_by`, `updated_by`, `created_at`, `updated_at`) VALUES
(1, '7ab23a3d-816a-487d-8e01-54de1521418b', 2, 'Aniruth', 'Aniruth', 'Aniruth', 'Aniruth', 'Aniruth', 'Aniruth', NULL, NULL, NULL, '1964-06-16', '1234 564123', 'Geetha', '2025-06-16', '1234 564123', '2025-06-16', 'geetha', '12345 654123', 'Vignesh', '2003-08-23', 'M', '12345 654123', '', '2025-08-04', '', '', '', '2025-08-04', '', NULL, NULL, NULL, NULL, NULL, NULL, NULL, '100', '1', NULL, 1, NULL, 1, '2025-08-04 05:22:22', '2025-08-04 05:22:22'),
(2, 'd3e41ace-d967-4c08-bb07-a610956dc315', 3, 'Aniruth', 'Aniruth', 'Aniruth', 'Aniruth', 'Aniruth', 'Aniruth', NULL, NULL, NULL, '1964-06-16', '1235 564123', 'Geetha', '2025-06-16', '1235 564123', '2025-06-17', 'geetha', '12346 654123', 'Vignesh', '2003-08-23', 'M', '12346 654123', '', '2025-08-04', '', '', '', '2025-08-04', '', NULL, NULL, NULL, NULL, NULL, NULL, NULL, '100', '1', NULL, 1, NULL, 1, '2025-08-04 05:22:22', '2025-08-04 05:22:22'),
(3, '521c08af-a48b-40d7-be92-82294af0a44a', 4, 'Aniruth', 'Aniruth', 'Aniruth', 'Aniruth', 'Aniruth', 'Aniruth', NULL, NULL, NULL, '1964-06-16', '1234 564123', 'Geetha', '2025-06-16', '1234 564123', '2025-06-16', 'geetha', '12345 654123', 'Vignesh', '2003-08-23', 'M', '12345 654123', '', '2025-08-05', '', '', '', '2025-08-05', '', NULL, NULL, NULL, NULL, NULL, NULL, NULL, '100', '1', NULL, 1, NULL, 1, '2025-08-05 06:34:53', '2025-08-05 06:34:53'),
(4, '713bc2e9-6d76-4cd3-a18c-26d391a58775', 5, 'Aniruth', 'Aniruth', 'Aniruth', 'Aniruth', 'Aniruth', 'Aniruth', NULL, NULL, NULL, '1964-06-16', '1235 564123', 'Geetha', '2025-06-16', '1235 564123', '2025-06-17', 'geetha', '12346 654123', 'Vignesh', '2003-08-23', 'M', '12346 654123', NULL, '2025-08-05', NULL, NULL, NULL, '2025-08-05', NULL, NULL, NULL, NULL, NULL, NULL, NULL, NULL, '100', '1', NULL, 1, NULL, 2, '2025-08-05 06:34:53', '2025-08-05 07:58:45'),
(143, '6b62b4ba-debf-45d0-a82c-f0a622ad45f1', 145, NULL, NULL, NULL, NULL, NULL, NULL, NULL, NULL, NULL, '2025-09-05', NULL, NULL, '2025-09-05', NULL, '2025-09-05', NULL, NULL, NULL, '2025-09-05', NULL, NULL, NULL, '2025-09-05', NULL, NULL, NULL, '2025-09-05', NULL, NULL, NULL, NULL, NULL, NULL, NULL, NULL, NULL, '1', NULL, 1, NULL, 2, '2025-09-05 05:25:59', '2025-09-05 06:17:04'),
(144, 'a42e5a24-a742-40cc-bda5-243f2fa7a908', 146, '', '', '', '', '', '', NULL, NULL, NULL, '2025-09-05', '', '', '2025-09-05', '', '2025-09-05', '', '', '', '2025-09-05', '', '', '', '2025-09-05', '', '', '', '2025-09-05', '', NULL, NULL, NULL, NULL, NULL, NULL, NULL, '', '1', NULL, 1, NULL, 1, '2025-09-05 05:25:59', '2025-09-05 05:25:59'),
(145, '4489f658-969a-407f-b6cd-fc0c0fda6916', 147, '', '', '', '', '', '', NULL, NULL, NULL, '2025-09-05', '', '', '2025-09-05', '', '2025-09-05', '', '', '', '2025-09-05', '', '', '', '2025-09-05', '', '', '', '2025-09-05', '', NULL, NULL, NULL, NULL, NULL, NULL, NULL, '', '1', NULL, 1, NULL, 1, '2025-09-05 05:26:00', '2025-09-05 05:26:00'),
(146, 'a7a832cb-a370-4055-b4c4-6870f013125e', 148, '', '', '', '', '', '', NULL, NULL, NULL, '2025-09-05', '', '', '2025-09-05', '', '2025-09-05', '', '', '', '2025-09-05', '', '', '', '2025-09-05', '', '', '', '2025-09-05', '', NULL, NULL, NULL, NULL, NULL, NULL, NULL, '', '1', NULL, 1, NULL, 1, '2025-09-05 05:26:00', '2025-09-05 05:26:00'),
(147, '574de870-f9dc-4f3e-a7b8-71d037985252', 149, '', '', '', '', '', '', NULL, NULL, NULL, '2025-09-05', '', '', '2025-09-05', '', '2025-09-05', '', '', '', '2025-09-05', '', '', '', '2025-09-05', '', '', '', '2025-09-05', '', NULL, NULL, NULL, NULL, NULL, NULL, NULL, '', '1', NULL, 1, NULL, 1, '2025-09-05 05:26:00', '2025-09-05 05:26:00'),
(148, 'b25ee416-8460-42d1-91ad-8c63c968ce60', 150, '', '', '', '', '', '', NULL, NULL, NULL, '2025-09-05', '', '', '2025-09-05', '', '2025-09-05', '', '', '', '2025-09-05', '', '', '', '2025-09-05', '', '', '', '2025-09-05', '', NULL, NULL, NULL, NULL, NULL, NULL, NULL, '', '1', NULL, 1, NULL, 1, '2025-09-05 05:26:00', '2025-09-05 05:26:00'),
(149, '2eb537c8-01f0-4388-9e3f-7a7a68e4a1a7', 151, '', '', '', '', '', '', NULL, NULL, NULL, '2025-09-05', '', '', '2025-09-05', '', '2025-09-05', '', '', '', '2025-09-05', '', '', '', '2025-09-05', '', '', '', '2025-09-05', '', NULL, NULL, NULL, NULL, NULL, NULL, NULL, '', '1', NULL, 1, NULL, 1, '2025-09-05 05:26:00', '2025-09-05 05:26:00'),
(150, '51a996ce-0c60-487a-b0a6-647b9c1134bf', 152, '', '', '', '', '', '', NULL, NULL, NULL, '2025-09-05', '', '', '2025-09-05', '', '2025-09-05', '', '', '', '2025-09-05', '', '', '', '2025-09-05', '', '', '', '2025-09-05', '', NULL, NULL, NULL, NULL, NULL, NULL, NULL, '', '1', NULL, 1, NULL, 1, '2025-09-05 05:26:00', '2025-09-05 05:26:00'),
(151, '0d9858eb-1f05-4d16-ad24-a8fe28b39abc', 153, NULL, NULL, NULL, NULL, NULL, NULL, NULL, NULL, NULL, '2025-09-05', NULL, NULL, '2025-09-05', NULL, '2025-09-05', NULL, NULL, NULL, '2025-09-05', NULL, NULL, NULL, '2025-09-05', NULL, NULL, NULL, '2025-09-05', NULL, NULL, NULL, NULL, NULL, NULL, NULL, NULL, NULL, '1', NULL, 1, NULL, 2, '2025-09-05 05:26:00', '2025-09-08 05:46:17'),
(152, 'e30fd297-ec0a-4ad8-9089-508e733bdf3c', 154, NULL, NULL, NULL, NULL, NULL, NULL, NULL, NULL, NULL, NULL, NULL, NULL, NULL, NULL, NULL, NULL, NULL, NULL, NULL, NULL, NULL, NULL, NULL, NULL, NULL, NULL, NULL, NULL, NULL, NULL, NULL, NULL, NULL, NULL, NULL, NULL, '1', NULL, 1, 2, 2, '2025-09-17 07:34:14', '2025-09-17 07:34:14');

-- --------------------------------------------------------

--
-- Table structure for table `employee_temp_imports`
--

CREATE TABLE `employee_temp_imports` (
  `id` bigint(20) UNSIGNED NOT NULL,
  `data` varchar(255) DEFAULT NULL,
  `client_name` varchar(255) DEFAULT NULL,
  `location` varchar(255) DEFAULT NULL,
  `processed` tinyint(1) NOT NULL DEFAULT 0,
  `created_at` timestamp NULL DEFAULT NULL,
  `updated_at` timestamp NULL DEFAULT NULL
) ENGINE=InnoDB DEFAULT CHARSET=utf8mb4 COLLATE=utf8mb4_unicode_ci;

--
-- Dumping data for table `employee_temp_imports`
--

INSERT INTO `employee_temp_imports` (`id`, `data`, `client_name`, `location`, `processed`, `created_at`, `updated_at`) VALUES
(3, 'employee_import_20250823_142047.csv', '8', '11', 1, '2025-08-23 08:50:47', '2025-08-23 09:15:19'),
(4, 'employee_import_20250903_121322.csv', '8', '11', 1, '2025-09-03 06:43:22', '2025-09-03 07:38:15'),
(5, 'employee_import_20250903_121943.csv', '8', '11', 1, '2025-09-03 06:49:43', '2025-09-03 10:34:31'),
(6, 'employee_import_20250903_134747.csv', '8', '11', 1, '2025-09-03 08:17:47', '2025-09-03 13:11:56'),
(7, 'employee_import_20250903_160409.csv', '8', '11', 1, '2025-09-03 10:34:09', '2025-09-03 13:11:56'),
(8, 'employee_import_20250903_184032.csv', '2', '8', 1, '2025-09-03 13:10:32', '2025-09-03 13:20:09'),
(9, 'employee_import_20250903_184633.csv', '3', '9', 1, '2025-09-03 13:16:33', '2025-09-04 05:47:13'),
(10, 'employee_import_20250904_111510.csv', '8', '11', 1, '2025-09-04 05:45:10', '2025-09-05 05:25:59'),
(11, 'employee_import_20250905_095618.csv', '8', '11', 1, '2025-09-05 04:26:18', '2025-09-05 05:25:59');

-- --------------------------------------------------------

--
-- Table structure for table `emp_status`
--

CREATE TABLE `emp_status` (
  `id` bigint(20) UNSIGNED NOT NULL,
  `uuid` varchar(255) NOT NULL,
  `code` varchar(255) DEFAULT NULL,
  `name` varchar(255) DEFAULT NULL,
  `status` tinyint(4) DEFAULT 1,
  `created_by` bigint(20) UNSIGNED DEFAULT NULL,
  `updated_by` bigint(20) UNSIGNED DEFAULT NULL,
  `created_at` timestamp NULL DEFAULT NULL,
  `updated_at` timestamp NULL DEFAULT NULL
) ENGINE=InnoDB DEFAULT CHARSET=utf8mb4 COLLATE=utf8mb4_unicode_ci;

--
-- Dumping data for table `emp_status`
--

INSERT INTO `emp_status` (`id`, `uuid`, `code`, `name`, `status`, `created_by`, `updated_by`, `created_at`, `updated_at`) VALUES
(1, 'd0644524-0bf9-40be-b3d4-5510c206ee61', '001', 'Confirmed', 1, 2, 2, '2025-06-24 13:41:02', '2025-06-24 13:41:02'),
(3, '2d8424da-2083-45ab-95b3-cfc4bcbb2873', '002', 'Permanent', 1, 2, 2, '2025-07-24 12:21:58', '2025-07-24 12:21:58'),
(4, 'a04f44c7-8d5a-4a70-b5b7-d45a87566f14', '003', 'Trainee', 1, 2, 2, '2025-07-24 12:22:07', '2025-07-24 12:22:07'),
(5, '1042a9d1-4a53-4fd1-8c0b-0d64f18a3868', '004', 'Company Apprentice', 1, 2, 2, '2025-07-24 12:22:22', '2025-07-24 12:22:22'),
(6, 'd5d2c2fc-1500-4118-8bdb-1d942b1a390b', '005', 'Act Apprentice', 1, 2, 2, '2025-07-24 12:22:37', '2025-07-24 12:22:37'),
(7, 'd3eb7230-3d06-43cf-b700-604d2d5f70b1', '006', 'Probationer', 1, 2, 2, '2025-07-24 12:23:25', '2025-07-24 12:23:25'),
(8, '9fa90898-a1b5-4309-9c23-6f83317b71d9', '007', 'Contract', 1, 2, 2, '2025-07-24 12:23:34', '2025-07-24 12:23:34');

-- --------------------------------------------------------

--
-- Table structure for table `enactments`
--

CREATE TABLE `enactments` (
  `id` bigint(20) UNSIGNED NOT NULL,
  `uuid` varchar(255) NOT NULL,
  `code` varchar(255) DEFAULT NULL,
  `name` varchar(255) DEFAULT NULL,
  `comments` text DEFAULT NULL,
  `regreqd` varchar(255) DEFAULT NULL,
  `status` tinyint(4) DEFAULT 1,
  `created_by` bigint(20) UNSIGNED DEFAULT NULL,
  `updated_by` bigint(20) UNSIGNED DEFAULT NULL,
  `created_at` timestamp NULL DEFAULT NULL,
  `updated_at` timestamp NULL DEFAULT NULL
) ENGINE=InnoDB DEFAULT CHARSET=utf8mb4 COLLATE=utf8mb4_unicode_ci;

--
-- Dumping data for table `enactments`
--

INSERT INTO `enactments` (`id`, `uuid`, `code`, `name`, `comments`, `regreqd`, `status`, `created_by`, `updated_by`, `created_at`, `updated_at`) VALUES
(1, 'cb256397-75c5-4552-a9da-a49aea4a9ffc', '001', 'Employees Provident Fund Act', 'NONE', '1', 1, 2, 2, '2025-06-26 13:21:36', '2025-06-26 13:21:36'),
(3, 'c9f84aab-a2ed-41fc-8695-a21bc34cd081', '002', 'Employees State Insurance Act', 'NONE', '1', 1, 2, 2, '2025-07-24 12:50:02', '2025-07-24 12:50:02'),
(4, '2ed8f449-a63e-43ce-8673-4f9945bb6ceb', '003', 'Shops and Establishment Act', 'NONE', '1', 1, 2, 2, '2025-07-24 12:50:29', '2025-07-24 12:50:29'),
(5, '81b8be07-7bb2-4a11-9356-9bfb9529a8fb', '004', 'Factories Act', 'NONE', '1', 1, 2, 2, '2025-07-24 12:50:44', '2025-07-24 12:50:44'),
(6, 'df53f242-be67-4cc0-8aef-9e51c3f2b98c', '005', 'The Maternity Benefit Act', 'NONE', '1', 1, 2, 2, '2025-07-24 12:51:27', '2025-07-24 12:51:27'),
(7, '2dec02a5-a82a-4f2b-a37b-be5169262682', '006', 'Apprentices Act', 'NONE', '1', 1, 2, 2, '2025-07-24 12:52:00', '2025-07-24 12:52:00'),
(8, 'c6cef944-a2e7-46d3-8636-8b2f96fef31c', '007', 'The Catering Establishment Act', 'NONE', '1', 1, 2, 2, '2025-07-24 12:53:03', '2025-07-24 12:53:03');

-- --------------------------------------------------------

--
-- Table structure for table `esi`
--

CREATE TABLE `esi` (
  `id` bigint(20) UNSIGNED NOT NULL,
  `uuid` varchar(255) NOT NULL,
  `code` varchar(255) DEFAULT NULL,
  `employee_percentage` varchar(255) DEFAULT NULL,
  `employer_percentage` varchar(255) DEFAULT NULL,
  `status` tinyint(4) DEFAULT 1,
  `created_by` bigint(20) UNSIGNED DEFAULT NULL,
  `updated_by` bigint(20) UNSIGNED DEFAULT NULL,
  `created_at` timestamp NULL DEFAULT NULL,
  `updated_at` timestamp NULL DEFAULT NULL
) ENGINE=InnoDB DEFAULT CHARSET=utf8mb4 COLLATE=utf8mb4_unicode_ci;

--
-- Dumping data for table `esi`
--

INSERT INTO `esi` (`id`, `uuid`, `code`, `employee_percentage`, `employer_percentage`, `status`, `created_by`, `updated_by`, `created_at`, `updated_at`) VALUES
(1, '77f3b69e-3a03-4e3d-baa7-3d2ddcca1ed6', '001', '12', '12', 1, 2, 2, '2025-06-25 13:39:14', '2025-06-25 13:39:14'),
(3, '5c75da57-1ea7-4b4b-8cd8-eb75895b2e11', '002', '1.75', '4.75', 1, 2, 2, '2025-07-24 12:25:41', '2025-07-24 12:25:41'),
(4, 'c2c75a47-88a1-4b59-bb3f-d865ff84f452', '003', '0.75', '3.25', 1, 2, 2, '2025-07-24 12:25:54', '2025-07-24 12:25:54'),
(5, '765c81e4-b0fc-4294-b5ee-96e41dff9f4e', '004', '9', '9', 1, 2, 2, '2025-07-24 12:26:09', '2025-07-24 12:26:09'),
(6, '5c65b224-8759-4e99-a769-b8845b320566', '005', '9', '9', 1, 2, 2, '2025-07-24 12:26:28', '2025-07-24 12:26:28');

-- --------------------------------------------------------

--
-- Table structure for table `esi_dispensaries`
--

CREATE TABLE `esi_dispensaries` (
  `id` bigint(20) UNSIGNED NOT NULL,
  `uuid` varchar(255) NOT NULL,
  `code` varchar(255) DEFAULT NULL,
  `location` varchar(255) DEFAULT NULL,
  `status` tinyint(4) DEFAULT 1,
  `created_by` bigint(20) UNSIGNED DEFAULT NULL,
  `updated_by` bigint(20) UNSIGNED DEFAULT NULL,
  `created_at` timestamp NULL DEFAULT NULL,
  `updated_at` timestamp NULL DEFAULT NULL
) ENGINE=InnoDB DEFAULT CHARSET=utf8mb4 COLLATE=utf8mb4_unicode_ci;

--
-- Dumping data for table `esi_dispensaries`
--

INSERT INTO `esi_dispensaries` (`id`, `uuid`, `code`, `location`, `status`, `created_by`, `updated_by`, `created_at`, `updated_at`) VALUES
(1, '70fb3b3c-4113-4430-9870-2de61eeafa28', '001', 'KK Nagar', 1, 2, 2, '2025-06-24 12:36:26', '2025-06-24 12:36:26'),
(5, '95839903-38cd-49af-bbd7-bd69de859b61', '003', 'Ambattur', 1, 2, 2, '2025-07-24 12:35:27', '2025-07-24 12:35:27'),
(6, '55639146-b40b-4836-bc82-898fc2cc8b7d', '004', 'Aynavaram', 1, 2, 2, '2025-07-24 12:35:36', '2025-07-24 12:35:36'),
(7, '8d609fc1-4286-4de1-93ef-006d55c8ed3d', '005', 'Tambaram', 1, 2, 2, '2025-07-24 12:36:17', '2025-07-24 12:36:17'),
(8, 'c02b7afe-a28e-4a8b-8365-f8aaa2671f55', '006', 'Mylapore', 1, 2, 2, '2025-07-24 12:36:27', '2025-07-24 12:36:27'),
(9, '8b7152f6-c038-4003-a3f1-e83c91aea0b5', '007', 'Guindy', 1, 2, 2, '2025-07-24 12:36:38', '2025-07-24 12:36:38'),
(10, '12665712-372e-4712-8600-8b1b52e1db79', '008', 'Perambur', 1, 2, 2, '2025-07-24 12:36:53', '2025-07-24 12:36:53');

-- --------------------------------------------------------

--
-- Table structure for table `esi_office`
--

CREATE TABLE `esi_office` (
  `id` bigint(20) UNSIGNED NOT NULL,
  `uuid` varchar(255) NOT NULL,
  `name` varchar(255) DEFAULT NULL,
  `code` varchar(255) DEFAULT NULL,
  `status` tinyint(4) DEFAULT 1,
  `created_by` bigint(20) UNSIGNED DEFAULT NULL,
  `updated_by` bigint(20) UNSIGNED DEFAULT NULL,
  `created_at` timestamp NULL DEFAULT NULL,
  `updated_at` timestamp NULL DEFAULT NULL
) ENGINE=InnoDB DEFAULT CHARSET=utf8mb4 COLLATE=utf8mb4_unicode_ci;

--
-- Dumping data for table `esi_office`
--

INSERT INTO `esi_office` (`id`, `uuid`, `name`, `code`, `status`, `created_by`, `updated_by`, `created_at`, `updated_at`) VALUES
(1, 'de01ed54-0274-42d7-af0d-518e95317e5f', 'Kodambakkam', '0001', 1, 2, 2, '2025-06-24 05:35:25', '2025-06-24 05:35:25'),
(2, '114b88cb-fae0-4674-89d7-1f3b832db30a', 'Mount Road', '002', 1, 2, 2, '2025-07-24 12:23:27', '2025-07-24 12:23:27'),
(3, '444390b7-7f25-4ab4-a7f1-0a0a486a0402', 'Sembium', '003', 1, 2, 2, '2025-07-24 12:23:38', '2025-07-24 12:23:38'),
(4, 'be7dd7c6-805a-4703-8b30-e7837372002e', 'Kondithope', '004', 1, 2, 2, '2025-07-24 12:23:46', '2025-07-24 12:23:46'),
(5, 'cee7eac7-f21e-4c40-9ae6-69bacfd7f901', 'Guindy', '005', 1, 2, 2, '2025-07-24 12:24:11', '2025-07-24 12:24:11'),
(6, 'ce57ac7e-0095-4116-bb8b-e11b7e3fdeb6', 'Avadi', '006', 1, 2, 2, '2025-07-24 12:24:19', '2025-07-24 12:24:19'),
(7, '86a6b3a1-9a1d-4427-925f-5fd70f150fa2', 'VELLORE', '007', 1, 2, 2, '2025-07-24 12:24:27', '2025-07-24 12:24:27'),
(8, '7bb8baa6-0625-433b-96d5-cae090ba255d', 'Ambattur', '008', 1, 2, 2, '2025-07-24 12:25:16', '2025-07-24 12:25:16'),
(9, '7f6e41c4-929e-4d42-97f2-77903858a5a7', 'kilpauk', '009', 1, 2, 2, '2025-08-23 06:44:18', '2025-08-23 06:44:18');

-- --------------------------------------------------------

--
-- Table structure for table `failed_jobs`
--

CREATE TABLE `failed_jobs` (
  `id` bigint(20) UNSIGNED NOT NULL,
  `uuid` varchar(255) NOT NULL,
  `connection` text DEFAULT NULL,
  `queue` text DEFAULT NULL,
  `payload` longtext DEFAULT NULL,
  `exception` longtext DEFAULT NULL,
  `failed_at` timestamp NOT NULL DEFAULT current_timestamp()
) ENGINE=InnoDB DEFAULT CHARSET=utf8mb4 COLLATE=utf8mb4_unicode_ci;

-- --------------------------------------------------------

--
-- Table structure for table `family_relationship`
--

CREATE TABLE `family_relationship` (
  `id` bigint(20) UNSIGNED NOT NULL,
  `uuid` varchar(255) NOT NULL,
  `code` varchar(255) DEFAULT NULL,
  `name` varchar(255) DEFAULT NULL,
  `status` tinyint(4) DEFAULT 1,
  `created_by` bigint(20) UNSIGNED DEFAULT NULL,
  `updated_by` bigint(20) UNSIGNED DEFAULT NULL,
  `created_at` timestamp NULL DEFAULT NULL,
  `updated_at` timestamp NULL DEFAULT NULL
) ENGINE=InnoDB DEFAULT CHARSET=utf8mb4 COLLATE=utf8mb4_unicode_ci;

--
-- Dumping data for table `family_relationship`
--

INSERT INTO `family_relationship` (`id`, `uuid`, `code`, `name`, `status`, `created_by`, `updated_by`, `created_at`, `updated_at`) VALUES
(1, 'bc1c3671-a7b6-4745-a4b8-730b6ba649bf', '001', 'Father', 1, 2, 2, '2025-06-24 12:54:10', '2025-06-24 12:54:10'),
(3, '73bf6fe5-bb1f-46e6-9977-4f32187756e8', '002', 'Mother', 1, 2, 2, '2025-07-24 12:14:13', '2025-07-24 12:14:13'),
(4, '015ca655-d662-4cc3-95d6-2744b9d37e27', '003', 'Husband', 1, 2, 2, '2025-07-24 12:14:22', '2025-07-24 12:14:22'),
(5, 'cd8a177f-aa3a-44c2-bd76-cd0139549cb9', '004', 'Wife', 1, 2, 2, '2025-07-24 12:14:29', '2025-07-24 12:14:29'),
(6, '1b46d840-6198-4f87-a88f-094f3013fc3c', '005', 'Brother', 1, 2, 2, '2025-07-24 12:14:37', '2025-07-24 12:14:37'),
(7, 'd8c7a7b0-844f-40f3-b1b1-383a16964654', '006', 'Sister', 1, 2, 2, '2025-07-24 12:15:02', '2025-07-24 12:15:02'),
(8, '380dee9a-313b-4bbb-8cfb-c414b8b2708c', '007', 'Guardian', 1, 2, 2, '2025-07-24 12:15:31', '2025-07-24 12:15:31');

-- --------------------------------------------------------

--
-- Table structure for table `fire`
--

CREATE TABLE `fire` (
  `id` bigint(20) UNSIGNED NOT NULL,
  `uuid` varchar(255) NOT NULL,
  `code` varchar(255) DEFAULT NULL,
  `name` varchar(255) DEFAULT NULL,
  `status` tinyint(4) DEFAULT 1,
  `created_by` bigint(20) UNSIGNED DEFAULT NULL,
  `updated_by` bigint(20) UNSIGNED DEFAULT NULL,
  `created_at` timestamp NULL DEFAULT NULL,
  `updated_at` timestamp NULL DEFAULT NULL
) ENGINE=InnoDB DEFAULT CHARSET=utf8mb4 COLLATE=utf8mb4_unicode_ci;

--
-- Dumping data for table `fire`
--

INSERT INTO `fire` (`id`, `uuid`, `code`, `name`, `status`, `created_by`, `updated_by`, `created_at`, `updated_at`) VALUES
(2, 'b4dee0ff-29ae-4f53-a41b-fcfe96dceff0', '001', 'Fire Office - Tambaram', 1, 2, 2, '2025-06-24 09:57:57', '2025-06-24 09:57:57'),
(3, '47a28ee8-6252-4e9c-9bb0-1c6b65e5c377', '002', 'Fire Office - Ashok Nagar', 1, 2, 2, '2025-07-24 12:42:10', '2025-07-24 12:42:10'),
(4, 'e434af77-7783-42dc-bf29-e237295886ad', '003', 'Fire Office - Anna Nagar', 1, 2, 2, '2025-07-24 12:42:29', '2025-07-24 12:42:29'),
(5, '219dc20f-a603-4cf3-b232-a4dcd2a9d5c7', '004', 'Fire Office - Adyar Nagar', 1, 2, 2, '2025-07-24 12:42:42', '2025-07-24 12:42:42'),
(6, '531e6038-2bb2-4300-9047-77fb5a559692', '005', 'Fire Office -  Poonamallee Nagar', 1, 2, 2, '2025-07-24 12:43:04', '2025-07-24 12:43:04'),
(7, '276cc6e4-40d0-47ba-b9fb-55a9f12850dc', '006', 'Fire Office - Triplicane Nagar', 1, 2, 2, '2025-07-24 12:44:05', '2025-07-24 12:44:05'),
(8, '80e01f85-cf0c-4730-afcc-104c01ee4d07', '007', 'Fire Office - Royapuram Nagar', 1, 2, 2, '2025-07-24 12:44:19', '2025-07-24 12:44:19');

-- --------------------------------------------------------

--
-- Table structure for table `inspector_of_factories`
--

CREATE TABLE `inspector_of_factories` (
  `id` bigint(20) UNSIGNED NOT NULL,
  `uuid` varchar(255) NOT NULL,
  `code` varchar(255) DEFAULT NULL,
  `location` varchar(255) DEFAULT NULL,
  `status` tinyint(4) DEFAULT 1,
  `created_by` bigint(20) UNSIGNED DEFAULT NULL,
  `updated_by` bigint(20) UNSIGNED DEFAULT NULL,
  `created_at` timestamp NULL DEFAULT NULL,
  `updated_at` timestamp NULL DEFAULT NULL
) ENGINE=InnoDB DEFAULT CHARSET=utf8mb4 COLLATE=utf8mb4_unicode_ci;

--
-- Dumping data for table `inspector_of_factories`
--

INSERT INTO `inspector_of_factories` (`id`, `uuid`, `code`, `location`, `status`, `created_by`, `updated_by`, `created_at`, `updated_at`) VALUES
(1, '3a6a04a0-2fe9-4619-8b4b-a4a553cba9ad', '0001', 'I Division', 1, 2, 2, '2025-06-24 09:24:29', '2025-06-24 09:24:29'),
(3, '86b826da-17d2-45e6-9b08-6316f5f19b93', '002', 'Kanchipuram Division', 1, 2, 2, '2025-07-24 13:02:32', '2025-07-24 13:02:32'),
(4, 'e5e834d4-c6e4-4e37-8a79-387a80e78874', '003', 'Ambattur Division', 1, 2, 2, '2025-07-24 13:02:40', '2025-07-24 13:02:40'),
(5, '8860135d-259f-4a51-aa48-1e90cdc41aa1', '004', 'Thiruvottriyur', 1, 2, 2, '2025-07-24 13:02:49', '2025-07-24 13:02:49'),
(6, '3657106c-16a2-4173-a3a4-cdb010651964', '005', 'Vellore', 1, 2, 2, '2025-07-24 13:03:13', '2025-07-24 13:03:13'),
(7, 'eee2dfd3-32bf-43d7-b1be-7de5312e3dbf', '006', 'Tiruvallur Division', 1, 2, 2, '2025-07-24 13:03:23', '2025-07-24 13:03:23');

-- --------------------------------------------------------

--
-- Table structure for table `inspector_of_labour`
--

CREATE TABLE `inspector_of_labour` (
  `id` bigint(20) UNSIGNED NOT NULL,
  `uuid` varchar(255) NOT NULL,
  `code` varchar(255) DEFAULT NULL,
  `location` varchar(255) DEFAULT NULL,
  `status` tinyint(4) DEFAULT 1,
  `created_by` bigint(20) UNSIGNED DEFAULT NULL,
  `updated_by` bigint(20) UNSIGNED DEFAULT NULL,
  `created_at` timestamp NULL DEFAULT NULL,
  `updated_at` timestamp NULL DEFAULT NULL
) ENGINE=InnoDB DEFAULT CHARSET=utf8mb4 COLLATE=utf8mb4_unicode_ci;

--
-- Dumping data for table `inspector_of_labour`
--

INSERT INTO `inspector_of_labour` (`id`, `uuid`, `code`, `location`, `status`, `created_by`, `updated_by`, `created_at`, `updated_at`) VALUES
(1, '9ec50a9c-63e1-41ec-9fb0-850af39b8e78', '001', 'Circle I', 1, 2, 2, '2025-06-24 11:36:21', '2025-06-24 11:36:21'),
(3, '83d50e3a-a301-4768-b163-529f6c373c99', '002', 'Salem Circle', 1, 2, 2, '2025-07-24 13:03:49', '2025-07-24 13:03:49'),
(4, 'b04dfe69-e778-4286-8211-df2937e18a6c', '003', 'Circle II', 1, 2, 2, '2025-07-24 13:03:58', '2025-07-24 13:03:58'),
(5, '916be3fe-c981-42b5-8dea-92450819e360', '004', 'Circle XVIII', 1, 2, 2, '2025-07-24 13:04:06', '2025-07-24 13:04:06'),
(6, '6d173cf0-2a44-482c-987f-7ec499631739', '005', 'Kancheepuram Circle', 1, 2, 2, '2025-07-24 13:04:13', '2025-07-24 13:04:13'),
(7, 'a90d633f-292f-4446-ae45-e8115f0361dd', '006', 'Circle Tiruvallur', 1, 2, 2, '2025-07-24 13:04:29', '2025-07-24 13:04:29');

-- --------------------------------------------------------

--
-- Table structure for table `jobs`
--

CREATE TABLE `jobs` (
  `id` bigint(20) UNSIGNED NOT NULL,
  `queue` varchar(255) DEFAULT NULL,
  `payload` longtext DEFAULT NULL,
  `attempts` tinyint(3) UNSIGNED DEFAULT NULL,
  `reserved_at` int(10) UNSIGNED DEFAULT NULL,
  `available_at` int(10) UNSIGNED DEFAULT NULL,
  `created_at` int(10) UNSIGNED NOT NULL
) ENGINE=InnoDB DEFAULT CHARSET=utf8mb4 COLLATE=utf8mb4_unicode_ci;

-- --------------------------------------------------------

--
-- Table structure for table `job_batches`
--

CREATE TABLE `job_batches` (
  `id` varchar(255) NOT NULL,
  `name` varchar(255) DEFAULT NULL,
  `total_jobs` int(11) DEFAULT NULL,
  `pending_jobs` int(11) DEFAULT NULL,
  `failed_jobs` int(11) DEFAULT NULL,
  `failed_job_ids` longtext DEFAULT NULL,
  `options` mediumtext DEFAULT NULL,
  `cancelled_at` int(11) DEFAULT NULL,
  `created_at` int(11) NOT NULL,
  `finished_at` int(11) DEFAULT NULL
) ENGINE=InnoDB DEFAULT CHARSET=utf8mb4 COLLATE=utf8mb4_unicode_ci;

-- --------------------------------------------------------

--
-- Table structure for table `kyc_documents`
--

CREATE TABLE `kyc_documents` (
  `id` bigint(20) UNSIGNED NOT NULL,
  `uuid` varchar(255) NOT NULL,
  `description` varchar(255) DEFAULT NULL,
  `code` varchar(255) DEFAULT NULL,
  `status` tinyint(4) DEFAULT 1,
  `created_by` bigint(20) UNSIGNED DEFAULT NULL,
  `updated_by` bigint(20) UNSIGNED DEFAULT NULL,
  `created_at` timestamp NULL DEFAULT NULL,
  `updated_at` timestamp NULL DEFAULT NULL
) ENGINE=InnoDB DEFAULT CHARSET=utf8mb4 COLLATE=utf8mb4_unicode_ci;

-- --------------------------------------------------------

--
-- Table structure for table `location`
--

CREATE TABLE `location` (
  `id` bigint(20) UNSIGNED NOT NULL,
  `uuid` varchar(255) NOT NULL,
  `name` varchar(255) DEFAULT NULL,
  `state_id` bigint(20) UNSIGNED DEFAULT NULL,
  `city_id` bigint(20) UNSIGNED DEFAULT NULL,
  `pincode` varchar(255) DEFAULT NULL,
  `code` varchar(255) DEFAULT NULL,
  `status` tinyint(4) DEFAULT 1,
  `created_by` bigint(20) UNSIGNED DEFAULT NULL,
  `updated_by` bigint(20) UNSIGNED DEFAULT NULL,
  `created_at` timestamp NULL DEFAULT NULL,
  `updated_at` timestamp NULL DEFAULT NULL
) ENGINE=InnoDB DEFAULT CHARSET=utf8mb4 COLLATE=utf8mb4_unicode_ci;

--
-- Dumping data for table `location`
--

INSERT INTO `location` (`id`, `uuid`, `name`, `state_id`, `city_id`, `pincode`, `code`, `status`, `created_by`, `updated_by`, `created_at`, `updated_at`) VALUES
(1, '3f30cd9e-776a-4342-9015-e7334571a764', 'coimbatore', 1, 1, '600001', '001', 1, 2, 2, '2025-06-24 05:33:46', '2025-07-09 06:34:09'),
(2, 'b658379a-ddca-4e79-92f9-90ab58f73f08', 'Nungambakkam', 1, 1, '600034', '002', 1, 2, 2, '2025-07-24 12:03:13', '2025-07-24 12:03:13'),
(3, '0d9af135-4e13-4463-ad38-eae393fcf071', 'Mount Road', 1, 1, '600006', '003', 1, 2, 2, '2025-07-24 12:03:36', '2025-07-24 12:03:36'),
(4, '3e67b624-e664-4fff-a54a-a57e38a9d60c', 'Guindy', 1, 1, '600032', '004', 1, 2, 2, '2025-07-24 12:04:26', '2025-07-24 12:04:26'),
(5, 'b514f160-7ec3-42cc-8926-9ac8b1b9830c', 'Aminjikarai', 1, 1, '600029', '005', 1, 2, 2, '2025-07-24 12:04:51', '2025-07-24 12:04:51'),
(6, '0ed5185e-9d2e-42d9-b5d6-12f65aa3236b', 'Velachery', 1, 1, '600042', '006', 1, 2, 2, '2025-07-24 12:05:17', '2025-07-24 12:05:17'),
(7, '1c0a24d8-85a5-4d51-8344-68afc2efe849', 'Ambattur', 1, 1, '600058', '007', 1, 2, 2, '2025-07-24 12:05:40', '2025-07-24 12:05:40'),
(8, 'dddf4e15-cbbe-4ecc-8898-fe3bc2a7f82c', 'Sriperumbudur', 1, 1, '602105', '008', 1, 2, 2, '2025-07-24 12:06:11', '2025-07-24 12:06:11'),
(9, '78459d4e-dc72-42e7-beac-0329a0cf275f', 'Abiramapuram', 1, 1, '600018', '009', 1, 2, 2, '2025-07-24 12:06:34', '2025-07-24 12:06:34'),
(10, 'a326faaf-d9bc-4a8d-8ee4-e767eab36dbd', 'Adyar', 1, 1, '600020', '010', 1, 2, 2, '2025-07-24 12:07:00', '2025-07-24 12:07:00'),
(11, 'e6a7e55b-d8c5-4ead-ad02-46b2eba3f4a5', 'Pulianthope', 1, 1, '600012', '011', 1, 2, 2, '2025-07-24 12:07:24', '2025-07-24 12:07:24'),
(12, 'f772c0e7-b962-4501-800b-b9c043fe6612', 'Kilpauk', 1, 1, '641014', '012', 1, 2, 2, '2025-08-23 05:02:39', '2025-08-23 05:02:39');

-- --------------------------------------------------------

--
-- Table structure for table `migrations`
--

CREATE TABLE `migrations` (
  `id` int(10) UNSIGNED NOT NULL,
  `migration` varchar(255) DEFAULT NULL,
  `batch` int(11) DEFAULT NULL
) ENGINE=InnoDB DEFAULT CHARSET=utf8mb4 COLLATE=utf8mb4_unicode_ci;

--
-- Dumping data for table `migrations`
--

INSERT INTO `migrations` (`id`, `migration`, `batch`) VALUES
(1, '0001_01_01_000000_create_users_table', 1),
(2, '0001_01_01_000001_create_cache_table', 1),
(3, '0001_01_01_000002_create_jobs_table', 1),
(4, '2025_06_18_082345_create_permission_tables', 1),
(5, '2025_06_18_082422_create_products_table', 1),
(6, '2025_06_20_075523_create_location_table', 1),
(7, '2025_06_20_080235_create_esi_table', 1),
(8, '2025_06_20_080438_create_esi_office_table', 1),
(9, '2025_06_20_080920_create_pf_table', 1),
(10, '2025_06_20_081415_create_pf_jurisdiction_table', 1),
(11, '2025_06_20_081946_create_kam_table', 1),
(12, '2025_06_20_083344_create_attendance_markers_table', 1),
(13, '2025_06_20_091337_create_portion_attendance_table', 1),
(14, '2025_06_20_102203_create_ot_calculations_table', 1),
(15, '2025_06_20_102608_create_pf_groups_table', 1),
(16, '2025_06_20_103230_create_ownership_types_table', 1),
(17, '2025_06_23_082749_create_activity_log_table', 1),
(18, '2025_06_24_124356_create_trade_licence_table', 2),
(19, '2025_06_20_115538_create_inspector_of_factories_table', 3),
(20, '2025_06_20_120106_create_fires_table', 4),
(21, '2025_06_20_120445_create_mw_industries_table', 5),
(22, '2025_06_20_120741_create_mw_zones_table', 6),
(23, '2025_06_20_120956_create_police_table', 7),
(24, '2025_06_20_121435_create_inspector_of_labours_table', 8),
(25, '2025_06_20_130447_create_esi_dispensaries_table', 9),
(26, '2025_06_20_130722_create_family_relationships_table', 10),
(27, '2025_06_20_131515_create_signatories_table', 11),
(28, '2025_06_20_131742_create_emp_statuses_table', 12),
(29, '2025_06_24_191710_create_client_types_table', 13),
(30, '2025_06_24_204826_create_mw_designations_table', 14),
(31, '2025_06_24_204902_create_separation_reasons_table', 14),
(32, '2025_06_24_204923_create_education_details_table', 14),
(33, '2025_06_24_204935_create_states_table', 14),
(38, '2025_06_25_202140_add_column_in_attendance_markers_table', 15),
(40, '2025_06_20_114427_create_tnlwfs_table', 16),
(41, '2025_06_20_115011_create_weekly_offs_table', 17),
(43, '2025_06_20_121733_create_denomination_wcs_table', 18),
(44, '2025_06_20_124258_create_professional_tax_jurisdictions_table', 19),
(45, '2025_06_20_124258_create_professional_tax_slab_table', 20),
(49, '2025_06_20_132328_create_shifts_table', 21),
(50, '2025_06_20_134156_create_enactments_table', 21),
(65, '2025_06_26_171750_create_shift_details_table', 22),
(66, '2025_06_26_171806_create_country_details_table', 22),
(67, '2025_06_26_171838_create_damage_rates_table', 22),
(68, '2025_06_26_171906_create_k_y_c_documents_table', 22),
(69, '2025_06_26_171922_create_vendor_services_table', 22),
(70, '2025_06_26_181218_create_contents_table', 22),
(71, '2025_06_27_104145_create_clra_slab_rates_table', 22),
(72, '2025_06_27_151017_add_state_name_location_table', 23),
(73, '2025_07_01_124421_create_client_location_tab1_table', 23),
(74, '2025_07_01_124423_create_client_tab1s_table', 23),
(75, '2025_07_01_124534_create_client_tab2s_table', 23),
(76, '2025_07_01_124545_create_client_tab3s_table', 23),
(77, '2025_07_01_124555_create_client_tab4s_table', 23),
(78, '2025_07_01_124605_create_client_tab5s_table', 23),
(84, '2025_07_02_120455_create_client_holiday_table', 23),
(85, '2025_07_07_183348_create_authority_table', 24),
(86, '2025_07_07_184612_create_authority_type_table', 24),
(87, '2025_07_01_151956_create_client_location_tab2_table', 25),
(88, '2025_07_01_154801_create_client_location_tab3_table', 25),
(89, '2025_07_01_155357_create_client_location_tab4_table', 25),
(90, '2025_07_01_160336_create_client_location_tab5_table', 25),
(91, '2025_07_01_160422_create_client_location_tab6_table', 25),
(147, '2025_07_10_111135_create_employee_tab1s_table', 26),
(148, '2025_07_10_111443_create_employee_tab2s_table', 26),
(149, '2025_07_10_111449_create_employee_tab3s_table', 26),
(150, '2025_07_10_111456_create_employee_tab4s_table', 26),
(151, '2025_07_10_111500_create_employee_tab5s_table', 26),
(152, '2025_07_10_111504_create_employee_tab6s_table', 26),
(153, '2025_07_10_111511_create_employee_tab7s_table', 26),
(154, '2025_07_10_111516_create_employee_tab8s_table', 26),
(155, '2025_07_24_134323_create_employee_temp_imports_table', 26),
(156, '2025_07_26_143549_create_salary_components_table', 26),
(157, '2025_07_28_115426_add_client_location_to_employee_tab1', 26),
(158, '2025_07_29_132928_create_attendance_temp_import_table', 26),
(159, '2025_07_29_144930_create_employee_salary_types', 26),
(160, '2025_07_29_170105_create_employee_attendance_table', 26),
(161, '2025_07_29_183353_add_s2_code_to_employee_tab1', 26),
(162, '2025_07_29_201300_add_salary_type_to_salary_component_table', 26),
(163, '2025_07_30_111218_create_employee_attendance_days_table', 26),
(164, '2025_07_31_104237_add_client_location_client_location_tab1', 27),
(165, '2025_08_01_171551_add_suplimentry_allowence_employee_tab3_table', 28),
(166, '2025_08_01_173700_add_pf_wages_employee_tab5_table', 28),
(167, '2025_08_02_102932_add_aadhar_employee_tab8_table', 28),
(168, '2025_08_04_153313_create_salary_import_table', 29),
(169, '2025_08_04_153332_create_salary_import_data_table', 29),
(170, '2025_08_04_165653_create_salary_import_component_table', 29),
(171, '2025_08_05_155632_alter_attendance_data_table', 30),
(172, '2025_08_05_220902_alter_salary_import_component_table', 31),
(173, '2025_08_06_205711_alter_employee_attendance_data_table', 32),
(174, '2025_08_08_190251_alter_salary_import_data_table', 33),
(175, '2025_08_09_225345_alter_salary_import_table', 34),
(176, '2025_09_03_153853_alter_employee_tab2_table', 35),
(177, '2025_09_04_175348_create_city_table', 36),
(178, '2025_09_04_200431_alter_location_table', 36),
(179, '2025_09_04_225643_alter_clra_slab_rates_table', 36),
(180, '2025_09_04_231126_alter_authorities_table', 36);

-- --------------------------------------------------------

--
-- Table structure for table `model_has_permissions`
--

CREATE TABLE `model_has_permissions` (
  `permission_id` bigint(20) UNSIGNED NOT NULL,
  `model_type` varchar(255) NOT NULL,
  `model_id` bigint(20) UNSIGNED NOT NULL
) ENGINE=InnoDB DEFAULT CHARSET=utf8mb4 COLLATE=utf8mb4_unicode_ci;

-- --------------------------------------------------------

--
-- Table structure for table `model_has_roles`
--

CREATE TABLE `model_has_roles` (
  `role_id` bigint(20) UNSIGNED NOT NULL,
  `model_type` varchar(255) NOT NULL,
  `model_id` bigint(20) UNSIGNED NOT NULL
) ENGINE=InnoDB DEFAULT CHARSET=utf8mb4 COLLATE=utf8mb4_unicode_ci;

--
-- Dumping data for table `model_has_roles`
--

INSERT INTO `model_has_roles` (`role_id`, `model_type`, `model_id`) VALUES
(1, 'App\\Models\\User', 1),
(1, 'App\\Models\\User', 2);

-- --------------------------------------------------------

--
-- Table structure for table `mw_designations`
--

CREATE TABLE `mw_designations` (
  `id` bigint(20) UNSIGNED NOT NULL,
  `uuid` varchar(255) NOT NULL,
  `name` varchar(255) DEFAULT NULL,
  `code` varchar(255) DEFAULT NULL,
  `status` tinyint(4) DEFAULT 1,
  `created_by` bigint(20) UNSIGNED DEFAULT NULL,
  `updated_by` bigint(20) UNSIGNED DEFAULT NULL,
  `created_at` timestamp NULL DEFAULT NULL,
  `updated_at` timestamp NULL DEFAULT NULL
) ENGINE=InnoDB DEFAULT CHARSET=utf8mb4 COLLATE=utf8mb4_unicode_ci;

--
-- Dumping data for table `mw_designations`
--

INSERT INTO `mw_designations` (`id`, `uuid`, `name`, `code`, `status`, `created_by`, `updated_by`, `created_at`, `updated_at`) VALUES
(1, '5549b6c7-41fa-43de-a486-6a7e61ebddf7', 'unskilled', '001', 1, 2, 2, '2025-06-25 04:11:17', '2025-06-25 04:11:17'),
(3, '119da38a-d7c4-40d4-a4fb-6e5a892d10fc', 'Semi-Skilled', '002', 1, 2, 2, '2025-07-24 11:57:09', '2025-07-24 11:57:09'),
(4, '3b69de7b-7949-4ced-a638-642e3e061194', 'Skilled', '003', 1, 2, 2, '2025-07-24 11:57:23', '2025-07-24 11:57:23'),
(5, '7e25ca34-935c-40f4-b5e5-213af17ca70a', 'Highly Skilled', '004', 1, 2, 2, '2025-07-24 11:57:38', '2025-07-24 11:57:38'),
(6, 'a124c89d-0d13-4b5f-b7f7-46e2d599e885', 'Manager-HR', '005', 1, 2, 2, '2025-07-24 11:57:52', '2025-07-24 11:57:52'),
(7, '8e99f9b4-d53d-4049-9d44-76f3cedbc808', 'Supervisory', '006', 1, 2, 2, '2025-07-24 11:58:47', '2025-07-24 11:58:47'),
(8, '0931b2dd-767f-426c-a572-8c97e53903ac', 'Clerical', '007', 1, 2, 2, '2025-07-24 11:59:30', '2025-07-24 11:59:30');

-- --------------------------------------------------------

--
-- Table structure for table `mw_industry`
--

CREATE TABLE `mw_industry` (
  `id` bigint(20) UNSIGNED NOT NULL,
  `code` varchar(255) DEFAULT NULL,
  `uuid` varchar(255) NOT NULL,
  `name` varchar(255) DEFAULT NULL,
  `status` tinyint(4) DEFAULT 1,
  `created_by` bigint(20) UNSIGNED DEFAULT NULL,
  `updated_by` bigint(20) UNSIGNED DEFAULT NULL,
  `created_at` timestamp NULL DEFAULT NULL,
  `updated_at` timestamp NULL DEFAULT NULL
) ENGINE=InnoDB DEFAULT CHARSET=utf8mb4 COLLATE=utf8mb4_unicode_ci;

--
-- Dumping data for table `mw_industry`
--

INSERT INTO `mw_industry` (`id`, `code`, `uuid`, `name`, `status`, `created_by`, `updated_by`, `created_at`, `updated_at`) VALUES
(1, '001', '0d72d599-5e59-4e64-b789-c4c5a7156f92', 'Shops @ Establsihments', 1, 2, 2, '2025-06-24 10:31:54', '2025-06-24 10:32:09'),
(3, '002', 'fb5bbcab-47ac-44bd-bed0-19c2543cb0d1', 'Catering Establishments', 1, 2, 2, '2025-07-24 12:36:15', '2025-07-24 12:36:15'),
(4, '003', '6cc9e8a3-e168-4e0c-b5dc-a5dd288b9157', 'General Engineering and Fabrication', 1, 2, 2, '2025-07-24 12:36:54', '2025-07-24 12:36:54'),
(5, '004', '88e185c6-daf2-446c-a9ed-16e2a867c05c', 'Agriculture', 1, 2, 2, '2025-07-24 12:41:09', '2025-07-24 12:41:09'),
(6, '005', 'e68b12ff-5102-4e05-aaac-f48725970239', 'Security Services', 1, 2, 2, '2025-07-24 12:41:18', '2025-07-24 12:41:18'),
(7, '006', '79586dac-abf4-4b8e-a23c-c4b0e3ffc2cf', 'Construction Industry', 1, 2, 2, '2025-07-24 12:41:28', '2025-07-24 12:41:28'),
(8, '007', 'b9b36de5-4d43-473c-87a9-a6521c5190ea', 'Mining and Quarrying', 1, 2, 2, '2025-07-24 12:41:37', '2025-07-24 12:41:37');

-- --------------------------------------------------------

--
-- Table structure for table `mw_zone`
--

CREATE TABLE `mw_zone` (
  `id` bigint(20) UNSIGNED NOT NULL,
  `code` varchar(255) DEFAULT NULL,
  `uuid` varchar(255) NOT NULL,
  `name` varchar(255) DEFAULT NULL,
  `status` tinyint(4) DEFAULT 1,
  `created_by` bigint(20) UNSIGNED DEFAULT NULL,
  `updated_by` bigint(20) UNSIGNED DEFAULT NULL,
  `created_at` timestamp NULL DEFAULT NULL,
  `updated_at` timestamp NULL DEFAULT NULL
) ENGINE=InnoDB DEFAULT CHARSET=utf8mb4 COLLATE=utf8mb4_unicode_ci;

--
-- Dumping data for table `mw_zone`
--

INSERT INTO `mw_zone` (`id`, `code`, `uuid`, `name`, `status`, `created_by`, `updated_by`, `created_at`, `updated_at`) VALUES
(2, '001', '95c73994-4d17-4430-960c-e17d3eecc6d5', 'Zone A', 1, 2, 2, '2025-06-24 10:48:47', '2025-06-24 10:48:47'),
(3, '002', '9bf6e919-2cf4-4d38-aca7-666bca0fd117', 'Zone B', 1, 2, 2, '2025-07-24 12:32:42', '2025-07-24 12:32:42'),
(4, '003', '4cfc0d8f-53ce-4bcf-8718-f205b5379b5d', 'Zone C', 1, 2, 2, '2025-07-24 12:32:57', '2025-07-24 12:32:57'),
(5, '004', 'd755d54d-1d0b-4383-85b2-6150ea2b9cce', 'Area A', 1, 2, 2, '2025-07-24 12:34:12', '2025-07-24 12:34:12'),
(6, '005', 'ee26d174-3a32-472a-b9ee-0b01531dee29', 'Area B', 1, 2, 2, '2025-07-24 12:34:19', '2025-07-24 12:34:19'),
(7, '006', 'bbef39b2-34b6-423a-a749-046ffe5a4f1d', 'Area C', 1, 2, 2, '2025-07-24 12:34:34', '2025-07-24 12:34:34');

-- --------------------------------------------------------

--
-- Table structure for table `ot_calculations`
--

CREATE TABLE `ot_calculations` (
  `id` bigint(20) UNSIGNED NOT NULL,
  `uuid` varchar(255) NOT NULL,
  `type` varchar(255) DEFAULT NULL,
  `formula` varchar(255) DEFAULT NULL,
  `status` tinyint(4) DEFAULT 1,
  `created_by` bigint(20) UNSIGNED DEFAULT NULL,
  `updated_by` bigint(20) UNSIGNED DEFAULT NULL,
  `created_at` timestamp NULL DEFAULT NULL,
  `updated_at` timestamp NULL DEFAULT NULL
) ENGINE=InnoDB DEFAULT CHARSET=utf8mb4 COLLATE=utf8mb4_unicode_ci;

--
-- Dumping data for table `ot_calculations`
--

INSERT INTO `ot_calculations` (`id`, `uuid`, `type`, `formula`, `status`, `created_by`, `updated_by`, `created_at`, `updated_at`) VALUES
(1, 'd8b8ebd0-21c6-4a67-ace1-62d5eedd2521', '001', '1', 1, 2, 2, '2025-06-25 11:01:14', '2025-06-25 11:01:14'),
(4, '079c46af-1c15-4fe9-b9a8-548a5f7f5b49', '002', '1', 1, 2, 2, '2025-07-24 12:17:22', '2025-07-24 12:17:22'),
(5, '84804d95-3b2d-4517-bc2f-494b4e30ca2d', '003', '2', 1, 2, 2, '2025-07-24 12:18:07', '2025-07-24 12:18:07'),
(6, '2f12b367-dbb1-4d40-ae68-e49e57d49cf4', '004', '2', 1, 2, 2, '2025-07-24 12:18:16', '2025-07-24 12:18:16'),
(7, '447b5da0-2304-44ef-b8b4-7cf8d77a2c19', '005', '1', 1, 2, 2, '2025-07-24 12:18:22', '2025-07-24 12:18:22'),
(8, '3d492230-f2cf-4f6a-9d90-8273cea224c7', '006', '9', 1, 2, 2, '2025-07-24 12:18:31', '2025-07-24 12:18:31'),
(9, 'ccfda271-6fe9-4a14-835d-72421bf53b57', '007', '9999', 1, 2, 2, '2025-07-24 12:18:40', '2025-07-24 12:18:40');

-- --------------------------------------------------------

--
-- Table structure for table `ownership_types`
--

CREATE TABLE `ownership_types` (
  `id` bigint(20) UNSIGNED NOT NULL,
  `uuid` varchar(255) NOT NULL,
  `type` varchar(255) DEFAULT NULL,
  `name` varchar(255) DEFAULT NULL,
  `status` tinyint(4) DEFAULT 1,
  `created_by` bigint(20) UNSIGNED DEFAULT NULL,
  `updated_by` bigint(20) UNSIGNED DEFAULT NULL,
  `created_at` timestamp NULL DEFAULT NULL,
  `updated_at` timestamp NULL DEFAULT NULL
) ENGINE=InnoDB DEFAULT CHARSET=utf8mb4 COLLATE=utf8mb4_unicode_ci;

--
-- Dumping data for table `ownership_types`
--

INSERT INTO `ownership_types` (`id`, `uuid`, `type`, `name`, `status`, `created_by`, `updated_by`, `created_at`, `updated_at`) VALUES
(1, '063e4950-abca-4c10-9680-ecca4b55cb15', '001', 'Proprietor', 1, 2, 2, '2025-06-24 08:54:03', '2025-06-24 08:55:20'),
(3, '75c64847-cff2-48aa-8944-1bb5ebcdf450', '002', 'Private Limited', 1, 2, 2, '2025-07-24 12:29:21', '2025-07-24 12:29:21'),
(4, '16fa1421-0c2c-431d-aa9c-5f82e48a2a99', '003', 'Public Limited', 1, 2, 2, '2025-07-24 12:29:32', '2025-07-24 12:29:32'),
(5, '3521cc95-5893-43ea-a8cc-d4de17148a38', '004', 'Limited Liability Partnership', 1, 2, 2, '2025-07-24 12:29:41', '2025-07-24 12:29:41'),
(6, '2471c460-7944-4587-afc9-4be67d65bcde', '005', 'Partnership', 1, 2, 2, '2025-07-24 12:29:50', '2025-07-24 12:29:50'),
(7, 'b6bdac2e-f591-4132-bb82-d4d575314261', '006', 'Data Not Available', 1, 2, 2, '2025-07-24 12:30:06', '2025-07-24 12:30:06');

-- --------------------------------------------------------

--
-- Table structure for table `permissions`
--

CREATE TABLE `permissions` (
  `id` bigint(20) UNSIGNED NOT NULL,
  `name` varchar(255) DEFAULT NULL,
  `guard_name` varchar(255) DEFAULT NULL,
  `created_at` timestamp NULL DEFAULT NULL,
  `updated_at` timestamp NULL DEFAULT NULL
) ENGINE=InnoDB DEFAULT CHARSET=utf8mb4 COLLATE=utf8mb4_unicode_ci;

--
-- Dumping data for table `permissions`
--

INSERT INTO `permissions` (`id`, `name`, `guard_name`, `created_at`, `updated_at`) VALUES
(1, 'role-list', 'web', '2025-06-24 05:10:36', '2025-06-24 05:10:36'),
(2, 'role-create', 'web', '2025-06-24 05:10:37', '2025-06-24 05:10:37'),
(3, 'role-edit', 'web', '2025-06-24 05:10:37', '2025-06-24 05:10:37'),
(4, 'role-delete', 'web', '2025-06-24 05:10:37', '2025-06-24 05:10:37'),
(5, 'product-list', 'web', '2025-06-24 05:10:37', '2025-06-24 05:10:37'),
(6, 'product-create', 'web', '2025-06-24 05:10:37', '2025-06-24 05:10:37'),
(7, 'product-edit', 'web', '2025-06-24 05:10:37', '2025-06-24 05:10:37'),
(8, 'product-delete', 'web', '2025-06-24 05:10:37', '2025-06-24 05:10:37'),
(9, 'location-list', 'web', '2025-06-24 05:10:38', '2025-06-24 05:10:38'),
(10, 'location-create', 'web', '2025-06-24 05:10:38', '2025-06-24 05:10:38'),
(11, 'location-edit', 'web', '2025-06-24 05:10:38', '2025-06-24 05:10:38'),
(12, 'location-delete', 'web', '2025-06-24 05:10:38', '2025-06-24 05:10:38'),
(13, 'esioffice-list', 'web', '2025-06-24 05:10:38', '2025-06-24 05:10:38'),
(14, 'esioffice-create', 'web', '2025-06-24 05:10:38', '2025-06-24 05:10:38'),
(15, 'esioffice-edit', 'web', '2025-06-24 05:10:38', '2025-06-24 05:10:38'),
(16, 'esioffice-delete', 'web', '2025-06-24 05:10:38', '2025-06-24 05:10:38'),
(17, 'pfjurisdiction-list', 'web', '2025-06-24 06:09:59', '2025-06-24 06:09:59'),
(18, 'pfjurisdiction-create', 'web', '2025-06-24 06:10:00', '2025-06-24 06:10:00'),
(19, 'pfjurisdiction-edit', 'web', '2025-06-24 06:10:00', '2025-06-24 06:10:00'),
(20, 'pfjurisdiction-delete', 'web', '2025-06-24 06:10:00', '2025-06-24 06:10:00'),
(21, 'InspectorOfLabour-list', 'web', '2025-06-24 06:10:00', '2025-06-24 06:10:00'),
(22, 'InspectorOfLabour-create', 'web', '2025-06-24 06:10:00', '2025-06-24 06:10:00'),
(23, 'InspectorOfLabour-edit', 'web', '2025-06-24 06:10:00', '2025-06-24 06:10:00'),
(24, 'InspectorOfLabour-delete', 'web', '2025-06-24 06:10:00', '2025-06-24 06:10:00'),
(25, 'tradelicence-list', 'web', '2025-06-24 06:10:00', '2025-06-24 06:10:00'),
(26, 'tradelicence-create', 'web', '2025-06-24 06:10:01', '2025-06-24 06:10:01'),
(27, 'tradelicence-edit', 'web', '2025-06-24 06:10:01', '2025-06-24 06:10:01'),
(28, 'tradelicence-delete', 'web', '2025-06-24 06:10:01', '2025-06-24 06:10:01'),
(29, 'ownershiptypes-list', 'web', '2025-06-24 06:10:01', '2025-06-24 06:10:01'),
(30, 'ownershiptypes-create', 'web', '2025-06-24 06:10:01', '2025-06-24 06:10:01'),
(31, 'ownershiptypes-edit', 'web', '2025-06-24 06:10:01', '2025-06-24 06:10:01'),
(32, 'ownershiptypes-delete', 'web', '2025-06-24 06:10:01', '2025-06-24 06:10:01'),
(33, 'fire-list', 'web', '2025-06-24 06:10:01', '2025-06-24 06:10:01'),
(34, 'fire-create', 'web', '2025-06-24 06:10:02', '2025-06-24 06:10:02'),
(35, 'fire-edit', 'web', '2025-06-24 06:10:02', '2025-06-24 06:10:02'),
(36, 'fire-delete', 'web', '2025-06-24 06:10:02', '2025-06-24 06:10:02'),
(37, 'mwindustry-list', 'web', '2025-06-24 06:10:02', '2025-06-24 06:10:02'),
(38, 'mwindustry-create', 'web', '2025-06-24 06:10:02', '2025-06-24 06:10:02'),
(39, 'mwindustry-edit', 'web', '2025-06-24 06:10:02', '2025-06-24 06:10:02'),
(40, 'mwindustry-delete', 'web', '2025-06-24 06:10:02', '2025-06-24 06:10:02'),
(41, 'mwzone-list', 'web', '2025-06-24 06:10:02', '2025-06-24 06:10:02'),
(42, 'mwzone-create', 'web', '2025-06-24 06:10:03', '2025-06-24 06:10:03'),
(43, 'mwzone-edit', 'web', '2025-06-24 06:10:03', '2025-06-24 06:10:03'),
(44, 'mwzone-delete', 'web', '2025-06-24 06:10:03', '2025-06-24 06:10:03'),
(45, 'police-list', 'web', '2025-06-24 06:10:03', '2025-06-24 06:10:03'),
(46, 'police-create', 'web', '2025-06-24 06:10:03', '2025-06-24 06:10:03'),
(47, 'police-edit', 'web', '2025-06-24 06:10:03', '2025-06-24 06:10:03'),
(48, 'police-delete', 'web', '2025-06-24 06:10:03', '2025-06-24 06:10:03'),
(49, 'inspectorOfFactories-list', 'web', '2025-06-24 06:10:03', '2025-06-24 06:10:03'),
(50, 'inspectorOfFactories-create', 'web', '2025-06-24 06:10:03', '2025-06-24 06:10:03'),
(51, 'inspectorOfFactories-edit', 'web', '2025-06-24 06:10:04', '2025-06-24 06:10:04'),
(52, 'inspectorOfFactories-delete', 'web', '2025-06-24 06:10:04', '2025-06-24 06:10:04'),
(53, 'esiDispensaries-list', 'web', '2025-06-24 12:19:51', '2025-06-24 12:19:51'),
(54, 'esiDispensaries-create', 'web', '2025-06-24 12:19:52', '2025-06-24 12:19:52'),
(55, 'esiDispensaries-edit', 'web', '2025-06-24 12:19:52', '2025-06-24 12:19:52'),
(56, 'esiDispensaries-delete', 'web', '2025-06-24 12:19:52', '2025-06-24 12:19:52'),
(57, 'familyRelationship-list', 'web', '2025-06-24 12:19:53', '2025-06-24 12:19:53'),
(58, 'familyRelationship-create', 'web', '2025-06-24 12:19:53', '2025-06-24 12:19:53'),
(59, 'familyRelationship-edit', 'web', '2025-06-24 12:19:53', '2025-06-24 12:19:53'),
(60, 'familyRelationship-delete', 'web', '2025-06-24 12:19:53', '2025-06-24 12:19:53'),
(61, 'signatory-list', 'web', '2025-06-24 12:19:53', '2025-06-24 12:19:53'),
(62, 'signatory-create', 'web', '2025-06-24 12:19:53', '2025-06-24 12:19:53'),
(63, 'signatory-edit', 'web', '2025-06-24 12:19:53', '2025-06-24 12:19:53'),
(64, 'signatory-delete', 'web', '2025-06-24 12:19:54', '2025-06-24 12:19:54'),
(65, 'employeeStatus-list', 'web', '2025-06-24 12:19:54', '2025-06-24 12:19:54'),
(66, 'employeeStatus-create', 'web', '2025-06-24 12:19:54', '2025-06-24 12:19:54'),
(67, 'employeeStatus-edit', 'web', '2025-06-24 12:19:54', '2025-06-24 12:19:54'),
(68, 'employeeStatus-delete', 'web', '2025-06-24 12:19:54', '2025-06-24 12:19:54'),
(69, 'clienttypes-list', 'web', '2025-06-24 12:19:54', '2025-06-24 12:19:54'),
(70, 'clienttypes-create', 'web', '2025-06-24 12:19:54', '2025-06-24 12:19:54'),
(71, 'clienttypes-edit', 'web', '2025-06-24 12:19:54', '2025-06-24 12:19:54'),
(72, 'clienttypes-delete', 'web', '2025-06-24 12:19:55', '2025-06-24 12:19:55'),
(73, 'MWDesignation-list', 'web', '2025-06-24 12:19:55', '2025-06-24 12:19:55'),
(74, 'MWDesignation-create', 'web', '2025-06-24 12:19:55', '2025-06-24 12:19:55'),
(75, 'MWDesignation-edit', 'web', '2025-06-24 12:19:55', '2025-06-24 12:19:55'),
(76, 'MWDesignation-delete', 'web', '2025-06-24 12:19:55', '2025-06-24 12:19:55'),
(77, 'separationReasons-list', 'web', '2025-06-24 12:19:55', '2025-06-24 12:19:55'),
(78, 'separationReasons-create', 'web', '2025-06-24 12:19:56', '2025-06-24 12:19:56'),
(79, 'separationReasons-edit', 'web', '2025-06-24 12:19:56', '2025-06-24 12:19:56'),
(80, 'separationReasons-delete', 'web', '2025-06-24 12:19:56', '2025-06-24 12:19:56'),
(81, 'educationDeatails-list', 'web', '2025-06-24 12:19:56', '2025-06-24 12:19:56'),
(82, 'educationDeatails-create', 'web', '2025-06-24 12:19:56', '2025-06-24 12:19:56'),
(83, 'educationDeatails-edit', 'web', '2025-06-24 12:19:56', '2025-06-24 12:19:56'),
(84, 'educationDeatails-delete', 'web', '2025-06-24 12:19:56', '2025-06-24 12:19:56'),
(85, 'state-list', 'web', '2025-06-24 12:19:56', '2025-06-24 12:19:56'),
(86, 'state-create', 'web', '2025-06-24 12:19:56', '2025-06-24 12:19:56'),
(87, 'state-edit', 'web', '2025-06-24 12:19:56', '2025-06-24 12:19:56'),
(88, 'state-delete', 'web', '2025-06-24 12:19:57', '2025-06-24 12:19:57'),
(89, 'kam-list', 'web', '2025-06-25 10:53:01', '2025-06-25 10:53:01'),
(90, 'kam-create', 'web', '2025-06-25 10:53:01', '2025-06-25 10:53:01'),
(91, 'kam-edit', 'web', '2025-06-25 10:53:01', '2025-06-25 10:53:01'),
(92, 'kam-delete', 'web', '2025-06-25 10:53:01', '2025-06-25 10:53:01'),
(93, 'pf-list', 'web', '2025-06-25 10:53:01', '2025-06-25 10:53:01'),
(94, 'pf-create', 'web', '2025-06-25 10:53:01', '2025-06-25 10:53:01'),
(95, 'pf-edit', 'web', '2025-06-25 10:53:01', '2025-06-25 10:53:01'),
(96, 'pf-delete', 'web', '2025-06-25 10:53:01', '2025-06-25 10:53:01'),
(97, 'ot-calculation-list', 'web', '2025-06-25 10:53:01', '2025-06-25 10:53:01'),
(98, 'ot-calculation-create', 'web', '2025-06-25 10:53:01', '2025-06-25 10:53:01'),
(99, 'ot-calculation-edit', 'web', '2025-06-25 10:53:01', '2025-06-25 10:53:01'),
(100, 'ot-calculation-delete', 'web', '2025-06-25 10:53:01', '2025-06-25 10:53:01'),
(101, 'PFGroup-list', 'web', '2025-06-25 10:53:01', '2025-06-25 10:53:01'),
(102, 'PFGroup-create', 'web', '2025-06-25 10:53:01', '2025-06-25 10:53:01'),
(103, 'PFGroup-edit', 'web', '2025-06-25 10:53:01', '2025-06-25 10:53:01'),
(104, 'PFGroup-delete', 'web', '2025-06-25 10:53:01', '2025-06-25 10:53:01'),
(105, 'attendancemarker-list', 'web', '2025-06-25 10:53:01', '2025-06-25 10:53:01'),
(106, 'attendancemarker-create', 'web', '2025-06-25 10:53:01', '2025-06-25 10:53:01'),
(107, 'attendancemarker-edit', 'web', '2025-06-25 10:53:01', '2025-06-25 10:53:01'),
(108, 'attendancemarker-delete', 'web', '2025-06-25 10:53:01', '2025-06-25 10:53:01'),
(109, 'esi-list', 'web', '2025-06-25 10:53:01', '2025-06-25 10:53:01'),
(110, 'esi-create', 'web', '2025-06-25 10:53:01', '2025-06-25 10:53:01'),
(111, 'esi-edit', 'web', '2025-06-25 10:53:01', '2025-06-25 10:53:01'),
(112, 'esi-delete', 'web', '2025-06-25 10:53:01', '2025-06-25 10:53:01'),
(113, 'portionAttendance-list', 'web', '2025-06-26 06:15:15', '2025-06-26 06:15:15'),
(114, 'portionAttendance-create', 'web', '2025-06-26 06:15:15', '2025-06-26 06:15:15'),
(115, 'portionAttendance-edit', 'web', '2025-06-26 06:15:16', '2025-06-26 06:15:16'),
(116, 'portionAttendance-delete', 'web', '2025-06-26 06:15:16', '2025-06-26 06:15:16'),
(117, 'tnlwf-list', 'web', '2025-06-26 06:15:16', '2025-06-26 06:15:16'),
(118, 'tnlwf-create', 'web', '2025-06-26 06:15:16', '2025-06-26 06:15:16'),
(119, 'tnlwf-edit', 'web', '2025-06-26 06:15:16', '2025-06-26 06:15:16'),
(120, 'tnlwf-delete', 'web', '2025-06-26 06:15:16', '2025-06-26 06:15:16'),
(121, 'weeklyOffs-list', 'web', '2025-06-26 06:15:16', '2025-06-26 06:15:16'),
(122, 'weeklyOffs-create', 'web', '2025-06-26 06:15:16', '2025-06-26 06:15:16'),
(123, 'weeklyOffs-edit', 'web', '2025-06-26 06:15:16', '2025-06-26 06:15:16'),
(124, 'weeklyOffs-delete', 'web', '2025-06-26 06:15:16', '2025-06-26 06:15:16'),
(125, 'denominationWageCalculation-list', 'web', '2025-06-26 06:15:16', '2025-06-26 06:15:16'),
(126, 'denominationWageCalculation-create', 'web', '2025-06-26 06:15:16', '2025-06-26 06:15:16'),
(127, 'denominationWageCalculation-edit', 'web', '2025-06-26 06:15:16', '2025-06-26 06:15:16'),
(128, 'denominationWageCalculation-delete', 'web', '2025-06-26 06:15:16', '2025-06-26 06:15:16'),
(129, 'professionalTaxJurisdiction-list', 'web', '2025-06-26 06:15:16', '2025-06-26 06:15:16'),
(130, 'professionalTaxJurisdiction-create', 'web', '2025-06-26 06:15:16', '2025-06-26 06:15:16'),
(131, 'professionalTaxJurisdiction-edit', 'web', '2025-06-26 06:15:16', '2025-06-26 06:15:16'),
(132, 'professionalTaxJurisdiction-delete', 'web', '2025-06-26 06:15:16', '2025-06-26 06:15:16'),
(133, 'professionalTaxSlab-list', 'web', '2025-06-26 06:15:16', '2025-06-26 06:15:16'),
(134, 'professionalTaxSlab-create', 'web', '2025-06-26 06:15:16', '2025-06-26 06:15:16'),
(135, 'professionalTaxSlab-edit', 'web', '2025-06-26 06:15:16', '2025-06-26 06:15:16'),
(136, 'professionalTaxSlab-delete', 'web', '2025-06-26 06:15:16', '2025-06-26 06:15:16'),
(137, 'shifts-list', 'web', '2025-06-26 06:15:16', '2025-06-26 06:15:16'),
(138, 'shifts-create', 'web', '2025-06-26 06:15:16', '2025-06-26 06:15:16'),
(139, 'shifts-edit', 'web', '2025-06-26 06:15:16', '2025-06-26 06:15:16'),
(140, 'shifts-delete', 'web', '2025-06-26 06:15:16', '2025-06-26 06:15:16'),
(141, 'enactments-list', 'web', '2025-06-26 06:15:16', '2025-06-26 06:15:16'),
(142, 'enactments-create', 'web', '2025-06-26 06:15:16', '2025-06-26 06:15:16'),
(143, 'enactments-edit', 'web', '2025-06-26 06:15:16', '2025-06-26 06:15:16'),
(144, 'enactments-delete', 'web', '2025-06-26 06:15:16', '2025-06-26 06:15:16'),
(145, 'contents-list', 'web', '2025-06-26 06:15:16', '2025-06-26 06:15:16'),
(146, 'contents-create', 'web', '2025-06-26 06:15:16', '2025-06-26 06:15:16'),
(147, 'contents-edit', 'web', '2025-06-26 06:15:16', '2025-06-26 06:15:16'),
(148, 'contents-delete', 'web', '2025-06-26 06:15:17', '2025-06-26 06:15:17'),
(149, 'shiftDetails-list', 'web', '2025-06-26 13:56:08', '2025-06-26 13:56:08'),
(150, 'shiftDetails-create', 'web', '2025-06-26 13:56:08', '2025-06-26 13:56:08'),
(151, 'shiftDetails-edit', 'web', '2025-06-26 13:56:09', '2025-06-26 13:56:09'),
(152, 'shiftDetails-delete', 'web', '2025-06-26 13:56:09', '2025-06-26 13:56:09'),
(153, 'countryDetails-list', 'web', '2025-06-26 13:56:09', '2025-06-26 13:56:09'),
(154, 'countryDetails-create', 'web', '2025-06-26 13:56:09', '2025-06-26 13:56:09'),
(155, 'countryDetails-edit', 'web', '2025-06-26 13:56:09', '2025-06-26 13:56:09'),
(156, 'countryDetails-delete', 'web', '2025-06-26 13:56:09', '2025-06-26 13:56:09'),
(157, 'kycDocument-list', 'web', '2025-06-26 13:56:09', '2025-06-26 13:56:09'),
(158, 'kycDocument-create', 'web', '2025-06-26 13:56:09', '2025-06-26 13:56:09'),
(159, 'kycDocument-edit', 'web', '2025-06-26 13:56:09', '2025-06-26 13:56:09'),
(160, 'kycDocument-delete', 'web', '2025-06-26 13:56:09', '2025-06-26 13:56:09'),
(161, 'damageRates-list', 'web', '2025-06-26 13:56:09', '2025-06-26 13:56:09'),
(162, 'damageRates-create', 'web', '2025-06-26 13:56:09', '2025-06-26 13:56:09'),
(163, 'damageRates-edit', 'web', '2025-06-26 13:56:09', '2025-06-26 13:56:09'),
(164, 'damageRates-delete', 'web', '2025-06-26 13:56:09', '2025-06-26 13:56:09'),
(165, 'vendorService-list', 'web', '2025-06-26 13:56:09', '2025-06-26 13:56:09'),
(166, 'vendorService-create', 'web', '2025-06-26 13:56:09', '2025-06-26 13:56:09'),
(167, 'vendorService-edit', 'web', '2025-06-26 13:56:09', '2025-06-26 13:56:09'),
(168, 'vendorService-delete', 'web', '2025-06-26 13:56:09', '2025-06-26 13:56:09'),
(173, 'CLRASlabRate-list', 'web', '2025-07-02 07:18:30', '2025-07-02 07:18:30'),
(174, 'CLRASlabRate-create', 'web', '2025-07-02 07:18:30', '2025-07-02 07:18:30'),
(175, 'CLRASlabRate-edit', 'web', '2025-07-02 07:18:30', '2025-07-02 07:18:30'),
(176, 'CLRASlabRate-delete', 'web', '2025-07-02 07:18:30', '2025-07-02 07:18:30'),
(177, 'clients-list', 'web', '2025-07-02 07:18:30', '2025-07-02 07:18:30'),
(178, 'clients-create', 'web', '2025-07-02 07:18:30', '2025-07-02 07:18:30'),
(179, 'clients-edit', 'web', '2025-07-02 07:18:30', '2025-07-02 07:18:30'),
(180, 'clients-delete', 'web', '2025-07-02 07:18:30', '2025-07-02 07:18:30'),
(181, 'clientHoliday-list', 'web', '2025-07-02 07:18:30', '2025-07-02 07:18:30'),
(182, 'clientHoliday-create', 'web', '2025-07-02 07:18:30', '2025-07-02 07:18:30'),
(183, 'clientHoliday-edit', 'web', '2025-07-02 07:18:30', '2025-07-02 07:18:30'),
(184, 'clientHoliday-delete', 'web', '2025-07-02 07:18:30', '2025-07-02 07:18:30'),
(185, 'clientLocation-list', 'web', '2025-07-09 06:31:57', '2025-07-09 06:31:57'),
(186, 'clientLocation-create', 'web', '2025-07-09 06:31:57', '2025-07-09 06:31:57'),
(187, 'clientLocation-edit', 'web', '2025-07-09 06:31:57', '2025-07-09 06:31:57'),
(188, 'clientLocation-delete', 'web', '2025-07-09 06:31:57', '2025-07-09 06:31:57'),
(189, 'authority-list', 'web', '2025-07-09 06:31:57', '2025-07-09 06:31:57'),
(190, 'authority-create', 'web', '2025-07-09 06:31:57', '2025-07-09 06:31:57'),
(191, 'authority-edit', 'web', '2025-07-09 06:31:57', '2025-07-09 06:31:57'),
(192, 'authority-delete', 'web', '2025-07-09 06:31:57', '2025-07-09 06:31:57'),
(193, 'employee-list', 'web', '2025-07-24 11:10:29', '2025-07-24 11:10:29'),
(194, 'employee-create', 'web', '2025-07-24 11:10:29', '2025-07-24 11:10:29'),
(195, 'employee-edit', 'web', '2025-07-24 11:10:29', '2025-07-24 11:10:29'),
(196, 'employee-delete', 'web', '2025-07-24 11:10:29', '2025-07-24 11:10:29'),
(197, 'attendance-list', 'web', '2025-07-28 07:40:43', '2025-07-28 07:40:43'),
(198, 'attendance-create', 'web', '2025-07-28 07:40:43', '2025-07-28 07:40:43'),
(199, 'attendance-edit', 'web', '2025-07-28 07:40:43', '2025-07-28 07:40:43'),
(200, 'attendance-delete', 'web', '2025-07-28 07:40:43', '2025-07-28 07:40:43'),
(201, 'attendance-import', 'web', '2025-07-28 07:40:43', '2025-07-28 07:40:43'),
(202, 'employee-view', 'web', '2025-07-30 12:28:00', '2025-07-30 12:28:00'),
(203, 'clients-view', 'web', '2025-07-30 12:28:00', '2025-07-30 12:28:00'),
(228, 'salarycomponents-index', 'web', '2025-08-04 12:24:12', '2025-08-04 12:24:12'),
(229, 'salarycomponents-create', 'web', '2025-08-04 12:24:12', '2025-08-04 12:24:12'),
(230, 'salarycomponents-edit', 'web', '2025-08-04 12:24:12', '2025-08-04 12:24:12'),
(231, 'salarycomponents-delete', 'web', '2025-08-04 12:24:12', '2025-08-04 12:24:12'),
(232, 'salaryImport-list', 'web', '2025-08-04 12:24:12', '2025-08-04 12:24:12'),
(233, 'salaryImport-create', 'web', '2025-08-04 12:24:12', '2025-08-04 12:24:12'),
(234, 'salaryImport-edit', 'web', '2025-08-04 12:24:12', '2025-08-04 12:24:12'),
(235, 'salaryImport-delete', 'web', '2025-08-04 12:24:12', '2025-08-04 12:24:12'),
(236, 'salaryImport-import', 'web', '2025-08-04 12:24:12', '2025-08-04 12:24:12'),
(237, 'esipfprocessing-list', 'web', '2025-08-09 17:59:38', '2025-08-09 17:59:38'),
(238, 'esipfprocessing-process', 'web', '2025-08-09 17:59:38', '2025-08-09 17:59:38'),
(239, 'city-list', 'web', '2025-09-05 06:02:41', '2025-09-05 06:02:41'),
(240, 'city-create', 'web', '2025-09-05 06:02:41', '2025-09-05 06:02:41'),
(241, 'city-edit', 'web', '2025-09-05 06:02:41', '2025-09-05 06:02:41'),
(242, 'city-delete', 'web', '2025-09-05 06:02:41', '2025-09-05 06:02:41');

-- --------------------------------------------------------

--
-- Table structure for table `pf`
--

CREATE TABLE `pf` (
  `id` bigint(20) UNSIGNED NOT NULL,
  `uuid` varchar(255) NOT NULL,
  `code` varchar(255) DEFAULT NULL,
  `pf_description` varchar(255) DEFAULT NULL,
  `employee_percentage` varchar(255) DEFAULT NULL,
  `employer_percentage` varchar(255) DEFAULT NULL,
  `administration_percentage` varchar(255) DEFAULT NULL,
  `employee_cap_wages` varchar(255) DEFAULT NULL,
  `employer_cap_wages` varchar(255) DEFAULT NULL,
  `status` tinyint(4) DEFAULT 1,
  `created_by` bigint(20) UNSIGNED DEFAULT NULL,
  `updated_by` bigint(20) UNSIGNED DEFAULT NULL,
  `created_at` timestamp NULL DEFAULT NULL,
  `updated_at` timestamp NULL DEFAULT NULL
) ENGINE=InnoDB DEFAULT CHARSET=utf8mb4 COLLATE=utf8mb4_unicode_ci;

--
-- Dumping data for table `pf`
--

INSERT INTO `pf` (`id`, `uuid`, `code`, `pf_description`, `employee_percentage`, `employer_percentage`, `administration_percentage`, `employee_cap_wages`, `employer_cap_wages`, `status`, `created_by`, `updated_by`, `created_at`, `updated_at`) VALUES
(1, '515852ef-3656-4c8c-9c1b-707feeab6a11', '001', 'PF 12%', '12', '12', '1', '6500', '6500', 1, 2, 2, '2025-07-09 06:34:35', '2025-07-09 06:34:35'),
(2, '589d87c6-94be-498b-b355-d96d6c113eca', '002', 'Operations Manager', '12', '12', '1', '6500', '6500', 1, 2, 2, '2025-07-24 12:12:57', '2025-07-24 12:12:57'),
(3, 'd98aa8c8-7fe8-4ddc-8b51-fb98d5413a5a', '003', 'HR Executive', '12', '12', '1', '99999999', '6500', 1, 2, 2, '2025-07-24 12:13:42', '2025-07-24 12:13:42'),
(4, 'ac2f3f4b-4b4b-4bb7-a19b-b94d1caca1cb', '004', 'Sales Manager', '12', '12', '1', '99999999', '99999999', 1, 2, 2, '2025-07-24 12:14:55', '2025-07-24 12:14:55'),
(5, 'cc906bc1-6135-4939-97e9-424ce2da69b0', '005', 'Logistics Coordinator', '12', '12', '1', '767363', '767363', 1, 2, 2, '2025-07-24 12:15:44', '2025-07-24 12:15:44');

-- --------------------------------------------------------

--
-- Table structure for table `pf_groups`
--

CREATE TABLE `pf_groups` (
  `id` bigint(20) UNSIGNED NOT NULL,
  `uuid` varchar(255) NOT NULL,
  `jurisdisction_id` bigint(20) UNSIGNED DEFAULT NULL,
  `code` varchar(255) DEFAULT NULL,
  `name` varchar(255) DEFAULT NULL,
  `status` tinyint(4) DEFAULT 1,
  `created_by` bigint(20) UNSIGNED DEFAULT NULL,
  `updated_by` bigint(20) UNSIGNED DEFAULT NULL,
  `created_at` timestamp NULL DEFAULT NULL,
  `updated_at` timestamp NULL DEFAULT NULL
) ENGINE=InnoDB DEFAULT CHARSET=utf8mb4 COLLATE=utf8mb4_unicode_ci;

--
-- Dumping data for table `pf_groups`
--

INSERT INTO `pf_groups` (`id`, `uuid`, `jurisdisction_id`, `code`, `name`, `status`, `created_by`, `updated_by`, `created_at`, `updated_at`) VALUES
(1, 'dd109927-2b49-4f09-a30d-46e77080c709', 1, '001', '1', 1, 2, 2, '2025-06-25 13:13:08', '2025-06-25 13:13:08'),
(3, '389a11d2-8478-4ac7-bd20-bf9280d3090c', 3, '002', '2', 1, 2, 2, '2025-07-24 12:21:58', '2025-07-24 12:21:58'),
(4, 'ddb290b2-a449-423a-b5d2-78461da53d59', 7, '003', '3', 1, 2, 2, '2025-07-24 12:22:11', '2025-07-24 12:22:11'),
(5, 'ad4dd7df-f139-4bec-ae85-5bc5fa699b3a', 6, '004', '4', 1, 2, 2, '2025-07-24 12:22:25', '2025-07-24 12:22:25'),
(6, '938729d9-1db4-4951-bd3f-4d5d5e61620e', 6, '005', '5', 1, 2, 2, '2025-07-24 12:22:42', '2025-07-24 12:22:42');

-- --------------------------------------------------------

--
-- Table structure for table `pf_jurisdiction`
--

CREATE TABLE `pf_jurisdiction` (
  `id` bigint(20) UNSIGNED NOT NULL,
  `uuid` varchar(255) NOT NULL,
  `name` varchar(255) DEFAULT NULL,
  `code` varchar(255) DEFAULT NULL,
  `status` tinyint(4) DEFAULT 1,
  `created_by` bigint(20) UNSIGNED DEFAULT NULL,
  `updated_by` bigint(20) UNSIGNED DEFAULT NULL,
  `created_at` timestamp NULL DEFAULT NULL,
  `updated_at` timestamp NULL DEFAULT NULL
) ENGINE=InnoDB DEFAULT CHARSET=utf8mb4 COLLATE=utf8mb4_unicode_ci;

--
-- Dumping data for table `pf_jurisdiction`
--

INSERT INTO `pf_jurisdiction` (`id`, `uuid`, `name`, `code`, `status`, `created_by`, `updated_by`, `created_at`, `updated_at`) VALUES
(1, '51f7c684-e8d1-4253-b8d6-2519b39b287a', 'Employees Provident Fund Office,Royapettah,Chennai', '001', 1, 2, 2, '2025-06-24 07:00:11', '2025-06-24 07:00:11'),
(3, 'b9794e22-547a-4d06-91d3-aa4198ba8548', 'Employees Provident Fund Office,Tambaram,Chennai', '002', 1, 2, 2, '2025-07-24 11:52:42', '2025-07-24 11:52:42'),
(4, '9781e9b7-c8bb-4c71-a569-148d388609bc', 'Employees Provident Fund Office,Ambattur,Chennai', '003', 1, 2, 2, '2025-07-24 11:52:53', '2025-07-24 11:52:53'),
(5, '46b579de-9a3d-449b-81d4-5a68f0b79ae0', 'Employees Provident Fund Office Coimbatore', '004', 1, 2, 2, '2025-07-24 11:53:59', '2025-07-24 11:53:59'),
(6, 'e856d803-e036-4187-986f-6df108e6b0f2', 'WIPRO EMPLOYEES PROVIDENT FUND Trust', '005', 1, 2, 2, '2025-07-24 11:54:28', '2025-07-24 11:54:28'),
(7, '5ca7457d-566a-4178-a542-62275e52b0ae', 'Employees Provident Fund Office Puducherry', '006', 1, 2, 2, '2025-07-24 11:54:49', '2025-07-24 11:54:49'),
(8, '81ee7284-9cc8-4ed7-a801-05f71a8ddc42', '3-4 Barkatpura Chaman Hyderabad', '007', 1, 2, 2, '2025-07-24 11:55:53', '2025-07-24 11:55:53'),
(9, '060466db-6076-40a7-b6b8-cb1e9b2b30e6', 'Data Not Available', '008', 1, 2, 2, '2025-07-24 11:56:05', '2025-07-24 11:56:05'),
(10, 'eeb94dc8-0321-49f7-bd19-93342306d987', 'Kilpauk', '009', 1, 2, 2, '2025-08-23 07:33:40', '2025-08-23 07:33:40'),
(12, 'ba4174d4-bafa-44f4-a1ab-1273bcde96f3', 'Tambaram', '010', 2, 2, 2, '2025-09-03 07:04:14', '2025-09-03 07:04:14');

-- --------------------------------------------------------

--
-- Table structure for table `police`
--

CREATE TABLE `police` (
  `id` bigint(20) UNSIGNED NOT NULL,
  `uuid` varchar(255) NOT NULL,
  `code` varchar(255) DEFAULT NULL,
  `name` varchar(255) DEFAULT NULL,
  `status` tinyint(4) DEFAULT 1,
  `created_by` bigint(20) UNSIGNED DEFAULT NULL,
  `updated_by` bigint(20) UNSIGNED DEFAULT NULL,
  `created_at` timestamp NULL DEFAULT NULL,
  `updated_at` timestamp NULL DEFAULT NULL
) ENGINE=InnoDB DEFAULT CHARSET=utf8mb4 COLLATE=utf8mb4_unicode_ci;

--
-- Dumping data for table `police`
--

INSERT INTO `police` (`id`, `uuid`, `code`, `name`, `status`, `created_by`, `updated_by`, `created_at`, `updated_at`) VALUES
(1, '61554b3a-e29f-4f16-b333-6041cdbf0ec6', '001', 'Commissioner of Police - Norther Region', 1, 2, 2, '2025-06-24 11:04:15', '2025-06-24 11:04:15'),
(3, '2f61763a-8fb8-4784-97fd-55d0571351f6', '002', 'Commissioner of Police Southern Religion', 1, 2, 2, '2025-07-24 12:30:11', '2025-07-24 12:30:11'),
(4, 'b1e5041f-31d7-4bdb-b2c8-cb1bafa81891', '003', 'Commissioner of Police Chromopet', 1, 2, 2, '2025-07-24 12:30:29', '2025-07-24 12:30:29'),
(5, '5ff5390d-a775-4d58-ba47-4b26011b6177', '004', 'Ashok Nagar', 1, 2, 2, '2025-07-24 12:30:37', '2025-07-24 12:30:37'),
(6, '0cc616cf-b860-40e5-905a-3545a16ad2b5', '005', 'Sholinganallur', 1, 2, 2, '2025-07-24 12:31:11', '2025-07-24 12:31:11'),
(7, 'd284b5b0-2000-43fb-8197-636fa1160e40', '006', 'Anna Nagar', 1, 2, 2, '2025-07-24 12:31:35', '2025-07-24 12:31:35'),
(8, '43b94145-4021-4ba9-ab32-2ea47967c8b6', '007', 'T Nagar', 1, 2, 2, '2025-07-24 12:31:46', '2025-07-24 12:31:46');

-- --------------------------------------------------------

--
-- Table structure for table `portion_attendance`
--

CREATE TABLE `portion_attendance` (
  `id` bigint(20) UNSIGNED NOT NULL,
  `uuid` varchar(255) NOT NULL,
  `code` varchar(255) DEFAULT NULL,
  `description` text DEFAULT NULL,
  `morning` varchar(255) DEFAULT NULL,
  `evening` varchar(255) DEFAULT NULL,
  `mark` varchar(255) DEFAULT NULL,
  `status` tinyint(4) DEFAULT 1,
  `created_by` bigint(20) UNSIGNED DEFAULT NULL,
  `updated_by` bigint(20) UNSIGNED DEFAULT NULL,
  `created_at` timestamp NULL DEFAULT NULL,
  `updated_at` timestamp NULL DEFAULT NULL
) ENGINE=InnoDB DEFAULT CHARSET=utf8mb4 COLLATE=utf8mb4_unicode_ci;

-- --------------------------------------------------------

--
-- Table structure for table `products`
--

CREATE TABLE `products` (
  `id` bigint(20) UNSIGNED NOT NULL,
  `name` varchar(255) DEFAULT NULL,
  `detail` text DEFAULT NULL,
  `created_at` timestamp NULL DEFAULT NULL,
  `updated_at` timestamp NULL DEFAULT NULL
) ENGINE=InnoDB DEFAULT CHARSET=utf8mb4 COLLATE=utf8mb4_unicode_ci;

-- --------------------------------------------------------

--
-- Table structure for table `professional_tax_jurisdiction`
--

CREATE TABLE `professional_tax_jurisdiction` (
  `id` bigint(20) UNSIGNED NOT NULL,
  `uuid` varchar(255) NOT NULL,
  `code` varchar(255) DEFAULT NULL,
  `name` varchar(255) DEFAULT NULL,
  `not_used` tinyint(4) DEFAULT 0,
  `status` tinyint(4) DEFAULT 1,
  `created_by` bigint(20) UNSIGNED DEFAULT NULL,
  `updated_by` bigint(20) UNSIGNED DEFAULT NULL,
  `created_at` timestamp NULL DEFAULT NULL,
  `updated_at` timestamp NULL DEFAULT NULL
) ENGINE=InnoDB DEFAULT CHARSET=utf8mb4 COLLATE=utf8mb4_unicode_ci;

--
-- Dumping data for table `professional_tax_jurisdiction`
--

INSERT INTO `professional_tax_jurisdiction` (`id`, `uuid`, `code`, `name`, `not_used`, `status`, `created_by`, `updated_by`, `created_at`, `updated_at`) VALUES
(1, 'fcbbb724-cbdc-4cc4-b986-a077692d22cc', '001', '1', 1, 1, 2, 2, '2025-06-26 11:38:37', '2025-06-26 11:38:37'),
(3, 'aae1e73a-8985-4e23-bb08-8ef45dfba09b', '002', 'MM Nagar Town Panchayat', 1, 1, 2, 2, '2025-07-24 13:05:54', '2025-07-24 13:05:54'),
(4, 'cf9ca779-24d3-4c40-9b27-4791d69ac117', '003', 'Thirumudivakkam Panchayat', 1, 1, 2, 2, '2025-07-24 13:06:02', '2025-07-24 13:06:02'),
(5, 'f5b375a5-1866-40bb-8176-76ae4c12e772', '004', 'Kuthambakkam Panchayat', 1, 1, 2, 2, '2025-07-24 13:06:09', '2025-07-24 13:06:09'),
(6, 'f19e6e13-0d8d-417d-a5a2-c7c07107b13d', '005', 'Kerala', 1, 1, 2, 2, '2025-07-24 13:06:19', '2025-07-24 13:06:19'),
(7, '3a839439-1e23-452e-b5c5-ff96b1f0d8a9', '006', 'Karnataka', 1, 1, 2, 2, '2025-07-24 13:06:27', '2025-07-24 13:06:27'),
(8, '4ac3f7c0-8160-427b-8d57-65f790203229', '007', 'Chembarapakkam Panchayat', 1, 1, 2, 2, '2025-07-24 13:06:38', '2025-07-24 13:06:38'),
(9, '62459396-7615-487c-9849-b7277ed1eba0', '008', 'Gummidipoondi Panchayat', 1, 1, 2, 2, '2025-07-24 13:06:45', '2025-07-24 13:06:45'),
(10, '3193fb53-d7ab-4113-9cff-bfe4abbaf39f', '009', 'Kovoor Panchayat', 1, 1, 2, 2, '2025-07-24 13:06:54', '2025-07-24 13:06:54'),
(11, 'b882e3d0-ab3b-432b-9de4-b12deb645cde', '010', 'Nemeli Village Panchayat', 1, 1, 2, 2, '2025-07-24 13:07:07', '2025-07-24 13:07:07');

-- --------------------------------------------------------

--
-- Table structure for table `professional_tax_slab`
--

CREATE TABLE `professional_tax_slab` (
  `id` bigint(20) UNSIGNED NOT NULL,
  `uuid` varchar(255) NOT NULL,
  `code` varchar(255) DEFAULT NULL,
  `name` varchar(255) DEFAULT NULL,
  `not_used` tinyint(4) DEFAULT 0,
  `status` tinyint(4) DEFAULT 1,
  `created_by` bigint(20) UNSIGNED DEFAULT NULL,
  `updated_by` bigint(20) UNSIGNED DEFAULT NULL,
  `created_at` timestamp NULL DEFAULT NULL,
  `updated_at` timestamp NULL DEFAULT NULL
) ENGINE=InnoDB DEFAULT CHARSET=utf8mb4 COLLATE=utf8mb4_unicode_ci;

--
-- Dumping data for table `professional_tax_slab`
--

INSERT INTO `professional_tax_slab` (`id`, `uuid`, `code`, `name`, `not_used`, `status`, `created_by`, `updated_by`, `created_at`, `updated_at`) VALUES
(1, 'c99547b4-21a8-480e-9ccc-304a81a1cc04', '001', '1', 1, 1, 2, 2, '2025-06-26 12:12:21', '2025-06-26 12:12:21'),
(3, '744ed3ae-d124-4c56-9e00-0366455ea483', '002', 'Chennai Corporation', 1, 1, 2, 2, '2025-07-24 13:08:09', '2025-07-24 13:08:09'),
(4, '01c72cff-9804-40b4-acc5-1186dec62533', '003', 'MM Nagar Town Panchayat', 1, 1, 2, 2, '2025-07-24 13:08:15', '2025-07-24 13:08:15'),
(5, 'be5437fa-d519-4971-87c3-46552ba236ab', '004', 'Gerugambakkam Panchayat', 1, 1, 2, 2, '2025-07-24 13:08:22', '2025-07-24 13:08:22'),
(6, '62cf07cf-6ed2-4f96-bda0-3d100962c155', '005', 'Maraimalai Nagar Municipality', 1, 1, 2, 2, '2025-07-24 13:08:34', '2025-07-24 13:08:34'),
(7, '6ace0133-15f4-45ee-8146-c4086af027e2', '006', 'Kerala', 1, 1, 2, 2, '2025-07-24 13:08:41', '2025-07-24 13:08:41'),
(8, 'ab2bbc6d-170f-42de-afe9-4239f7db0258', '007', 'Chittalapakkam Panchayat', 1, 1, 2, 2, '2025-07-24 13:08:49', '2025-07-24 13:08:49');

-- --------------------------------------------------------

--
-- Table structure for table `roles`
--

CREATE TABLE `roles` (
  `id` bigint(20) UNSIGNED NOT NULL,
  `name` varchar(255) DEFAULT NULL,
  `guard_name` varchar(255) DEFAULT NULL,
  `created_at` timestamp NULL DEFAULT NULL,
  `updated_at` timestamp NULL DEFAULT NULL
) ENGINE=InnoDB DEFAULT CHARSET=utf8mb4 COLLATE=utf8mb4_unicode_ci;

--
-- Dumping data for table `roles`
--

INSERT INTO `roles` (`id`, `name`, `guard_name`, `created_at`, `updated_at`) VALUES
(1, 'admin', 'web', '2025-06-24 05:28:31', '2025-07-24 11:34:22');

-- --------------------------------------------------------

--
-- Table structure for table `role_has_permissions`
--

CREATE TABLE `role_has_permissions` (
  `permission_id` bigint(20) UNSIGNED NOT NULL,
  `role_id` bigint(20) UNSIGNED NOT NULL
) ENGINE=InnoDB DEFAULT CHARSET=utf8mb4 COLLATE=utf8mb4_unicode_ci;

--
-- Dumping data for table `role_has_permissions`
--

INSERT INTO `role_has_permissions` (`permission_id`, `role_id`) VALUES
(1, 1),
(2, 1),
(3, 1),
(4, 1),
(5, 1),
(6, 1),
(7, 1),
(8, 1),
(9, 1),
(10, 1),
(11, 1),
(12, 1),
(13, 1),
(14, 1),
(15, 1),
(16, 1),
(17, 1),
(18, 1),
(19, 1),
(20, 1),
(21, 1),
(22, 1),
(23, 1),
(24, 1),
(25, 1),
(26, 1),
(27, 1),
(28, 1),
(29, 1),
(30, 1),
(31, 1),
(32, 1),
(33, 1),
(34, 1),
(35, 1),
(36, 1),
(37, 1),
(38, 1),
(39, 1),
(40, 1),
(41, 1),
(42, 1),
(43, 1),
(44, 1),
(45, 1),
(46, 1),
(47, 1),
(48, 1),
(49, 1),
(50, 1),
(51, 1),
(52, 1),
(53, 1),
(54, 1),
(55, 1),
(56, 1),
(57, 1),
(58, 1),
(59, 1),
(60, 1),
(61, 1),
(62, 1),
(63, 1),
(64, 1),
(65, 1),
(66, 1),
(67, 1),
(68, 1),
(69, 1),
(70, 1),
(71, 1),
(72, 1),
(73, 1),
(74, 1),
(75, 1),
(76, 1),
(77, 1),
(78, 1),
(79, 1),
(80, 1),
(81, 1),
(82, 1),
(83, 1),
(84, 1),
(85, 1),
(86, 1),
(87, 1),
(88, 1),
(89, 1),
(90, 1),
(91, 1),
(92, 1),
(93, 1),
(94, 1),
(95, 1),
(96, 1),
(97, 1),
(98, 1),
(99, 1),
(100, 1),
(101, 1),
(102, 1),
(103, 1),
(104, 1),
(105, 1),
(106, 1),
(107, 1),
(108, 1),
(109, 1),
(110, 1),
(111, 1),
(112, 1),
(113, 1),
(114, 1),
(115, 1),
(116, 1),
(117, 1),
(118, 1),
(119, 1),
(120, 1),
(121, 1),
(122, 1),
(123, 1),
(124, 1),
(125, 1),
(126, 1),
(127, 1),
(128, 1),
(129, 1),
(130, 1),
(131, 1),
(132, 1),
(133, 1),
(134, 1),
(135, 1),
(136, 1),
(137, 1),
(138, 1),
(139, 1),
(140, 1),
(141, 1),
(142, 1),
(143, 1),
(144, 1),
(145, 1),
(146, 1),
(147, 1),
(148, 1),
(149, 1),
(150, 1),
(151, 1),
(152, 1),
(153, 1),
(154, 1),
(155, 1),
(156, 1),
(157, 1),
(158, 1),
(159, 1),
(160, 1),
(161, 1),
(162, 1),
(163, 1),
(164, 1),
(165, 1),
(166, 1),
(167, 1),
(168, 1),
(173, 1),
(174, 1),
(175, 1),
(176, 1),
(177, 1),
(178, 1),
(179, 1),
(180, 1),
(181, 1),
(182, 1),
(183, 1),
(184, 1),
(185, 1),
(186, 1),
(187, 1),
(188, 1),
(189, 1),
(190, 1),
(191, 1),
(192, 1),
(193, 1),
(194, 1),
(195, 1),
(196, 1),
(197, 1),
(198, 1),
(199, 1),
(200, 1),
(201, 1),
(202, 1),
(203, 1),
(228, 1),
(229, 1),
(230, 1),
(231, 1),
(232, 1),
(233, 1),
(234, 1),
(235, 1),
(236, 1),
(237, 1),
(238, 1),
(239, 1),
(240, 1),
(241, 1),
(242, 1);

-- --------------------------------------------------------

--
-- Table structure for table `salary_components`
--

CREATE TABLE `salary_components` (
  `id` bigint(20) UNSIGNED NOT NULL,
  `client_id` bigint(20) UNSIGNED NOT NULL,
  `name` varchar(255) NOT NULL,
  `type` enum('earning','deduction') NOT NULL,
  `is_required` tinyint(1) NOT NULL DEFAULT 0,
  `salary_type` bigint(20) UNSIGNED DEFAULT NULL,
  `position_in_csv` int(11) NOT NULL,
  `created_at` timestamp NULL DEFAULT NULL,
  `updated_at` timestamp NULL DEFAULT NULL
) ENGINE=InnoDB DEFAULT CHARSET=utf8mb4 COLLATE=utf8mb4_unicode_ci;

--
-- Dumping data for table `salary_components`
--

INSERT INTO `salary_components` (`id`, `client_id`, `name`, `type`, `is_required`, `salary_type`, `position_in_csv`, `created_at`, `updated_at`) VALUES
(1, 1, 'basic', 'earning', 1, 1, 1, '2025-07-31 04:53:23', '2025-07-31 04:59:44'),
(2, 1, 'da', 'earning', 1, 4, 2, '2025-07-31 04:53:23', '2025-07-31 04:59:44'),
(3, 1, 'hra', 'earning', 1, 6, 3, '2025-07-31 04:53:23', '2025-07-31 04:59:44'),
(4, 1, 'gross', 'earning', 1, 15, 4, '2025-07-31 04:53:23', '2025-07-31 04:59:44'),
(5, 2, 'basic', 'earning', 1, 1, 1, '2025-07-31 04:54:25', '2025-07-31 05:00:16'),
(6, 2, 'da', 'earning', 1, 4, 2, '2025-07-31 04:54:25', '2025-07-31 05:00:16'),
(7, 2, 'hra', 'earning', 1, 6, 3, '2025-07-31 04:54:25', '2025-07-31 05:00:16'),
(8, 2, 'gross', 'earning', 1, 15, 4, '2025-07-31 04:54:25', '2025-07-31 05:00:16'),
(14, 3, 'basic', 'earning', 1, 1, 1, '2025-07-31 04:55:34', '2025-07-31 05:00:54'),
(15, 3, 'da', 'earning', 1, 4, 2, '2025-07-31 04:55:34', '2025-07-31 05:00:54'),
(16, 3, 'hra', 'earning', 1, 6, 3, '2025-07-31 04:55:34', '2025-07-31 05:00:54'),
(17, 3, 'gross', 'earning', 1, 15, 4, '2025-07-31 04:55:34', '2025-07-31 05:00:54'),
(18, 3, 'fda', 'earning', 1, 5, 5, '2025-07-31 04:55:34', '2025-07-31 05:00:54'),
(19, 4, 'basic', 'earning', 1, 1, 1, '2025-07-31 04:56:40', '2025-08-09 15:13:47'),
(20, 4, 'da', 'earning', 1, 4, 2, '2025-07-31 04:56:40', '2025-08-09 15:13:47'),
(21, 4, 'hra', 'earning', 1, 6, 3, '2025-07-31 04:56:40', '2025-08-09 15:13:47'),
(22, 4, 'gross', 'earning', 1, 15, 4, '2025-07-31 04:56:40', '2025-08-09 15:13:47'),
(23, 4, 'fda', 'earning', 1, 5, 5, '2025-07-31 04:56:40', '2025-08-09 15:13:47'),
(24, 4, 'oa', 'earning', 1, 10, 6, '2025-07-31 04:56:40', '2025-08-09 15:13:47'),
(25, 4, 'esi', 'deduction', 1, 21, 7, '2025-08-09 08:28:22', '2025-08-09 15:13:47'),
(26, 4, 'pf', 'earning', 1, 22, 8, '2025-08-09 15:13:47', '2025-08-09 15:13:47'),
(27, 8, 'basic', 'earning', 1, 1, 1, '2025-09-03 06:13:04', '2025-09-03 06:25:49'),
(31, 8, 'da', 'earning', 1, 4, 7, '2025-09-03 06:25:49', '2025-09-03 06:25:49'),
(32, 8, 'hra', 'earning', 1, 6, 8, '2025-09-03 06:25:49', '2025-09-03 06:25:49'),
(33, 8, 'gross', 'earning', 1, 15, 9, '2025-09-03 06:25:49', '2025-09-03 06:25:49'),
(34, 8, 'fda', 'earning', 1, 5, 10, '2025-09-03 06:25:49', '2025-09-03 06:25:49'),
(35, 8, 'oa', 'earning', 1, 10, 11, '2025-09-03 06:25:49', '2025-09-03 06:25:49'),
(36, 8, 'esi', 'deduction', 1, 21, 14, '2025-09-03 06:25:49', '2025-09-03 06:25:49'),
(37, 8, 'pf', 'deduction', 1, 22, 15, '2025-09-03 06:25:49', '2025-09-03 06:25:49');

-- --------------------------------------------------------

--
-- Table structure for table `salary_import`
--

CREATE TABLE `salary_import` (
  `id` bigint(20) UNSIGNED NOT NULL,
  `uuid` varchar(255) NOT NULL,
  `client_id` bigint(20) UNSIGNED DEFAULT NULL,
  `location_id` bigint(20) UNSIGNED DEFAULT NULL,
  `file_path` varchar(255) DEFAULT NULL,
  `client_name` varchar(255) DEFAULT NULL,
  `location_name` varchar(255) DEFAULT NULL,
  `month` varchar(255) DEFAULT NULL,
  `year` varchar(255) DEFAULT NULL,
  `status` tinyint(4) NOT NULL DEFAULT 1,
  `is_generated` tinyint(4) NOT NULL DEFAULT 0,
  `is_esi_pf_generated` varchar(255) NOT NULL DEFAULT '0',
  `created_by` bigint(20) UNSIGNED DEFAULT NULL,
  `updated_by` bigint(20) UNSIGNED DEFAULT NULL,
  `created_at` timestamp NULL DEFAULT NULL,
  `updated_at` timestamp NULL DEFAULT NULL
) ENGINE=InnoDB DEFAULT CHARSET=utf8mb4 COLLATE=utf8mb4_unicode_ci;

--
-- Dumping data for table `salary_import`
--

INSERT INTO `salary_import` (`id`, `uuid`, `client_id`, `location_id`, `file_path`, `client_name`, `location_name`, `month`, `year`, `status`, `is_generated`, `is_esi_pf_generated`, `created_by`, `updated_by`, `created_at`, `updated_at`) VALUES
(44, 'e05a8156-b22b-4769-af06-0bdac5524b0f', 4, 10, 'uploads/salaryimports/salary_import_20250816_134319.csv', 'Arvind Kumar', 'Branch-1', '4', '2025', 1, 1, '1', 2, 2, '2025-08-16 20:43:19', '2025-08-16 20:43:59'),
(59, 'b28e4d55-2492-4ec6-8582-2ae512061178', 8, 11, 'uploads/salaryimports/salary_import_20250905_145234.csv', 'Ocean Park', 'Kilpauk,chennai', '6', '2025', 1, 1, '1', 2, 2, '2025-09-05 09:22:34', '2025-09-05 09:23:28');

-- --------------------------------------------------------

--
-- Table structure for table `salary_import_component`
--

CREATE TABLE `salary_import_component` (
  `id` bigint(20) UNSIGNED NOT NULL,
  `uuid` varchar(255) NOT NULL,
  `salary_import_data_id` bigint(20) UNSIGNED DEFAULT NULL,
  `salary_component_id` bigint(20) UNSIGNED DEFAULT NULL,
  `salary_type_id` varchar(255) DEFAULT NULL,
  `salary_type_name` varchar(255) DEFAULT NULL,
  `amount` varchar(255) DEFAULT NULL,
  `status` tinyint(4) NOT NULL DEFAULT 1,
  `created_by` bigint(20) UNSIGNED DEFAULT NULL,
  `updated_by` bigint(20) UNSIGNED DEFAULT NULL,
  `created_at` timestamp NULL DEFAULT NULL,
  `updated_at` timestamp NULL DEFAULT NULL
) ENGINE=InnoDB DEFAULT CHARSET=utf8mb4 COLLATE=utf8mb4_unicode_ci;

--
-- Dumping data for table `salary_import_component`
--

INSERT INTO `salary_import_component` (`id`, `uuid`, `salary_import_data_id`, `salary_component_id`, `salary_type_id`, `salary_type_name`, `amount`, `status`, `created_by`, `updated_by`, `created_at`, `updated_at`) VALUES
(567, 'a39a5682-7853-462b-bf71-0f2af15b3125', 83, 19, '1', 'basic', '20517', 1, 2, 2, '2025-08-16 20:43:19', '2025-08-16 20:43:19'),
(568, '7c93deef-5a78-495f-9e5b-3526c4f6259f', 83, 20, '4', 'da', '1446', 1, 2, 2, '2025-08-16 20:43:19', '2025-08-16 20:43:19'),
(569, '0aedfae5-3858-496c-863a-177e593a4289', 83, 21, '6', 'hra', '4554', 1, 2, 2, '2025-08-16 20:43:19', '2025-08-16 20:43:19'),
(570, '1fb21465-33d5-47a8-8f41-4c9ed60213be', 83, 22, '15', 'gross', '31155', 1, 2, 2, '2025-08-16 20:43:19', '2025-08-16 20:43:19'),
(571, '0802c6c9-e334-481c-830f-f81df3c7557e', 83, 23, '5', 'fda', '0', 1, 2, 2, '2025-08-16 20:43:19', '2025-08-16 20:43:19'),
(572, '8555f646-9bec-48e2-9b2c-fd3382ac88eb', 83, 24, '10', 'oa', '4554', 1, 2, 2, '2025-08-16 20:43:19', '2025-08-16 20:43:19'),
(573, 'a6e3c049-b903-45c4-b559-d535811f5a90', 83, 25, '21', 'esi', '0', 1, 2, 2, '2025-08-16 20:43:19', '2025-08-16 20:43:19'),
(574, 'e01a0e30-6691-48e2-8a8d-459884b3ab48', 83, 26, '22', 'pf', '1800', 1, 2, 2, '2025-08-16 20:43:19', '2025-08-16 20:43:19'),
(575, '4beceeac-71fe-47dd-831f-93c0cd417adb', 84, 19, '1', 'basic', '14643', 1, 2, 2, '2025-08-16 20:43:19', '2025-08-16 20:43:19'),
(576, '53b6a060-9b0e-48b5-ad58-b15af5c9f8bb', 84, 20, '4', 'da', '1562', 1, 2, 2, '2025-08-16 20:43:19', '2025-08-16 20:43:19'),
(577, 'ab5c9893-6a74-4a3f-940b-4d3646155381', 84, 21, '6', 'hra', '4919', 1, 2, 2, '2025-08-16 20:43:19', '2025-08-16 20:43:19'),
(578, '83b5ab1d-d681-4395-9714-0d4d5e86e406', 84, 22, '15', 'gross', '19524', 1, 2, 2, '2025-08-16 20:43:19', '2025-08-16 20:43:19'),
(579, 'f3e9da47-c32a-4386-ac6c-76def8bf5667', 84, 23, '5', 'fda', '0', 1, 2, 2, '2025-08-16 20:43:19', '2025-08-16 20:43:19'),
(580, '3b089eb0-29a8-4ee0-a796-136a3047d7a9', 84, 24, '10', 'oa', '4919', 1, 2, 2, '2025-08-16 20:43:19', '2025-08-16 20:43:19'),
(581, 'ac68c694-5d24-438e-8af7-3b0973fdf8bb', 84, 25, '21', 'esi', '201', 1, 2, 2, '2025-08-16 20:43:19', '2025-08-16 20:43:19'),
(582, '256463ce-abfb-4758-b236-936e1391e8b2', 84, 26, '22', 'pf', '1800', 1, 2, 2, '2025-08-16 20:43:19', '2025-08-16 20:43:19'),
(583, '8cc2c929-a31b-4ba7-a971-0ceffe4d42d6', 85, 19, '1', 'basic', '22160', 1, 2, 2, '2025-08-16 20:43:19', '2025-08-16 20:43:19'),
(584, 'b9c883ad-bfac-4a90-81aa-26dba4bd8290', 85, 20, '4', 'da', '1562', 1, 2, 2, '2025-08-16 20:43:19', '2025-08-16 20:43:19'),
(585, '8a0efd18-2f83-4da9-9a07-b5724fa93b71', 85, 21, '6', 'hra', '4919', 1, 2, 2, '2025-08-16 20:43:19', '2025-08-16 20:43:19'),
(586, '8bac6294-1800-4d6a-83d7-a7b0f0163308', 85, 22, '15', 'gross', '33648', 1, 2, 2, '2025-08-16 20:43:19', '2025-08-16 20:43:19'),
(587, 'b3c3d38e-331a-4cb3-bad0-0e9d5640d9d7', 85, 23, '5', 'fda', '0', 1, 2, 2, '2025-08-16 20:43:19', '2025-08-16 20:43:19'),
(588, '65737cbe-7a47-455f-88db-15aecf8a0001', 85, 24, '10', 'oa', '4919', 1, 2, 2, '2025-08-16 20:43:19', '2025-08-16 20:43:19'),
(589, '5fa40008-57d8-46d1-95a0-ff914d2c1f2a', 85, 25, '21', 'esi', '0', 1, 2, 2, '2025-08-16 20:43:19', '2025-08-16 20:43:19'),
(590, '72201d55-229e-4903-9189-251a930d8eb4', 85, 26, '22', 'pf', '1800', 1, 2, 2, '2025-08-16 20:43:19', '2025-08-16 20:43:19'),
(591, 'a3bfc5a3-ee02-4491-a617-ba4f8914af1e', 86, 19, '1', 'basic', '21827', 1, 2, 2, '2025-08-16 20:43:19', '2025-08-16 20:43:19'),
(592, '0bea87f9-ba4f-4fc0-a201-61b19438a70f', 86, 20, '4', 'da', '1538', 1, 2, 2, '2025-08-16 20:43:19', '2025-08-16 20:43:19'),
(593, '486d96aa-3a9d-4b96-b719-4b031f76587e', 86, 21, '6', 'hra', '4845', 1, 2, 2, '2025-08-16 20:43:19', '2025-08-16 20:43:19'),
(594, '7fe44f83-7610-4020-a312-b64cfb5275e3', 86, 22, '15', 'gross', '33143', 1, 2, 2, '2025-08-16 20:43:19', '2025-08-16 20:43:19'),
(595, 'fa952087-5c1e-487d-ad79-3b8d64c3c0f0', 86, 23, '5', 'fda', '0', 1, 2, 2, '2025-08-16 20:43:19', '2025-08-16 20:43:19'),
(596, '914a6797-d4cd-4b0c-9932-6bd64cbf0737', 86, 24, '10', 'oa', '4845', 1, 2, 2, '2025-08-16 20:43:19', '2025-08-16 20:43:19'),
(597, '441106d3-b378-4498-850f-4e9e3758c043', 86, 25, '21', 'esi', '0', 1, 2, 2, '2025-08-16 20:43:19', '2025-08-16 20:43:19'),
(598, '969a4462-c09c-418d-8b39-da62d97cc478', 86, 26, '22', 'pf', '1800', 1, 2, 2, '2025-08-16 20:43:19', '2025-08-16 20:43:19'),
(1607, 'b3023931-6727-4ebd-8ef5-b5c823555a32', 213, 27, '1', 'basic', '20107', 1, 2, 2, '2025-09-05 09:22:34', '2025-09-05 09:22:34'),
(1608, '9370f581-f635-4f72-bd4f-efe81080d1a0', 213, 31, '4', 'da', '1417', 1, 2, 2, '2025-09-05 09:22:34', '2025-09-05 09:22:34'),
(1609, '2fff8d60-dda8-4c7b-af3e-2868c4f2d437', 213, 32, '6', 'hra', '4463', 1, 2, 2, '2025-09-05 09:22:34', '2025-09-05 09:22:34'),
(1610, 'ec165fbc-2f9c-40c4-bb88-fb60019bd101', 213, 33, '15', 'gross', '56519', 1, 2, 2, '2025-09-05 09:22:34', '2025-09-05 09:22:34'),
(1611, 'c2dd201e-e409-422a-bf2d-2ba15b4cf627', 213, 34, '5', 'fda', '0', 1, 2, 2, '2025-09-05 09:22:34', '2025-09-05 09:22:34'),
(1612, 'c66c935a-f063-4c72-ad95-c3780000530d', 213, 35, '10', 'oa', '4463', 1, 2, 2, '2025-09-05 09:22:34', '2025-09-05 09:22:34'),
(1613, '6279aab4-bc94-4596-86a8-21ecea917bca', 213, 36, '21', 'esi', '0', 1, 2, 2, '2025-09-05 09:22:34', '2025-09-05 09:22:34'),
(1614, '8b176865-a794-4062-8211-8b281aedd264', 213, 37, '22', 'pf', '1800', 1, 2, 2, '2025-09-05 09:22:34', '2025-09-05 09:22:34'),
(1615, '6e69d692-0daf-4767-a4b8-33e63b51a9d0', 214, 27, '1', 'basic', '5448', 1, 2, 2, '2025-09-05 09:22:34', '2025-09-05 09:22:34'),
(1616, '30838d54-383d-4c5b-bdf0-e9486a244a5f', 214, 31, '4', 'da', '1600', 1, 2, 2, '2025-09-05 09:22:34', '2025-09-05 09:22:34'),
(1617, '1ae2dd90-0de9-4e9b-a565-d691cda942c6', 214, 32, '6', 'hra', '5039', 1, 2, 2, '2025-09-05 09:22:34', '2025-09-05 09:22:34'),
(1618, 'd5be8c3b-d79c-4ae7-b410-4d9a6a89fe70', 214, 33, '15', 'gross', '54470', 1, 2, 2, '2025-09-05 09:22:34', '2025-09-05 09:22:34'),
(1619, '19151df9-1a86-474a-a998-d6814765618c', 214, 34, '5', 'fda', '0', 1, 2, 2, '2025-09-05 09:22:34', '2025-09-05 09:22:34'),
(1620, 'b1021bfe-920b-4828-ba42-788f0bdf6d83', 214, 35, '10', 'oa', '1500', 1, 2, 2, '2025-09-05 09:22:34', '2025-09-05 09:22:34'),
(1621, '0054e090-e422-4a88-bfb9-ca1032b04f7b', 214, 36, '21', 'esi', '0', 1, 2, 2, '2025-09-05 09:22:34', '2025-09-05 09:22:34'),
(1622, 'f55c7174-6e1f-46c9-ba1d-cab31b563266', 214, 37, '22', 'pf', '846', 1, 2, 2, '2025-09-05 09:22:34', '2025-09-05 09:22:34'),
(1623, '98426570-4c5a-41cb-9f13-5f6f5c2feb2f', 215, 27, '1', 'basic', '5013', 1, 2, 2, '2025-09-05 09:22:34', '2025-09-05 09:22:34'),
(1624, '178a23f9-3b2b-4b76-9b6f-063cccff80b9', 215, 31, '4', 'da', '1472', 1, 2, 2, '2025-09-05 09:22:34', '2025-09-05 09:22:34'),
(1625, '1329477c-0051-4958-b0ac-73b2484819a9', 215, 32, '6', 'hra', '4636', 1, 2, 2, '2025-09-05 09:22:34', '2025-09-05 09:22:34'),
(1626, '11fdd879-4267-4c1f-8833-059074d67b81', 215, 33, '15', 'gross', '50113', 1, 2, 2, '2025-09-05 09:22:34', '2025-09-05 09:22:34'),
(1627, '16c7abdb-8b6d-45c6-b05a-79d2108dc897', 215, 34, '5', 'fda', '0', 1, 2, 2, '2025-09-05 09:22:34', '2025-09-05 09:22:34'),
(1628, '75491753-530e-42b4-99ff-be55f804cc4e', 215, 35, '10', 'oa', '1380', 1, 2, 2, '2025-09-05 09:22:34', '2025-09-05 09:22:34'),
(1629, 'a0359108-2300-4b09-87a1-b2e03296e5da', 215, 36, '21', 'esi', '0', 1, 2, 2, '2025-09-05 09:22:34', '2025-09-05 09:22:34'),
(1630, 'ec9e6219-4a06-48be-99bc-e4f808984f2b', 215, 37, '22', 'pf', '846', 1, 2, 2, '2025-09-05 09:22:34', '2025-09-05 09:22:34'),
(1631, '313b0d4f-cf39-443e-8b55-ffd1152fd624', 216, 27, '1', 'basic', '5450', 1, 2, 2, '2025-09-05 09:22:34', '2025-09-05 09:22:34'),
(1632, '92f92c70-5d6d-4b26-85b5-c70869fe3bc6', 216, 31, '4', 'da', '1600', 1, 2, 2, '2025-09-05 09:22:34', '2025-09-05 09:22:34'),
(1633, '1dc2e71c-a7f3-4a6c-8e59-098b5955cb7b', 216, 32, '6', 'hra', '5039', 1, 2, 2, '2025-09-05 09:22:34', '2025-09-05 09:22:34'),
(1634, 'd9007f4c-3df7-4f2e-83f5-d9a2f576e075', 216, 33, '15', 'gross', '54472', 1, 2, 2, '2025-09-05 09:22:34', '2025-09-05 09:22:34'),
(1635, 'fa18e30b-8eea-439e-85c6-b118555baeb7', 216, 34, '5', 'fda', '0', 1, 2, 2, '2025-09-05 09:22:34', '2025-09-05 09:22:34'),
(1636, 'de2570b7-d3e8-4113-bfb5-afd9df88875b', 216, 35, '10', 'oa', '1500', 1, 2, 2, '2025-09-05 09:22:34', '2025-09-05 09:22:34'),
(1637, '59c21d59-9c97-44d6-9ad6-eba4a7baf72d', 216, 36, '21', 'esi', '0', 1, 2, 2, '2025-09-05 09:22:34', '2025-09-05 09:22:34'),
(1638, '6157b255-ce81-4951-a242-313ce401f9f0', 216, 37, '22', 'pf', '846', 1, 2, 2, '2025-09-05 09:22:34', '2025-09-05 09:22:34'),
(1639, 'f3560cee-4065-40ab-b1f9-8f770069dadc', 217, 27, '1', 'basic', '5451', 1, 2, 2, '2025-09-05 09:22:34', '2025-09-05 09:22:34'),
(1640, '5dd0c6c7-1599-42f3-a1fd-d21403edbbf4', 217, 31, '4', 'da', '1600', 1, 2, 2, '2025-09-05 09:22:34', '2025-09-05 09:22:34'),
(1641, '33b4dd05-8595-42ff-8105-4981640f1ebe', 217, 32, '6', 'hra', '5039', 1, 2, 2, '2025-09-05 09:22:34', '2025-09-05 09:22:34'),
(1642, '33f66160-c7cc-467c-8618-ffbd855000c1', 217, 33, '15', 'gross', '54473', 1, 2, 2, '2025-09-05 09:22:34', '2025-09-05 09:22:34'),
(1643, '1b77b203-c047-4597-8911-f4898a78344b', 217, 34, '5', 'fda', '0', 1, 2, 2, '2025-09-05 09:22:34', '2025-09-05 09:22:34'),
(1644, '1382c9fc-14eb-4378-ac42-8d1e217d4210', 217, 35, '10', 'oa', '1500', 1, 2, 2, '2025-09-05 09:22:34', '2025-09-05 09:22:34'),
(1645, '92efc16b-b2c1-4eb2-9fe7-28f0c2598354', 217, 36, '21', 'esi', '0', 1, 2, 2, '2025-09-05 09:22:34', '2025-09-05 09:22:34'),
(1646, '7c27e49a-12a1-4ab9-957c-b0a9bc395c5c', 217, 37, '22', 'pf', '846', 1, 2, 2, '2025-09-05 09:22:34', '2025-09-05 09:22:34'),
(1647, '192e908c-c97e-46b2-89b7-dfc1a6fd49a1', 218, 27, '1', 'basic', '5452', 1, 2, 2, '2025-09-05 09:22:34', '2025-09-05 09:22:34'),
(1648, 'e3501058-1aa3-4f6a-a4d8-49ef05aed24e', 218, 31, '4', 'da', '1600', 1, 2, 2, '2025-09-05 09:22:34', '2025-09-05 09:22:34'),
(1649, '23c7f539-563b-4229-a5d0-82ef98f50fa5', 218, 32, '6', 'hra', '5039', 1, 2, 2, '2025-09-05 09:22:34', '2025-09-05 09:22:34'),
(1650, '1403cfac-a084-48d3-8232-78a9aef489c4', 218, 33, '15', 'gross', '54474', 1, 2, 2, '2025-09-05 09:22:34', '2025-09-05 09:22:34'),
(1651, '11579a1b-60ac-4594-9dbd-b8c4d00d6d33', 218, 34, '5', 'fda', '0', 1, 2, 2, '2025-09-05 09:22:34', '2025-09-05 09:22:34'),
(1652, '1352110f-9558-4e31-9b44-6f8d05418772', 218, 35, '10', 'oa', '1500', 1, 2, 2, '2025-09-05 09:22:34', '2025-09-05 09:22:34'),
(1653, 'f9d83172-bd8d-46d8-ac9e-109a8cacfd97', 218, 36, '21', 'esi', '0', 1, 2, 2, '2025-09-05 09:22:34', '2025-09-05 09:22:34'),
(1654, '801d9c39-53a3-4c98-9685-2dfb43f23974', 218, 37, '22', 'pf', '846', 1, 2, 2, '2025-09-05 09:22:34', '2025-09-05 09:22:34'),
(1655, '01cd7997-e6ee-40cf-914a-727f153726a6', 219, 27, '1', 'basic', '5453', 1, 2, 2, '2025-09-05 09:22:34', '2025-09-05 09:22:34'),
(1656, 'b4d26c29-2e7d-4af7-8ccc-65c64142bc84', 219, 31, '4', 'da', '1600', 1, 2, 2, '2025-09-05 09:22:34', '2025-09-05 09:22:34'),
(1657, '8b0f1bff-dab9-4a77-ad7d-4ac19810f4c7', 219, 32, '6', 'hra', '5039', 1, 2, 2, '2025-09-05 09:22:34', '2025-09-05 09:22:34'),
(1658, '39477e83-cb9d-4bcb-bb30-d098205aad60', 219, 33, '15', 'gross', '54475', 1, 2, 2, '2025-09-05 09:22:34', '2025-09-05 09:22:34'),
(1659, 'b5f43fe4-6d22-469a-8020-ffdfa445320d', 219, 34, '5', 'fda', '0', 1, 2, 2, '2025-09-05 09:22:34', '2025-09-05 09:22:34'),
(1660, '951e6d4b-b078-48c9-8df2-063162079892', 219, 35, '10', 'oa', '1500', 1, 2, 2, '2025-09-05 09:22:34', '2025-09-05 09:22:34'),
(1661, '81017441-8b33-434b-8abb-8e654b489067', 219, 36, '21', 'esi', '0', 1, 2, 2, '2025-09-05 09:22:34', '2025-09-05 09:22:34'),
(1662, '9656d0fa-21ec-48bd-b8ed-9c0288b272eb', 219, 37, '22', 'pf', '846', 1, 2, 2, '2025-09-05 09:22:34', '2025-09-05 09:22:34'),
(1663, 'a4b02d7a-4623-453f-8421-3121e55404d8', 220, 27, '1', 'basic', '5454', 1, 2, 2, '2025-09-05 09:22:34', '2025-09-05 09:22:34'),
(1664, '6b385fbf-6501-4ecb-bd4e-6d8687c78b8e', 220, 31, '4', 'da', '1600', 1, 2, 2, '2025-09-05 09:22:34', '2025-09-05 09:22:34'),
(1665, '9d5fa9ec-1a76-4635-a67a-4c61768d87d6', 220, 32, '6', 'hra', '5039', 1, 2, 2, '2025-09-05 09:22:34', '2025-09-05 09:22:34'),
(1666, 'c7c0a0da-8182-41b8-9534-6ff3a736a58f', 220, 33, '15', 'gross', '54476', 1, 2, 2, '2025-09-05 09:22:34', '2025-09-05 09:22:34'),
(1667, '3faf20a9-e583-43ef-9a98-cb10c27557d5', 220, 34, '5', 'fda', '0', 1, 2, 2, '2025-09-05 09:22:34', '2025-09-05 09:22:34'),
(1668, '863419a4-1466-4d74-ae9b-f959d3a071ec', 220, 35, '10', 'oa', '1500', 1, 2, 2, '2025-09-05 09:22:34', '2025-09-05 09:22:34'),
(1669, '4650e8bb-1068-462d-9339-7cfd6e8effe1', 220, 36, '21', 'esi', '0', 1, 2, 2, '2025-09-05 09:22:34', '2025-09-05 09:22:34'),
(1670, 'f30ad9fc-35d1-49e4-91a3-5969b3b7fcf9', 220, 37, '22', 'pf', '847', 1, 2, 2, '2025-09-05 09:22:34', '2025-09-05 09:22:34'),
(1671, 'db018a72-eaa3-4801-a4fa-c1d8f1d37a1e', 221, 27, '1', 'basic', '5455', 1, 2, 2, '2025-09-05 09:22:34', '2025-09-05 09:22:34'),
(1672, '3465f85f-c849-4b3f-bcd4-a945e2ab4bad', 221, 31, '4', 'da', '1600', 1, 2, 2, '2025-09-05 09:22:34', '2025-09-05 09:22:34'),
(1673, 'f0c700a6-ab1d-44f9-aaa3-3ece0c3702e3', 221, 32, '6', 'hra', '5039', 1, 2, 2, '2025-09-05 09:22:34', '2025-09-05 09:22:34'),
(1674, '65ed2f44-1f2f-4399-9fd4-7dc4c60b9c65', 221, 33, '15', 'gross', '54477', 1, 2, 2, '2025-09-05 09:22:34', '2025-09-05 09:22:34'),
(1675, '0da4f24f-8042-4a7a-ba25-bd8395a1b54f', 221, 34, '5', 'fda', '0', 1, 2, 2, '2025-09-05 09:22:34', '2025-09-05 09:22:34'),
(1676, '7b586eea-fe81-4212-877a-0e7edef4556c', 221, 35, '10', 'oa', '1500', 1, 2, 2, '2025-09-05 09:22:34', '2025-09-05 09:22:34'),
(1677, '5f55c898-8a95-49d6-a6c0-e1f313c4dcdd', 221, 36, '21', 'esi', '0', 1, 2, 2, '2025-09-05 09:22:34', '2025-09-05 09:22:34'),
(1678, '046b669c-7a4c-4a87-b54d-0cc93412d5b9', 221, 37, '22', 'pf', '847', 1, 2, 2, '2025-09-05 09:22:34', '2025-09-05 09:22:34');

-- --------------------------------------------------------

--
-- Table structure for table `salary_import_data`
--

CREATE TABLE `salary_import_data` (
  `id` bigint(20) UNSIGNED NOT NULL,
  `uuid` varchar(255) NOT NULL,
  `salary_import_id` bigint(20) UNSIGNED DEFAULT NULL,
  `esi_number` varchar(255) DEFAULT NULL,
  `uan_number` varchar(255) DEFAULT NULL,
  `emp_id` varchar(255) DEFAULT NULL,
  `emp_code` varchar(255) DEFAULT NULL,
  `emp_name` varchar(255) DEFAULT NULL,
  `emp_ctc` varchar(255) DEFAULT NULL,
  `emp_gross_salary` varchar(255) DEFAULT NULL,
  `emp_basic_salary` varchar(255) DEFAULT NULL,
  `emp_hra` varchar(255) DEFAULT NULL,
  `emp_da` varchar(255) DEFAULT NULL,
  `emp_per_day_salary` varchar(255) DEFAULT NULL,
  `emp_per_hour_salary` varchar(255) DEFAULT NULL,
  `total_working_days` varchar(255) DEFAULT NULL,
  `total_working_hours` varchar(255) DEFAULT NULL,
  `total_present_days` varchar(255) DEFAULT NULL,
  `total_present_hours` varchar(255) DEFAULT NULL,
  `total_absent_days` varchar(255) DEFAULT NULL,
  `total_absent_hours` varchar(255) DEFAULT NULL,
  `total_ot_hours` varchar(255) DEFAULT NULL,
  `salary_component_id` bigint(20) UNSIGNED DEFAULT NULL,
  `salary` varchar(255) DEFAULT NULL,
  `status` tinyint(4) NOT NULL DEFAULT 1,
  `created_by` bigint(20) UNSIGNED DEFAULT NULL,
  `updated_by` bigint(20) UNSIGNED DEFAULT NULL,
  `created_at` timestamp NULL DEFAULT NULL,
  `updated_at` timestamp NULL DEFAULT NULL
) ENGINE=InnoDB DEFAULT CHARSET=utf8mb4 COLLATE=utf8mb4_unicode_ci;

--
-- Dumping data for table `salary_import_data`
--

INSERT INTO `salary_import_data` (`id`, `uuid`, `salary_import_id`, `esi_number`, `uan_number`, `emp_id`, `emp_code`, `emp_name`, `emp_ctc`, `emp_gross_salary`, `emp_basic_salary`, `emp_hra`, `emp_da`, `emp_per_day_salary`, `emp_per_hour_salary`, `total_working_days`, `total_working_hours`, `total_present_days`, `total_present_hours`, `total_absent_days`, `total_absent_hours`, `total_ot_hours`, `salary_component_id`, `salary`, `status`, `created_by`, `updated_by`, `created_at`, `updated_at`) VALUES
(83, 'c18a2d84-2dad-4c2b-80e7-a15cda1c1550', 44, '1012 3654 7895', '101256398', '4', 'emp001', 'Aniruth', NULL, NULL, NULL, NULL, NULL, NULL, NULL, '26', NULL, '20.5', NULL, '2.5', NULL, NULL, NULL, '32871', 1, 2, 2, '2025-08-16 20:43:19', '2025-08-16 20:43:19'),
(84, 'cc381800-2537-478c-83b5-94795359a62d', 44, '1012 3654 7895', '101256398', '5', 'emp002', 'mahesh', NULL, NULL, NULL, NULL, NULL, NULL, NULL, '21', NULL, '18.5', NULL, '0.5', NULL, NULL, NULL, '27642', 1, 2, 2, '2025-08-16 20:43:19', '2025-08-16 20:43:19'),
(85, '2d5370ec-c3f3-4a0c-a2d9-6bb5167199ac', 44, '1012 3654 7895', '101256398', '3', 'SAP008', 'Sridhar', NULL, NULL, NULL, NULL, NULL, NULL, NULL, '21', NULL, '18.5', NULL, '0.5', NULL, NULL, NULL, '35360', 1, 2, 2, '2025-08-16 20:43:19', '2025-08-16 20:43:19'),
(86, '68aa0196-3c2b-4da8-9050-a6368ba85175', 44, '1012 3654 7895', '101256398', '2', 'SAP007', 'Pugal', NULL, NULL, NULL, NULL, NULL, NULL, NULL, '26', NULL, '23', NULL, '1', NULL, NULL, NULL, '34855', 1, 2, 2, '2025-08-16 20:43:19', '2025-08-16 20:43:19'),
(213, 'af22da20-5ee8-4c71-a7c1-6d6ccd983448', 59, '123659689', '458964785', '145', 'EMP2', 'Mr. MANIKANDAN DEVENDRAN', NULL, NULL, NULL, NULL, NULL, NULL, NULL, '25', NULL, '24.5', NULL, '0.5', NULL, NULL, NULL, '28650', 1, 2, 2, '2025-09-05 09:22:34', '2025-09-05 09:22:34'),
(214, '294328db-a84e-4356-841a-7673a179ebb1', 59, '123659690', '458964786', '146', 'EMP3', 'Mr. ABEY THOMAS', NULL, NULL, NULL, NULL, NULL, NULL, NULL, '25', NULL, '25', NULL, '0', NULL, NULL, NULL, '12741', 1, 2, 2, '2025-09-05 09:22:34', '2025-09-05 09:22:34'),
(215, '9aa6ad8d-0d5b-4d12-b2c4-3f21599fb18a', 59, '123659691', '458964787', '147', 'EMP4', 'Mr. PARTHASARATHY J', NULL, NULL, NULL, NULL, NULL, NULL, NULL, '25', NULL, '23', NULL, '2', NULL, NULL, NULL, '11655', 1, 2, 2, '2025-09-05 09:22:34', '2025-09-05 09:22:34'),
(216, '30fea34d-f9ab-4c33-8fcc-b36a03a5d590', 59, '123659692', '458964788', '148', 'EMP5', 'Mr. SEENIVASAGAM GANESAN', NULL, NULL, NULL, NULL, NULL, NULL, NULL, '25', NULL, '25', NULL, '0', NULL, NULL, NULL, '12743', 1, 2, 2, '2025-09-05 09:22:34', '2025-09-05 09:22:34'),
(217, '5adbd16d-6a6c-4c45-a195-6a9f41b6de9a', 59, '123659693', '458964789', '149', 'EMP6', 'Mrs. AMUL MUNIYAN', NULL, NULL, NULL, NULL, NULL, NULL, NULL, '25', NULL, '25', NULL, '0', NULL, NULL, NULL, '12744', 1, 2, 2, '2025-09-05 09:22:34', '2025-09-05 09:22:34'),
(218, '1c455f15-e224-46d0-aac6-79855706924d', 59, '123659694', '458964790', '150', 'EMP7', 'Mr. P VELUMANI', NULL, NULL, NULL, NULL, NULL, NULL, NULL, '25', NULL, '25', NULL, '0', NULL, NULL, NULL, '12745', 1, 2, 2, '2025-09-05 09:22:34', '2025-09-05 09:22:34'),
(219, 'e38528c6-faf6-4fec-9585-f94a701e390d', 59, '123659695', '458964791', '151', 'EMP8', 'Ms. AMUTHA SELVI VARATHAN', NULL, NULL, NULL, NULL, NULL, NULL, NULL, '25', NULL, '25', NULL, '0', NULL, NULL, NULL, '12746', 1, 2, 2, '2025-09-05 09:22:34', '2025-09-05 09:22:34'),
(220, 'c49cb561-d828-4da4-88a9-aa2b036b9257', 59, '123659696', '458964792', '152', 'EMP9', 'Mr. GOGULNATH', NULL, NULL, NULL, NULL, NULL, NULL, NULL, '25', NULL, '25', NULL, '0', NULL, NULL, NULL, '12746', 1, 2, 2, '2025-09-05 09:22:34', '2025-09-05 09:22:34'),
(221, '8228e119-e6bb-48ae-8ffd-4cf979eb2d5f', 59, '123659697', '458964793', '153', 'EMP10', 'Mr. ARAVINDASAMY R', NULL, NULL, NULL, NULL, NULL, NULL, NULL, '25', NULL, '25', NULL, '0', NULL, NULL, NULL, '12747', 1, 2, 2, '2025-09-05 09:22:34', '2025-09-05 09:22:34');

-- --------------------------------------------------------

--
-- Table structure for table `separation_reasons`
--

CREATE TABLE `separation_reasons` (
  `id` bigint(20) UNSIGNED NOT NULL,
  `uuid` varchar(255) NOT NULL,
  `name` varchar(255) DEFAULT NULL,
  `code` varchar(255) DEFAULT NULL,
  `status` tinyint(4) DEFAULT 1,
  `created_by` bigint(20) UNSIGNED DEFAULT NULL,
  `updated_by` bigint(20) UNSIGNED DEFAULT NULL,
  `created_at` timestamp NULL DEFAULT NULL,
  `updated_at` timestamp NULL DEFAULT NULL
) ENGINE=InnoDB DEFAULT CHARSET=utf8mb4 COLLATE=utf8mb4_unicode_ci;

--
-- Dumping data for table `separation_reasons`
--

INSERT INTO `separation_reasons` (`id`, `uuid`, `name`, `code`, `status`, `created_by`, `updated_by`, `created_at`, `updated_at`) VALUES
(1, 'c0947de0-3c3a-4e4f-9efa-deb5839baabf', 'Resignation', '001', 1, 2, 2, '2025-06-25 04:21:39', '2025-06-25 04:21:39'),
(3, '265c48ab-a598-408f-b4b3-d4b5903c143c', 'Retirement', '002', 1, 2, 2, '2025-07-09 14:15:49', '2025-07-09 14:15:49'),
(4, 'e6bedce8-015b-46bd-95cc-093ef36c6b12', 'Expired', '003', 1, 2, 2, '2025-07-24 11:47:21', '2025-07-24 11:47:21'),
(5, 'd26e7ce9-7acf-48c2-b440-f51eb3579d45', 'Transfer', '004', 1, 2, 2, '2025-07-24 11:52:14', '2025-07-24 11:52:14'),
(6, '1050f709-ad57-4e77-a31d-cf61df833ce9', 'Training Completed', '005', 1, 2, 2, '2025-07-24 11:52:39', '2025-07-24 11:52:39'),
(7, '3cbfe05f-8760-4cce-b4ab-74c5e49dbc56', 'Termination', '006', 1, 2, 2, '2025-07-24 11:54:15', '2025-07-24 11:54:15'),
(8, '451a7a8f-2ac5-4ac3-9b95-97ed1745dd9a', 'Retrenchment', '007', 1, 2, 2, '2025-07-24 11:54:39', '2025-07-24 11:54:39');

-- --------------------------------------------------------

--
-- Table structure for table `sessions`
--

CREATE TABLE `sessions` (
  `id` varchar(255) NOT NULL,
  `user_id` bigint(20) UNSIGNED DEFAULT NULL,
  `ip_address` varchar(45) DEFAULT NULL,
  `user_agent` text DEFAULT NULL,
  `payload` longtext DEFAULT NULL,
  `last_activity` int(11) DEFAULT NULL
) ENGINE=InnoDB DEFAULT CHARSET=utf8mb4 COLLATE=utf8mb4_unicode_ci;

--
-- Dumping data for table `sessions`
--

INSERT INTO `sessions` (`id`, `user_id`, `ip_address`, `user_agent`, `payload`, `last_activity`) VALUES
('2q2Ah6TfRAyXm2t4yE3AkgEVkupdqSAhLcxTmNmx', 2, '223.185.25.94', 'Mozilla/5.0 (Windows NT 10.0; Win64; x64) AppleWebKit/537.36 (KHTML, like Gecko) Chrome/140.0.0.0 Safari/537.36', 'YTo0OntzOjY6Il90b2tlbiI7czo0MDoiSUpKbjJnQUR1djN4YWRpWTFzYzhLQzYxM09ZZUE5eFJLNlhtc3A0WSI7czo2OiJfZmxhc2giO2E6Mjp7czozOiJvbGQiO2E6MDp7fXM6MzoibmV3IjthOjA6e319czo1MDoibG9naW5fd2ViXzU5YmEzNmFkZGMyYjJmOTQwMTU4MGYwMTRjN2Y1OGVhNGUzMDk4OWQiO2k6MjtzOjk6Il9wcmV2aW91cyI7YToxOntzOjM6InVybCI7czo0MToiaHR0cHM6Ly9oYXdrZXllaW5zaWdodHMuY29tL3MyL2F0dGVuZGFuY2UiO319', 1758182677),
('C52xMsz6CF3qUdBcywLNzjqKh5rJIc5zdWUtfLGs', NULL, '49.206.12.13', 'Mozilla/5.0 (Windows NT 10.0; Win64; x64) AppleWebKit/537.36 (KHTML, like Gecko) Chrome/140.0.0.0 Safari/537.36', 'YToyOntzOjY6Il90b2tlbiI7czo0MDoiUjBLeHlzd0xONWE1N1hEM29GbWNnWUx3TEZiT1Aza1M2a2NicmViaCI7czo2OiJfZmxhc2giO2E6Mjp7czozOiJvbGQiO2E6MDp7fXM6MzoibmV3IjthOjA6e319fQ==', 1758183366),
('Ha7XLL5Jrknnux38robkyh1igUXmquhCkgxWukXO', 2, '103.114.211.238', 'Mozilla/5.0 (Windows NT 10.0; Win64; x64) AppleWebKit/537.36 (KHTML, like Gecko) Chrome/140.0.0.0 Safari/537.36', 'YTo1OntzOjY6Il90b2tlbiI7czo0MDoiODRvMnJ3eGJ6bjBVSm9RRElkZWk5eFVxcUlJTzNFRGdhbHFid1Q2OCI7czozOiJ1cmwiO2E6MTp7czo4OiJpbnRlbmRlZCI7czo1NjoiaHR0cHM6Ly9zMi5oYXdrZXllaW5zaWdodHMuY29tL3NhbGFyeS1jb21wb25lbnRzLzEzL2VkaXQiO31zOjk6Il9wcmV2aW91cyI7YToxOntzOjM6InVybCI7czo0MToiaHR0cHM6Ly9zMi5oYXdrZXllaW5zaWdodHMuY29tL2F0dGVuZGFuY2UiO31zOjY6Il9mbGFzaCI7YToyOntzOjM6Im9sZCI7YTowOnt9czozOiJuZXciO2E6MDp7fX1zOjUwOiJsb2dpbl93ZWJfNTliYTM2YWRkYzJiMmY5NDAxNTgwZjAxNGM3ZjU4ZWE0ZTMwOTg5ZCI7aToyO30=', 1758181723),
('HoBtG9MvAVXXXirz5Rinso8c7cw3Ntag4YmOp5NJ', NULL, '223.185.25.94', 'Mozilla/5.0 (Macintosh; Intel Mac OS X 10_15_7) AppleWebKit/537.36 (KHTML, like Gecko) Chrome/140.0.0.0 Safari/537.36', 'YToyOntzOjY6Il90b2tlbiI7czo0MDoiV0NVQ2YyclV4YXdzQjRCNFhNUDNwRlhCOHg2SVhidklyNTVIemdCSyI7czo2OiJfZmxhc2giO2E6Mjp7czozOiJvbGQiO2E6MDp7fXM6MzoibmV3IjthOjA6e319fQ==', 1758184552);

-- --------------------------------------------------------

--
-- Table structure for table `shift`
--

CREATE TABLE `shift` (
  `id` bigint(20) UNSIGNED NOT NULL,
  `uuid` varchar(255) NOT NULL,
  `code` varchar(255) DEFAULT NULL,
  `type` varchar(255) DEFAULT NULL,
  `start` varchar(255) DEFAULT NULL,
  `end` varchar(255) DEFAULT NULL,
  `rest_mins` varchar(255) DEFAULT NULL,
  `status` tinyint(4) DEFAULT 1,
  `created_by` bigint(20) UNSIGNED DEFAULT NULL,
  `updated_by` bigint(20) UNSIGNED DEFAULT NULL,
  `created_at` timestamp NULL DEFAULT NULL,
  `updated_at` timestamp NULL DEFAULT NULL
) ENGINE=InnoDB DEFAULT CHARSET=utf8mb4 COLLATE=utf8mb4_unicode_ci;

--
-- Dumping data for table `shift`
--

INSERT INTO `shift` (`id`, `uuid`, `code`, `type`, `start`, `end`, `rest_mins`, `status`, `created_by`, `updated_by`, `created_at`, `updated_at`) VALUES
(1, '4c7c5ee6-4d98-4d93-8afe-088c0735794e', '001', 'General', '10', '6', '60', 1, 2, 2, '2025-06-26 13:06:16', '2025-06-26 13:06:16'),
(3, '36deb4cc-4c65-43d8-9117-10d8628271b3', '002', 'First', '6', '2', '30', 1, 2, 2, '2025-07-24 13:09:34', '2025-07-24 13:09:34'),
(4, '7473323d-3f2b-438e-8f91-9c9c908caec1', '003', 'Second', '4', '12', '30', 1, 2, 2, '2025-07-24 13:10:24', '2025-07-24 13:10:24'),
(5, 'b433985a-9899-43cd-889b-af28c29a3b21', '004', 'Night Shift', '7', '3', '30', 1, 2, 2, '2025-07-24 13:10:42', '2025-07-24 13:10:42'),
(6, '8110304f-8b18-4272-bee8-b11e80c19119', '005', 'Split Shift', '6 - 10', '1 - 4', '30', 1, 2, 2, '2025-07-24 13:13:36', '2025-07-24 13:13:53');

-- --------------------------------------------------------

--
-- Table structure for table `shift_details`
--

CREATE TABLE `shift_details` (
  `id` bigint(20) UNSIGNED NOT NULL,
  `uuid` varchar(255) NOT NULL,
  `description` varchar(255) DEFAULT NULL,
  `code` varchar(255) DEFAULT NULL,
  `status` tinyint(4) DEFAULT 1,
  `created_by` bigint(20) UNSIGNED DEFAULT NULL,
  `updated_by` bigint(20) UNSIGNED DEFAULT NULL,
  `created_at` timestamp NULL DEFAULT NULL,
  `updated_at` timestamp NULL DEFAULT NULL
) ENGINE=InnoDB DEFAULT CHARSET=utf8mb4 COLLATE=utf8mb4_unicode_ci;

--
-- Dumping data for table `shift_details`
--

INSERT INTO `shift_details` (`id`, `uuid`, `description`, `code`, `status`, `created_by`, `updated_by`, `created_at`, `updated_at`) VALUES
(1, '47071633-9c94-46de-a6ea-1de237234091', 'General', '001', 1, 2, 2, '2025-07-09 06:37:18', '2025-07-09 06:37:18'),
(2, 'e147d9bd-2fd8-4fa7-9eb0-021d3452eb29', '1st Shift', '002', 1, 2, 2, '2025-07-24 12:17:40', '2025-07-24 12:17:40'),
(3, '5c041403-b5ff-4045-a038-e04afd88be27', '2nd Shift', '003', 1, 2, 2, '2025-07-24 12:18:03', '2025-07-24 12:18:03'),
(4, '3bb15e1d-b514-4238-9f17-dc2e323834fd', 'LS', '004', 1, 2, 2, '2025-07-24 12:18:17', '2025-07-24 12:18:17'),
(5, '3c2097ab-d422-4aed-9bfc-fa8ad69fe055', 'ES', '005', 1, 2, 2, '2025-07-24 12:20:43', '2025-07-24 12:20:43'),
(6, '2b7dc70b-7b46-49d3-8d8e-9e46022ab2af', 'NS', '006', 1, 2, 2, '2025-07-24 12:20:50', '2025-07-24 12:20:50'),
(7, '59bedea7-fdfc-4c52-b219-6846840cc17b', 'MLS', '007', 1, 2, 2, '2025-07-24 12:20:58', '2025-07-24 12:20:58');

-- --------------------------------------------------------

--
-- Table structure for table `signatory`
--

CREATE TABLE `signatory` (
  `id` bigint(20) UNSIGNED NOT NULL,
  `uuid` varchar(255) NOT NULL,
  `code` varchar(255) DEFAULT NULL,
  `name` varchar(255) DEFAULT NULL,
  `status` tinyint(4) DEFAULT 1,
  `created_by` bigint(20) UNSIGNED DEFAULT NULL,
  `updated_by` bigint(20) UNSIGNED DEFAULT NULL,
  `created_at` timestamp NULL DEFAULT NULL,
  `updated_at` timestamp NULL DEFAULT NULL
) ENGINE=InnoDB DEFAULT CHARSET=utf8mb4 COLLATE=utf8mb4_unicode_ci;

--
-- Dumping data for table `signatory`
--

INSERT INTO `signatory` (`id`, `uuid`, `code`, `name`, `status`, `created_by`, `updated_by`, `created_at`, `updated_at`) VALUES
(1, '5f53fbdc-ddb5-4b12-87e2-7deeecf5fdde', '001', 'Occupier', 1, 2, 2, '2025-06-24 13:24:22', '2025-06-24 13:24:22'),
(3, 'ed95b203-0eb4-42a9-bd3b-f7c54255f138', '002', 'Manager', 1, 2, 2, '2025-07-24 12:26:54', '2025-07-24 12:26:54'),
(4, '28ef9940-a6f2-45d0-b438-0ef0b6950aa4', '003', 'Authorised Signatory', 1, 2, 2, '2025-07-24 12:27:11', '2025-07-24 12:27:11'),
(5, '09bd1e00-9559-4ecd-825a-cfd34bef71bc', '004', 'Director', 1, 2, 2, '2025-07-24 12:27:30', '2025-07-24 12:27:30'),
(6, '46f50f10-2acf-4d67-8b0d-b918f9451463', '005', 'Authorised Representative', 1, 2, 2, '2025-07-24 12:28:11', '2025-07-24 12:28:11'),
(7, '5cea2e43-9f4f-4d11-bb52-9918aa375146', '006', 'Co-signatory', 1, 2, 2, '2025-07-24 12:28:48', '2025-07-24 12:28:48'),
(8, '17278266-9ec0-4096-9558-9d91cc72d6b5', '007', 'Witness Signatory', 1, 2, 2, '2025-07-24 12:29:00', '2025-07-24 12:29:00');

-- --------------------------------------------------------

--
-- Table structure for table `state`
--

CREATE TABLE `state` (
  `id` bigint(20) UNSIGNED NOT NULL,
  `uuid` varchar(255) NOT NULL,
  `name` varchar(255) DEFAULT NULL,
  `code` varchar(255) DEFAULT NULL,
  `status` tinyint(4) DEFAULT 1,
  `created_by` bigint(20) UNSIGNED DEFAULT NULL,
  `updated_by` bigint(20) UNSIGNED DEFAULT NULL,
  `created_at` timestamp NULL DEFAULT NULL,
  `updated_at` timestamp NULL DEFAULT NULL
) ENGINE=InnoDB DEFAULT CHARSET=utf8mb4 COLLATE=utf8mb4_unicode_ci;

--
-- Dumping data for table `state`
--

INSERT INTO `state` (`id`, `uuid`, `name`, `code`, `status`, `created_by`, `updated_by`, `created_at`, `updated_at`) VALUES
(1, '33878956-9f29-4d93-a2be-2be8442d897d', 'Tamil Nadu', '001', 1, 2, 2, '2025-06-25 04:33:23', '2025-06-25 04:33:23'),
(3, '8e5bb66d-7d07-45fb-9ffb-9749ff4f3370', 'Kerala', '002', 1, 2, 2, '2025-07-24 12:16:08', '2025-07-24 12:16:08'),
(4, '4ebd2725-d491-403e-a0ea-3432faff9e5f', 'Andhra Pradesh', '003', 1, 2, 2, '2025-07-24 12:16:18', '2025-07-24 12:16:18'),
(5, '982692ef-c3af-4657-87b1-a285fc856e93', 'Karnataka', '004', 1, 2, 2, '2025-07-24 12:18:33', '2025-07-24 12:18:33'),
(6, '7f226f4a-6b3b-409a-a0ee-4670edacf2b4', 'Maharashtra', '005', 1, 2, 2, '2025-07-24 12:19:02', '2025-07-24 12:19:02'),
(7, '42048a22-041a-405f-8d39-21de6cd62109', 'Uttar Pradesh', '006', 1, 2, 2, '2025-07-24 12:19:24', '2025-07-24 12:19:24'),
(8, 'a1a8e4a9-40de-406a-82e4-38ce4bc2b722', 'Delhi', '007', 1, 2, 2, '2025-07-24 12:19:32', '2025-07-24 12:19:32');

-- --------------------------------------------------------

--
-- Table structure for table `tnlwf`
--

CREATE TABLE `tnlwf` (
  `id` bigint(20) UNSIGNED NOT NULL,
  `uuid` varchar(255) NOT NULL,
  `code` varchar(255) DEFAULT NULL,
  `employee_contribution` varchar(255) DEFAULT NULL,
  `employer_contribution` varchar(255) DEFAULT NULL,
  `status` tinyint(4) DEFAULT 1,
  `created_by` bigint(20) UNSIGNED DEFAULT NULL,
  `updated_by` bigint(20) UNSIGNED DEFAULT NULL,
  `created_at` timestamp NULL DEFAULT NULL,
  `updated_at` timestamp NULL DEFAULT NULL
) ENGINE=InnoDB DEFAULT CHARSET=utf8mb4 COLLATE=utf8mb4_unicode_ci;

--
-- Dumping data for table `tnlwf`
--

INSERT INTO `tnlwf` (`id`, `uuid`, `code`, `employee_contribution`, `employer_contribution`, `status`, `created_by`, `updated_by`, `created_at`, `updated_at`) VALUES
(1, '87261125-2a1c-4374-82f2-eedb5464c80b', '001', '18', '18', 1, 2, 2, '2025-06-26 07:06:40', '2025-06-26 07:06:40'),
(2, '8b13863e-618d-4975-bafe-04aea9bc9036', '002', '5', '10', 1, 2, 2, '2025-07-24 12:31:46', '2025-07-24 12:31:46'),
(3, 'd65402b6-1caa-48ac-ae47-83b9299be6eb', '003', '7', '14', 1, 2, 2, '2025-07-24 12:32:01', '2025-07-24 12:32:01'),
(4, 'f541e032-7149-4667-ac9c-843f65353a4c', '004', '10', '20', 1, 2, 2, '2025-07-24 12:32:10', '2025-07-24 12:32:10'),
(5, 'c8dd8219-5293-4cca-a7f5-b4295d1c13ab', '005', '9', '9', 1, 2, 2, '2025-07-24 12:32:23', '2025-07-24 12:32:23'),
(6, 'e30f9bb2-4756-465f-9284-5e4a0fd273b9', '006', '9', '9', 1, 2, 2, '2025-07-24 12:32:31', '2025-07-24 12:32:31');

-- --------------------------------------------------------

--
-- Table structure for table `trade_licence`
--

CREATE TABLE `trade_licence` (
  `id` bigint(20) UNSIGNED NOT NULL,
  `uuid` varchar(255) NOT NULL,
  `name` varchar(255) DEFAULT NULL,
  `code` varchar(255) DEFAULT NULL,
  `status` tinyint(4) DEFAULT 1,
  `created_by` bigint(20) UNSIGNED DEFAULT NULL,
  `updated_by` bigint(20) UNSIGNED DEFAULT NULL,
  `created_at` timestamp NULL DEFAULT NULL,
  `updated_at` timestamp NULL DEFAULT NULL
) ENGINE=InnoDB DEFAULT CHARSET=utf8mb4 COLLATE=utf8mb4_unicode_ci;

--
-- Dumping data for table `trade_licence`
--

INSERT INTO `trade_licence` (`id`, `uuid`, `name`, `code`, `status`, `created_by`, `updated_by`, `created_at`, `updated_at`) VALUES
(1, '882e5e28-3c24-4f04-8a01-ee038a570fec', 'Chennai Corporation', '001', 1, 2, 2, '2025-06-24 07:37:51', '2025-06-24 07:38:18'),
(4, 'cda052af-3808-4d20-b4e9-b5202344c765', 'Ambattur Municipality', '002', 1, 2, 2, '2025-07-24 11:38:51', '2025-07-24 11:38:51'),
(5, 'd7459523-f101-4d57-878c-bd2b983549dd', 'borgwarer cooling', '003', 1, 2, 2, '2025-07-24 11:39:07', '2025-07-24 11:39:07'),
(6, '18843733-6c0b-43bd-a43b-b485badade8e', 'Data Not Available', '004', 1, 2, 2, '2025-07-24 11:39:19', '2025-07-24 11:39:19'),
(7, 'fb9c5faa-ddbb-494d-bbc9-1d4dfe0fca3f', 'Manufacturing or production units', '005', 1, 2, 2, '2025-07-24 11:47:55', '2025-07-24 11:47:55'),
(8, '628182c5-5fed-4fc1-b954-4576065c4096', 'Service-based businesses', '006', 1, 2, 2, '2025-07-24 11:48:51', '2025-07-24 11:48:51'),
(9, '2160886a-a32c-4742-9c59-9eb675f267f5', 'Damage to business reputation', '007', 1, 2, 2, '2025-07-24 11:49:16', '2025-07-24 11:49:16');

-- --------------------------------------------------------

--
-- Table structure for table `vendor_services`
--

CREATE TABLE `vendor_services` (
  `id` bigint(20) UNSIGNED NOT NULL,
  `uuid` varchar(255) NOT NULL,
  `service_legal` varchar(255) DEFAULT NULL,
  `service_client` varchar(255) DEFAULT NULL,
  `code` varchar(255) DEFAULT NULL,
  `status` tinyint(4) DEFAULT 1,
  `created_by` bigint(20) UNSIGNED DEFAULT NULL,
  `updated_by` bigint(20) UNSIGNED DEFAULT NULL,
  `created_at` timestamp NULL DEFAULT NULL,
  `updated_at` timestamp NULL DEFAULT NULL
) ENGINE=InnoDB DEFAULT CHARSET=utf8mb4 COLLATE=utf8mb4_unicode_ci;

--
-- Dumping data for table `vendor_services`
--

INSERT INTO `vendor_services` (`id`, `uuid`, `service_legal`, `service_client`, `code`, `status`, `created_by`, `updated_by`, `created_at`, `updated_at`) VALUES
(1, 'e1c00c22-61ab-42b9-8643-5dbc3609a5a6', 'Test', 'test', '001', 1, 2, 2, '2025-07-09 06:37:56', '2025-07-09 06:37:56'),
(2, '5e8730d2-91d2-4bdd-ae19-c718c01dea00', 'Material Handling', 'Material Handling', '002', 1, 2, 2, '2025-07-24 12:11:39', '2025-07-24 12:11:39'),
(3, '1a2afdc8-ba8d-4ce5-ba02-1fa045250db9', 'Tailoring', 'Tailoring', '003', 1, 2, 2, '2025-07-24 12:11:56', '2025-07-24 12:11:56'),
(4, '11d55bcd-f5b8-4b6e-9608-0e1f8f7eb71c', 'Gift Wrapping', 'Gift Wrapping', '004', 1, 2, 2, '2025-07-24 12:12:14', '2025-07-24 12:12:14'),
(5, 'd6131555-d6c9-4ffb-8956-a8c84fe0c7c7', 'Networking', 'Networking', '005', 1, 2, 2, '2025-07-24 12:12:34', '2025-07-24 12:12:34'),
(6, 'aae774a5-49f6-4fa4-a1a7-d432fe23249c', 'Despatch', 'Despatch', '006', 1, 2, 2, '2025-07-24 12:12:55', '2025-07-24 12:12:55'),
(7, 'a4a7bdd0-ed1a-4f56-93fd-d6a27a782b03', 'Security Services', 'Security Services', '007', 1, 2, 2, '2025-07-24 12:13:16', '2025-07-24 12:13:16');

-- --------------------------------------------------------

--
-- Table structure for table `weekly_off`
--

CREATE TABLE `weekly_off` (
  `id` bigint(20) UNSIGNED NOT NULL,
  `uuid` varchar(255) NOT NULL,
  `code` varchar(255) DEFAULT NULL,
  `day_number` varchar(255) DEFAULT NULL,
  `day_name` varchar(255) DEFAULT NULL,
  `status` tinyint(4) DEFAULT 1,
  `created_by` bigint(20) UNSIGNED DEFAULT NULL,
  `updated_by` bigint(20) UNSIGNED DEFAULT NULL,
  `created_at` timestamp NULL DEFAULT NULL,
  `updated_at` timestamp NULL DEFAULT NULL
) ENGINE=InnoDB DEFAULT CHARSET=utf8mb4 COLLATE=utf8mb4_unicode_ci;

--
-- Dumping data for table `weekly_off`
--

INSERT INTO `weekly_off` (`id`, `uuid`, `code`, `day_number`, `day_name`, `status`, `created_by`, `updated_by`, `created_at`, `updated_at`) VALUES
(1, 'f7da93e4-2707-4d74-9999-ff5fc15929d2', '001', '1', '2', 1, 2, 2, '2025-06-26 09:54:48', '2025-06-26 09:54:48'),
(3, '6ae07dcb-094f-44a5-b127-7e23fb0c1e90', '002', '2', '2|Saturday', 1, 2, 2, '2025-07-24 12:33:19', '2025-07-30 08:47:42'),
(4, '500e7ba3-d01b-4693-9db4-1d74210bb8ab', '003', '3', 'Tuesday', 1, 2, 2, '2025-07-24 12:33:38', '2025-07-24 12:33:38'),
(5, 'bb327d61-69fd-4d75-a8c6-a6afa0079995', '004', '4', 'Wednesday', 1, 2, 2, '2025-07-24 12:33:51', '2025-07-24 12:33:51'),
(6, 'ff3a64b3-6c15-474a-9cdf-97fb5a7ef99a', '005', '6', 'Thursday', 1, 2, 2, '2025-07-24 12:34:06', '2025-07-24 12:34:06'),
(7, 'bee8d056-dd98-4136-8fed-28b8377d6566', '006', '7', '2|Saturday', 1, 2, 2, '2025-07-24 12:34:25', '2025-07-24 12:34:25'),
(8, '11317c2d-c2f8-4092-a3a8-ded4fab759a4', '007', '1', 'Wednesday', 1, 2, 2, '2025-09-03 07:28:16', '2025-09-03 07:28:16');

--
-- Indexes for dumped tables
--

--
-- Indexes for table `activity_log`
--
ALTER TABLE `activity_log`
  ADD PRIMARY KEY (`id`);

--
-- Indexes for table `attendance_markers`
--
ALTER TABLE `attendance_markers`
  ADD PRIMARY KEY (`id`);

--
-- Indexes for table `authorities`
--
ALTER TABLE `authorities`
  ADD PRIMARY KEY (`id`);

--
-- Indexes for table `authority_type`
--
ALTER TABLE `authority_type`
  ADD PRIMARY KEY (`id`);

--
-- Indexes for table `city`
--
ALTER TABLE `city`
  ADD PRIMARY KEY (`id`);

--
-- Indexes for table `client_holiday`
--
ALTER TABLE `client_holiday`
  ADD PRIMARY KEY (`id`);

--
-- Indexes for table `client_location_tab1`
--
ALTER TABLE `client_location_tab1`
  ADD PRIMARY KEY (`id`);

--
-- Indexes for table `client_location_tab2`
--
ALTER TABLE `client_location_tab2`
  ADD PRIMARY KEY (`id`);

--
-- Indexes for table `client_location_tab3`
--
ALTER TABLE `client_location_tab3`
  ADD PRIMARY KEY (`id`);

--
-- Indexes for table `client_location_tab4`
--
ALTER TABLE `client_location_tab4`
  ADD PRIMARY KEY (`id`);

--
-- Indexes for table `client_location_tab5`
--
ALTER TABLE `client_location_tab5`
  ADD PRIMARY KEY (`id`);

--
-- Indexes for table `client_location_tab6`
--
ALTER TABLE `client_location_tab6`
  ADD PRIMARY KEY (`id`);

--
-- Indexes for table `client_tab1`
--
ALTER TABLE `client_tab1`
  ADD PRIMARY KEY (`id`);

--
-- Indexes for table `client_tab2`
--
ALTER TABLE `client_tab2`
  ADD PRIMARY KEY (`id`);

--
-- Indexes for table `client_tab3`
--
ALTER TABLE `client_tab3`
  ADD PRIMARY KEY (`id`);

--
-- Indexes for table `client_tab4`
--
ALTER TABLE `client_tab4`
  ADD PRIMARY KEY (`id`);

--
-- Indexes for table `client_tab5`
--
ALTER TABLE `client_tab5`
  ADD PRIMARY KEY (`id`);

--
-- Indexes for table `client_types`
--
ALTER TABLE `client_types`
  ADD PRIMARY KEY (`id`);

--
-- Indexes for table `clra_slab_rates`
--
ALTER TABLE `clra_slab_rates`
  ADD PRIMARY KEY (`id`);

--
-- Indexes for table `contents`
--
ALTER TABLE `contents`
  ADD PRIMARY KEY (`id`);

--
-- Indexes for table `country_details`
--
ALTER TABLE `country_details`
  ADD PRIMARY KEY (`id`);

--
-- Indexes for table `damage_rates`
--
ALTER TABLE `damage_rates`
  ADD PRIMARY KEY (`id`);

--
-- Indexes for table `denomination_wc`
--
ALTER TABLE `denomination_wc`
  ADD PRIMARY KEY (`id`);

--
-- Indexes for table `education_details`
--
ALTER TABLE `education_details`
  ADD PRIMARY KEY (`id`);

--
-- Indexes for table `employee_attendance`
--
ALTER TABLE `employee_attendance`
  ADD PRIMARY KEY (`id`);

--
-- Indexes for table `employee_attendance_data`
--
ALTER TABLE `employee_attendance_data`
  ADD PRIMARY KEY (`id`);

--
-- Indexes for table `employee_attendance_days`
--
ALTER TABLE `employee_attendance_days`
  ADD PRIMARY KEY (`id`);

--
-- Indexes for table `employee_salary_types`
--
ALTER TABLE `employee_salary_types`
  ADD PRIMARY KEY (`id`);

--
-- Indexes for table `employee_tab1`
--
ALTER TABLE `employee_tab1`
  ADD PRIMARY KEY (`id`);

--
-- Indexes for table `employee_tab2`
--
ALTER TABLE `employee_tab2`
  ADD PRIMARY KEY (`id`);

--
-- Indexes for table `employee_tab3`
--
ALTER TABLE `employee_tab3`
  ADD PRIMARY KEY (`id`);

--
-- Indexes for table `employee_tab4`
--
ALTER TABLE `employee_tab4`
  ADD PRIMARY KEY (`id`);

--
-- Indexes for table `employee_tab5`
--
ALTER TABLE `employee_tab5`
  ADD PRIMARY KEY (`id`);

--
-- Indexes for table `employee_tab6`
--
ALTER TABLE `employee_tab6`
  ADD PRIMARY KEY (`id`);

--
-- Indexes for table `employee_tab8`
--
ALTER TABLE `employee_tab8`
  ADD PRIMARY KEY (`id`);

--
-- Indexes for table `employee_temp_imports`
--
ALTER TABLE `employee_temp_imports`
  ADD PRIMARY KEY (`id`);

--
-- Indexes for table `emp_status`
--
ALTER TABLE `emp_status`
  ADD PRIMARY KEY (`id`);

--
-- Indexes for table `enactments`
--
ALTER TABLE `enactments`
  ADD PRIMARY KEY (`id`);

--
-- Indexes for table `esi`
--
ALTER TABLE `esi`
  ADD PRIMARY KEY (`id`);

--
-- Indexes for table `esi_dispensaries`
--
ALTER TABLE `esi_dispensaries`
  ADD PRIMARY KEY (`id`);

--
-- Indexes for table `esi_office`
--
ALTER TABLE `esi_office`
  ADD PRIMARY KEY (`id`);

--
-- Indexes for table `failed_jobs`
--
ALTER TABLE `failed_jobs`
  ADD PRIMARY KEY (`id`),
  ADD UNIQUE KEY `failed_jobs_uuid_unique` (`uuid`);

--
-- Indexes for table `family_relationship`
--
ALTER TABLE `family_relationship`
  ADD PRIMARY KEY (`id`);

--
-- Indexes for table `fire`
--
ALTER TABLE `fire`
  ADD PRIMARY KEY (`id`);

--
-- Indexes for table `inspector_of_factories`
--
ALTER TABLE `inspector_of_factories`
  ADD PRIMARY KEY (`id`);

--
-- Indexes for table `inspector_of_labour`
--
ALTER TABLE `inspector_of_labour`
  ADD PRIMARY KEY (`id`);

--
-- Indexes for table `jobs`
--
ALTER TABLE `jobs`
  ADD PRIMARY KEY (`id`),
  ADD KEY `jobs_queue_index` (`queue`);

--
-- Indexes for table `job_batches`
--
ALTER TABLE `job_batches`
  ADD PRIMARY KEY (`id`);

--
-- Indexes for table `kyc_documents`
--
ALTER TABLE `kyc_documents`
  ADD PRIMARY KEY (`id`);

--
-- Indexes for table `location`
--
ALTER TABLE `location`
  ADD PRIMARY KEY (`id`);

--
-- Indexes for table `migrations`
--
ALTER TABLE `migrations`
  ADD PRIMARY KEY (`id`);

--
-- Indexes for table `model_has_permissions`
--
ALTER TABLE `model_has_permissions`
  ADD PRIMARY KEY (`permission_id`,`model_id`,`model_type`),
  ADD KEY `model_has_permissions_model_id_model_type_index` (`model_id`,`model_type`);

--
-- Indexes for table `model_has_roles`
--
ALTER TABLE `model_has_roles`
  ADD PRIMARY KEY (`role_id`,`model_id`,`model_type`),
  ADD KEY `model_has_roles_model_id_model_type_index` (`model_id`,`model_type`);

--
-- Indexes for table `mw_designations`
--
ALTER TABLE `mw_designations`
  ADD PRIMARY KEY (`id`);

--
-- Indexes for table `mw_industry`
--
ALTER TABLE `mw_industry`
  ADD PRIMARY KEY (`id`);

--
-- Indexes for table `mw_zone`
--
ALTER TABLE `mw_zone`
  ADD PRIMARY KEY (`id`);

--
-- Indexes for table `ot_calculations`
--
ALTER TABLE `ot_calculations`
  ADD PRIMARY KEY (`id`);

--
-- Indexes for table `ownership_types`
--
ALTER TABLE `ownership_types`
  ADD PRIMARY KEY (`id`);

--
-- Indexes for table `permissions`
--
ALTER TABLE `permissions`
  ADD PRIMARY KEY (`id`),
  ADD UNIQUE KEY `permissions_name_guard_name_unique` (`name`,`guard_name`);

--
-- Indexes for table `pf`
--
ALTER TABLE `pf`
  ADD PRIMARY KEY (`id`);

--
-- Indexes for table `pf_groups`
--
ALTER TABLE `pf_groups`
  ADD PRIMARY KEY (`id`);

--
-- Indexes for table `pf_jurisdiction`
--
ALTER TABLE `pf_jurisdiction`
  ADD PRIMARY KEY (`id`);

--
-- Indexes for table `police`
--
ALTER TABLE `police`
  ADD PRIMARY KEY (`id`);

--
-- Indexes for table `portion_attendance`
--
ALTER TABLE `portion_attendance`
  ADD PRIMARY KEY (`id`);

--
-- Indexes for table `products`
--
ALTER TABLE `products`
  ADD PRIMARY KEY (`id`);

--
-- Indexes for table `professional_tax_jurisdiction`
--
ALTER TABLE `professional_tax_jurisdiction`
  ADD PRIMARY KEY (`id`);

--
-- Indexes for table `professional_tax_slab`
--
ALTER TABLE `professional_tax_slab`
  ADD PRIMARY KEY (`id`);

--
-- Indexes for table `roles`
--
ALTER TABLE `roles`
  ADD PRIMARY KEY (`id`),
  ADD UNIQUE KEY `roles_name_guard_name_unique` (`name`,`guard_name`);

--
-- Indexes for table `role_has_permissions`
--
ALTER TABLE `role_has_permissions`
  ADD PRIMARY KEY (`permission_id`,`role_id`),
  ADD KEY `role_has_permissions_role_id_foreign` (`role_id`);

--
-- Indexes for table `salary_components`
--
ALTER TABLE `salary_components`
  ADD PRIMARY KEY (`id`);

--
-- Indexes for table `salary_import`
--
ALTER TABLE `salary_import`
  ADD PRIMARY KEY (`id`);

--
-- Indexes for table `salary_import_component`
--
ALTER TABLE `salary_import_component`
  ADD PRIMARY KEY (`id`);

--
-- Indexes for table `salary_import_data`
--
ALTER TABLE `salary_import_data`
  ADD PRIMARY KEY (`id`);

--
-- Indexes for table `separation_reasons`
--
ALTER TABLE `separation_reasons`
  ADD PRIMARY KEY (`id`);

--
-- Indexes for table `sessions`
--
ALTER TABLE `sessions`
  ADD PRIMARY KEY (`id`),
  ADD KEY `sessions_user_id_index` (`user_id`),
  ADD KEY `sessions_last_activity_index` (`last_activity`);

--
-- Indexes for table `shift`
--
ALTER TABLE `shift`
  ADD PRIMARY KEY (`id`);

--
-- Indexes for table `shift_details`
--
ALTER TABLE `shift_details`
  ADD PRIMARY KEY (`id`);

--
-- Indexes for table `signatory`
--
ALTER TABLE `signatory`
  ADD PRIMARY KEY (`id`);

--
-- Indexes for table `state`
--
ALTER TABLE `state`
  ADD PRIMARY KEY (`id`);

--
-- Indexes for table `tnlwf`
--
ALTER TABLE `tnlwf`
  ADD PRIMARY KEY (`id`);

--
-- Indexes for table `trade_licence`
--
ALTER TABLE `trade_licence`
  ADD PRIMARY KEY (`id`);

--
-- Indexes for table `vendor_services`
--
ALTER TABLE `vendor_services`
  ADD PRIMARY KEY (`id`);

--
-- Indexes for table `weekly_off`
--
ALTER TABLE `weekly_off`
  ADD PRIMARY KEY (`id`);

--
-- AUTO_INCREMENT for dumped tables
--

--
-- AUTO_INCREMENT for table `activity_log`
--
ALTER TABLE `activity_log`
  MODIFY `id` bigint(20) UNSIGNED NOT NULL AUTO_INCREMENT, AUTO_INCREMENT=10355;

--
-- AUTO_INCREMENT for table `attendance_markers`
--
ALTER TABLE `attendance_markers`
  MODIFY `id` bigint(20) UNSIGNED NOT NULL AUTO_INCREMENT, AUTO_INCREMENT=7;

--
-- AUTO_INCREMENT for table `authorities`
--
ALTER TABLE `authorities`
  MODIFY `id` bigint(20) UNSIGNED NOT NULL AUTO_INCREMENT, AUTO_INCREMENT=31;

--
-- AUTO_INCREMENT for table `authority_type`
--
ALTER TABLE `authority_type`
  MODIFY `id` bigint(20) UNSIGNED NOT NULL AUTO_INCREMENT, AUTO_INCREMENT=20;

--
-- AUTO_INCREMENT for table `city`
--
ALTER TABLE `city`
  MODIFY `id` bigint(20) UNSIGNED NOT NULL AUTO_INCREMENT, AUTO_INCREMENT=2;

--
-- AUTO_INCREMENT for table `client_holiday`
--
ALTER TABLE `client_holiday`
  MODIFY `id` bigint(20) UNSIGNED NOT NULL AUTO_INCREMENT, AUTO_INCREMENT=8;

--
-- AUTO_INCREMENT for table `client_location_tab1`
--
ALTER TABLE `client_location_tab1`
  MODIFY `id` bigint(20) UNSIGNED NOT NULL AUTO_INCREMENT, AUTO_INCREMENT=14;

--
-- AUTO_INCREMENT for table `client_location_tab2`
--
ALTER TABLE `client_location_tab2`
  MODIFY `id` bigint(20) UNSIGNED NOT NULL AUTO_INCREMENT, AUTO_INCREMENT=12;

--
-- AUTO_INCREMENT for table `client_location_tab3`
--
ALTER TABLE `client_location_tab3`
  MODIFY `id` bigint(20) UNSIGNED NOT NULL AUTO_INCREMENT, AUTO_INCREMENT=12;

--
-- AUTO_INCREMENT for table `client_location_tab4`
--
ALTER TABLE `client_location_tab4`
  MODIFY `id` bigint(20) UNSIGNED NOT NULL AUTO_INCREMENT, AUTO_INCREMENT=12;

--
-- AUTO_INCREMENT for table `client_location_tab5`
--
ALTER TABLE `client_location_tab5`
  MODIFY `id` bigint(20) UNSIGNED NOT NULL AUTO_INCREMENT, AUTO_INCREMENT=13;

--
-- AUTO_INCREMENT for table `client_location_tab6`
--
ALTER TABLE `client_location_tab6`
  MODIFY `id` bigint(20) UNSIGNED NOT NULL AUTO_INCREMENT, AUTO_INCREMENT=9;

--
-- AUTO_INCREMENT for table `client_tab1`
--
ALTER TABLE `client_tab1`
  MODIFY `id` bigint(20) UNSIGNED NOT NULL AUTO_INCREMENT, AUTO_INCREMENT=14;

--
-- AUTO_INCREMENT for table `client_tab2`
--
ALTER TABLE `client_tab2`
  MODIFY `id` bigint(20) UNSIGNED NOT NULL AUTO_INCREMENT, AUTO_INCREMENT=12;

--
-- AUTO_INCREMENT for table `client_tab3`
--
ALTER TABLE `client_tab3`
  MODIFY `id` bigint(20) UNSIGNED NOT NULL AUTO_INCREMENT, AUTO_INCREMENT=8;

--
-- AUTO_INCREMENT for table `client_tab4`
--
ALTER TABLE `client_tab4`
  MODIFY `id` bigint(20) UNSIGNED NOT NULL AUTO_INCREMENT, AUTO_INCREMENT=7;

--
-- AUTO_INCREMENT for table `client_tab5`
--
ALTER TABLE `client_tab5`
  MODIFY `id` bigint(20) UNSIGNED NOT NULL AUTO_INCREMENT, AUTO_INCREMENT=7;

--
-- AUTO_INCREMENT for table `client_types`
--
ALTER TABLE `client_types`
  MODIFY `id` bigint(20) UNSIGNED NOT NULL AUTO_INCREMENT, AUTO_INCREMENT=12;

--
-- AUTO_INCREMENT for table `clra_slab_rates`
--
ALTER TABLE `clra_slab_rates`
  MODIFY `id` bigint(20) UNSIGNED NOT NULL AUTO_INCREMENT, AUTO_INCREMENT=6;

--
-- AUTO_INCREMENT for table `contents`
--
ALTER TABLE `contents`
  MODIFY `id` bigint(20) UNSIGNED NOT NULL AUTO_INCREMENT, AUTO_INCREMENT=9;

--
-- AUTO_INCREMENT for table `country_details`
--
ALTER TABLE `country_details`
  MODIFY `id` bigint(20) UNSIGNED NOT NULL AUTO_INCREMENT, AUTO_INCREMENT=8;

--
-- AUTO_INCREMENT for table `damage_rates`
--
ALTER TABLE `damage_rates`
  MODIFY `id` bigint(20) UNSIGNED NOT NULL AUTO_INCREMENT, AUTO_INCREMENT=2;

--
-- AUTO_INCREMENT for table `denomination_wc`
--
ALTER TABLE `denomination_wc`
  MODIFY `id` bigint(20) UNSIGNED NOT NULL AUTO_INCREMENT, AUTO_INCREMENT=8;

--
-- AUTO_INCREMENT for table `education_details`
--
ALTER TABLE `education_details`
  MODIFY `id` bigint(20) UNSIGNED NOT NULL AUTO_INCREMENT, AUTO_INCREMENT=9;

--
-- AUTO_INCREMENT for table `employee_attendance`
--
ALTER TABLE `employee_attendance`
  MODIFY `id` bigint(20) UNSIGNED NOT NULL AUTO_INCREMENT, AUTO_INCREMENT=66;

--
-- AUTO_INCREMENT for table `employee_attendance_data`
--
ALTER TABLE `employee_attendance_data`
  MODIFY `id` bigint(20) UNSIGNED NOT NULL AUTO_INCREMENT, AUTO_INCREMENT=254;

--
-- AUTO_INCREMENT for table `employee_attendance_days`
--
ALTER TABLE `employee_attendance_days`
  MODIFY `id` bigint(20) UNSIGNED NOT NULL AUTO_INCREMENT, AUTO_INCREMENT=2815;

--
-- AUTO_INCREMENT for table `employee_salary_types`
--
ALTER TABLE `employee_salary_types`
  MODIFY `id` bigint(20) UNSIGNED NOT NULL AUTO_INCREMENT, AUTO_INCREMENT=23;

--
-- AUTO_INCREMENT for table `employee_tab1`
--
ALTER TABLE `employee_tab1`
  MODIFY `id` bigint(20) UNSIGNED NOT NULL AUTO_INCREMENT, AUTO_INCREMENT=155;

--
-- AUTO_INCREMENT for table `employee_tab2`
--
ALTER TABLE `employee_tab2`
  MODIFY `id` bigint(20) UNSIGNED NOT NULL AUTO_INCREMENT, AUTO_INCREMENT=155;

--
-- AUTO_INCREMENT for table `employee_tab3`
--
ALTER TABLE `employee_tab3`
  MODIFY `id` bigint(20) UNSIGNED NOT NULL AUTO_INCREMENT, AUTO_INCREMENT=157;

--
-- AUTO_INCREMENT for table `employee_tab4`
--
ALTER TABLE `employee_tab4`
  MODIFY `id` bigint(20) UNSIGNED NOT NULL AUTO_INCREMENT, AUTO_INCREMENT=157;

--
-- AUTO_INCREMENT for table `employee_tab5`
--
ALTER TABLE `employee_tab5`
  MODIFY `id` bigint(20) UNSIGNED NOT NULL AUTO_INCREMENT, AUTO_INCREMENT=156;

--
-- AUTO_INCREMENT for table `employee_tab6`
--
ALTER TABLE `employee_tab6`
  MODIFY `id` bigint(20) UNSIGNED NOT NULL AUTO_INCREMENT, AUTO_INCREMENT=158;

--
-- AUTO_INCREMENT for table `employee_tab8`
--
ALTER TABLE `employee_tab8`
  MODIFY `id` bigint(20) UNSIGNED NOT NULL AUTO_INCREMENT, AUTO_INCREMENT=153;

--
-- AUTO_INCREMENT for table `employee_temp_imports`
--
ALTER TABLE `employee_temp_imports`
  MODIFY `id` bigint(20) UNSIGNED NOT NULL AUTO_INCREMENT, AUTO_INCREMENT=12;

--
-- AUTO_INCREMENT for table `emp_status`
--
ALTER TABLE `emp_status`
  MODIFY `id` bigint(20) UNSIGNED NOT NULL AUTO_INCREMENT, AUTO_INCREMENT=9;

--
-- AUTO_INCREMENT for table `enactments`
--
ALTER TABLE `enactments`
  MODIFY `id` bigint(20) UNSIGNED NOT NULL AUTO_INCREMENT, AUTO_INCREMENT=10;

--
-- AUTO_INCREMENT for table `esi`
--
ALTER TABLE `esi`
  MODIFY `id` bigint(20) UNSIGNED NOT NULL AUTO_INCREMENT, AUTO_INCREMENT=8;

--
-- AUTO_INCREMENT for table `esi_dispensaries`
--
ALTER TABLE `esi_dispensaries`
  MODIFY `id` bigint(20) UNSIGNED NOT NULL AUTO_INCREMENT, AUTO_INCREMENT=12;

--
-- AUTO_INCREMENT for table `esi_office`
--
ALTER TABLE `esi_office`
  MODIFY `id` bigint(20) UNSIGNED NOT NULL AUTO_INCREMENT, AUTO_INCREMENT=11;

--
-- AUTO_INCREMENT for table `failed_jobs`
--
ALTER TABLE `failed_jobs`
  MODIFY `id` bigint(20) UNSIGNED NOT NULL AUTO_INCREMENT;

--
-- AUTO_INCREMENT for table `family_relationship`
--
ALTER TABLE `family_relationship`
  MODIFY `id` bigint(20) UNSIGNED NOT NULL AUTO_INCREMENT, AUTO_INCREMENT=9;

--
-- AUTO_INCREMENT for table `fire`
--
ALTER TABLE `fire`
  MODIFY `id` bigint(20) UNSIGNED NOT NULL AUTO_INCREMENT, AUTO_INCREMENT=10;

--
-- AUTO_INCREMENT for table `inspector_of_factories`
--
ALTER TABLE `inspector_of_factories`
  MODIFY `id` bigint(20) UNSIGNED NOT NULL AUTO_INCREMENT, AUTO_INCREMENT=9;

--
-- AUTO_INCREMENT for table `inspector_of_labour`
--
ALTER TABLE `inspector_of_labour`
  MODIFY `id` bigint(20) UNSIGNED NOT NULL AUTO_INCREMENT, AUTO_INCREMENT=8;

--
-- AUTO_INCREMENT for table `jobs`
--
ALTER TABLE `jobs`
  MODIFY `id` bigint(20) UNSIGNED NOT NULL AUTO_INCREMENT;

--
-- AUTO_INCREMENT for table `kyc_documents`
--
ALTER TABLE `kyc_documents`
  MODIFY `id` bigint(20) UNSIGNED NOT NULL AUTO_INCREMENT;

--
-- AUTO_INCREMENT for table `location`
--
ALTER TABLE `location`
  MODIFY `id` bigint(20) UNSIGNED NOT NULL AUTO_INCREMENT, AUTO_INCREMENT=14;

--
-- AUTO_INCREMENT for table `migrations`
--
ALTER TABLE `migrations`
  MODIFY `id` int(10) UNSIGNED NOT NULL AUTO_INCREMENT, AUTO_INCREMENT=181;

--
-- AUTO_INCREMENT for table `mw_designations`
--
ALTER TABLE `mw_designations`
  MODIFY `id` bigint(20) UNSIGNED NOT NULL AUTO_INCREMENT, AUTO_INCREMENT=9;

--
-- AUTO_INCREMENT for table `mw_industry`
--
ALTER TABLE `mw_industry`
  MODIFY `id` bigint(20) UNSIGNED NOT NULL AUTO_INCREMENT, AUTO_INCREMENT=10;

--
-- AUTO_INCREMENT for table `mw_zone`
--
ALTER TABLE `mw_zone`
  MODIFY `id` bigint(20) UNSIGNED NOT NULL AUTO_INCREMENT, AUTO_INCREMENT=8;

--
-- AUTO_INCREMENT for table `ot_calculations`
--
ALTER TABLE `ot_calculations`
  MODIFY `id` bigint(20) UNSIGNED NOT NULL AUTO_INCREMENT, AUTO_INCREMENT=10;

--
-- AUTO_INCREMENT for table `ownership_types`
--
ALTER TABLE `ownership_types`
  MODIFY `id` bigint(20) UNSIGNED NOT NULL AUTO_INCREMENT, AUTO_INCREMENT=9;

--
-- AUTO_INCREMENT for table `permissions`
--
ALTER TABLE `permissions`
  MODIFY `id` bigint(20) UNSIGNED NOT NULL AUTO_INCREMENT, AUTO_INCREMENT=243;

--
-- AUTO_INCREMENT for table `pf`
--
ALTER TABLE `pf`
  MODIFY `id` bigint(20) UNSIGNED NOT NULL AUTO_INCREMENT, AUTO_INCREMENT=7;

--
-- AUTO_INCREMENT for table `pf_groups`
--
ALTER TABLE `pf_groups`
  MODIFY `id` bigint(20) UNSIGNED NOT NULL AUTO_INCREMENT, AUTO_INCREMENT=8;

--
-- AUTO_INCREMENT for table `pf_jurisdiction`
--
ALTER TABLE `pf_jurisdiction`
  MODIFY `id` bigint(20) UNSIGNED NOT NULL AUTO_INCREMENT, AUTO_INCREMENT=13;

--
-- AUTO_INCREMENT for table `police`
--
ALTER TABLE `police`
  MODIFY `id` bigint(20) UNSIGNED NOT NULL AUTO_INCREMENT, AUTO_INCREMENT=10;

--
-- AUTO_INCREMENT for table `portion_attendance`
--
ALTER TABLE `portion_attendance`
  MODIFY `id` bigint(20) UNSIGNED NOT NULL AUTO_INCREMENT;

--
-- AUTO_INCREMENT for table `products`
--
ALTER TABLE `products`
  MODIFY `id` bigint(20) UNSIGNED NOT NULL AUTO_INCREMENT;

--
-- AUTO_INCREMENT for table `professional_tax_jurisdiction`
--
ALTER TABLE `professional_tax_jurisdiction`
  MODIFY `id` bigint(20) UNSIGNED NOT NULL AUTO_INCREMENT, AUTO_INCREMENT=12;

--
-- AUTO_INCREMENT for table `professional_tax_slab`
--
ALTER TABLE `professional_tax_slab`
  MODIFY `id` bigint(20) UNSIGNED NOT NULL AUTO_INCREMENT, AUTO_INCREMENT=9;

--
-- AUTO_INCREMENT for table `roles`
--
ALTER TABLE `roles`
  MODIFY `id` bigint(20) UNSIGNED NOT NULL AUTO_INCREMENT, AUTO_INCREMENT=2;

--
-- AUTO_INCREMENT for table `salary_components`
--
ALTER TABLE `salary_components`
  MODIFY `id` bigint(20) UNSIGNED NOT NULL AUTO_INCREMENT, AUTO_INCREMENT=38;

--
-- AUTO_INCREMENT for table `salary_import`
--
ALTER TABLE `salary_import`
  MODIFY `id` bigint(20) UNSIGNED NOT NULL AUTO_INCREMENT, AUTO_INCREMENT=60;

--
-- AUTO_INCREMENT for table `salary_import_component`
--
ALTER TABLE `salary_import_component`
  MODIFY `id` bigint(20) UNSIGNED NOT NULL AUTO_INCREMENT, AUTO_INCREMENT=1679;

--
-- AUTO_INCREMENT for table `salary_import_data`
--
ALTER TABLE `salary_import_data`
  MODIFY `id` bigint(20) UNSIGNED NOT NULL AUTO_INCREMENT, AUTO_INCREMENT=222;

--
-- AUTO_INCREMENT for table `separation_reasons`
--
ALTER TABLE `separation_reasons`
  MODIFY `id` bigint(20) UNSIGNED NOT NULL AUTO_INCREMENT, AUTO_INCREMENT=9;

--
-- AUTO_INCREMENT for table `shift`
--
ALTER TABLE `shift`
  MODIFY `id` bigint(20) UNSIGNED NOT NULL AUTO_INCREMENT, AUTO_INCREMENT=8;

--
-- AUTO_INCREMENT for table `shift_details`
--
ALTER TABLE `shift_details`
  MODIFY `id` bigint(20) UNSIGNED NOT NULL AUTO_INCREMENT, AUTO_INCREMENT=8;

--
-- AUTO_INCREMENT for table `signatory`
--
ALTER TABLE `signatory`
  MODIFY `id` bigint(20) UNSIGNED NOT NULL AUTO_INCREMENT, AUTO_INCREMENT=10;

--
-- AUTO_INCREMENT for table `state`
--
ALTER TABLE `state`
  MODIFY `id` bigint(20) UNSIGNED NOT NULL AUTO_INCREMENT, AUTO_INCREMENT=9;

--
-- AUTO_INCREMENT for table `tnlwf`
--
ALTER TABLE `tnlwf`
  MODIFY `id` bigint(20) UNSIGNED NOT NULL AUTO_INCREMENT, AUTO_INCREMENT=8;

--
-- AUTO_INCREMENT for table `trade_licence`
--
ALTER TABLE `trade_licence`
  MODIFY `id` bigint(20) UNSIGNED NOT NULL AUTO_INCREMENT, AUTO_INCREMENT=11;

--
-- AUTO_INCREMENT for table `vendor_services`
--
ALTER TABLE `vendor_services`
  MODIFY `id` bigint(20) UNSIGNED NOT NULL AUTO_INCREMENT, AUTO_INCREMENT=8;

--
-- AUTO_INCREMENT for table `weekly_off`
--
ALTER TABLE `weekly_off`
  MODIFY `id` bigint(20) UNSIGNED NOT NULL AUTO_INCREMENT, AUTO_INCREMENT=9;

--
-- Constraints for dumped tables
--

--
-- Constraints for table `model_has_permissions`
--
ALTER TABLE `model_has_permissions`
  ADD CONSTRAINT `model_has_permissions_permission_id_foreign` FOREIGN KEY (`permission_id`) REFERENCES `permissions` (`id`) ON DELETE CASCADE;

--
-- Constraints for table `model_has_roles`
--
ALTER TABLE `model_has_roles`
  ADD CONSTRAINT `model_has_roles_role_id_foreign` FOREIGN KEY (`role_id`) REFERENCES `roles` (`id`) ON DELETE CASCADE;

--
-- Constraints for table `role_has_permissions`
--
ALTER TABLE `role_has_permissions`
  ADD CONSTRAINT `role_has_permissions_permission_id_foreign` FOREIGN KEY (`permission_id`) REFERENCES `permissions` (`id`) ON DELETE CASCADE,
  ADD CONSTRAINT `role_has_permissions_role_id_foreign` FOREIGN KEY (`role_id`) REFERENCES `roles` (`id`) ON DELETE CASCADE;
COMMIT;

